--
-- Host: localhost    Database: martfury
-- ------------------------------------------------------


--
-- Table structure for table `activations`
--

CREATE TABLE `activations` (
  `id` bigint(20) unsigned NOT NULL AUTO_INCREMENT,
  `user_id` int(10) unsigned NOT NULL,
  `code` varchar(120) COLLATE utf8mb4_unicode_ci NOT NULL,
  `completed` tinyint(1) NOT NULL DEFAULT '0',
  `completed_at` timestamp NULL DEFAULT NULL,
  `created_at` timestamp NULL DEFAULT NULL,
  `updated_at` timestamp NULL DEFAULT NULL,
  PRIMARY KEY (`id`),
  KEY `activations_user_id_index` (`user_id`)
) ENGINE=InnoDB AUTO_INCREMENT=2 DEFAULT CHARSET=utf8mb4 COLLATE=utf8mb4_unicode_ci;

--
-- Dumping data for table `activations`
--

INSERT INTO `activations` VALUES (1,1,'pQh73jbni234DHpjJZhJX6SqFfzvxzlq',1,'2021-05-03 01:53:46','2021-05-03 01:53:46','2021-05-03 01:53:46');

--
-- Table structure for table `audit_histories`
--

CREATE TABLE `audit_histories` (
  `id` bigint(20) unsigned NOT NULL AUTO_INCREMENT,
  `user_id` int(10) unsigned NOT NULL,
  `module` varchar(60) COLLATE utf8mb4_unicode_ci NOT NULL,
  `request` text COLLATE utf8mb4_unicode_ci,
  `action` varchar(120) COLLATE utf8mb4_unicode_ci NOT NULL,
  `user_agent` text COLLATE utf8mb4_unicode_ci,
  `ip_address` varchar(39) COLLATE utf8mb4_unicode_ci DEFAULT NULL,
  `reference_user` int(10) unsigned NOT NULL,
  `reference_id` int(10) unsigned NOT NULL,
  `reference_name` varchar(255) COLLATE utf8mb4_unicode_ci NOT NULL,
  `type` varchar(20) COLLATE utf8mb4_unicode_ci NOT NULL,
  `created_at` timestamp NULL DEFAULT NULL,
  `updated_at` timestamp NULL DEFAULT NULL,
  PRIMARY KEY (`id`),
  KEY `audit_histories_user_id_index` (`user_id`),
  KEY `audit_histories_module_index` (`module`)
) ENGINE=InnoDB DEFAULT CHARSET=utf8mb4 COLLATE=utf8mb4_unicode_ci;

--
-- Dumping data for table `audit_histories`
--


--
-- Table structure for table `categories`
--

CREATE TABLE `categories` (
  `id` bigint(20) unsigned NOT NULL AUTO_INCREMENT,
  `name` varchar(120) COLLATE utf8mb4_unicode_ci NOT NULL,
  `parent_id` int(10) unsigned NOT NULL DEFAULT '0',
  `description` varchar(400) COLLATE utf8mb4_unicode_ci DEFAULT NULL,
  `status` varchar(60) COLLATE utf8mb4_unicode_ci NOT NULL DEFAULT 'published',
  `author_id` int(11) NOT NULL,
  `author_type` varchar(255) COLLATE utf8mb4_unicode_ci NOT NULL DEFAULT 'Botble\\ACL\\Models\\User',
  `icon` varchar(60) COLLATE utf8mb4_unicode_ci DEFAULT NULL,
  `order` tinyint(4) NOT NULL DEFAULT '0',
  `is_featured` tinyint(4) NOT NULL DEFAULT '0',
  `is_default` tinyint(3) unsigned NOT NULL DEFAULT '0',
  `created_at` timestamp NULL DEFAULT NULL,
  `updated_at` timestamp NULL DEFAULT NULL,
  PRIMARY KEY (`id`)
) ENGINE=InnoDB AUTO_INCREMENT=5 DEFAULT CHARSET=utf8mb4 COLLATE=utf8mb4_unicode_ci;

--
-- Dumping data for table `categories`
--

INSERT INTO `categories` VALUES (1,'Ecommerce',0,NULL,'published',1,'Botble\\ACL\\Models\\User',NULL,0,0,1,'2021-05-03 01:53:42','2021-05-03 01:53:42'),(2,'Fashion',0,NULL,'published',1,'Botble\\ACL\\Models\\User',NULL,0,0,0,'2021-05-03 01:53:42','2021-05-03 01:53:42'),(3,'Electronic',0,NULL,'published',1,'Botble\\ACL\\Models\\User',NULL,0,0,0,'2021-05-03 01:53:42','2021-05-03 01:53:42'),(4,'Commercial',0,NULL,'published',1,'Botble\\ACL\\Models\\User',NULL,0,0,0,'2021-05-03 01:53:42','2021-05-03 01:53:42');

--
-- Table structure for table `contact_replies`
--

CREATE TABLE `contact_replies` (
  `id` bigint(20) unsigned NOT NULL AUTO_INCREMENT,
  `message` longtext COLLATE utf8mb4_unicode_ci NOT NULL,
  `contact_id` int(11) NOT NULL,
  `created_at` timestamp NULL DEFAULT NULL,
  `updated_at` timestamp NULL DEFAULT NULL,
  PRIMARY KEY (`id`)
) ENGINE=InnoDB DEFAULT CHARSET=utf8mb4 COLLATE=utf8mb4_unicode_ci;

--
-- Dumping data for table `contact_replies`
--


--
-- Table structure for table `contacts`
--

CREATE TABLE `contacts` (
  `id` bigint(20) unsigned NOT NULL AUTO_INCREMENT,
  `name` varchar(60) COLLATE utf8mb4_unicode_ci NOT NULL,
  `email` varchar(60) COLLATE utf8mb4_unicode_ci NOT NULL,
  `phone` varchar(60) COLLATE utf8mb4_unicode_ci DEFAULT NULL,
  `address` varchar(120) COLLATE utf8mb4_unicode_ci DEFAULT NULL,
  `subject` varchar(120) COLLATE utf8mb4_unicode_ci DEFAULT NULL,
  `content` longtext COLLATE utf8mb4_unicode_ci NOT NULL,
  `status` varchar(60) COLLATE utf8mb4_unicode_ci NOT NULL DEFAULT 'unread',
  `created_at` timestamp NULL DEFAULT NULL,
  `updated_at` timestamp NULL DEFAULT NULL,
  PRIMARY KEY (`id`)
) ENGINE=InnoDB AUTO_INCREMENT=11 DEFAULT CHARSET=utf8mb4 COLLATE=utf8mb4_unicode_ci;

--
-- Dumping data for table `contacts`
--

INSERT INTO `contacts` VALUES (1,'Aric Gerlach V','percival.purdy@example.com','703-357-0074','235 Klocko Islands\nDietrichborough, FL 26498','Sit aliquam reprehenderit voluptates eligendi.','Molestiae tempore in dolor ipsam deleniti. Molestiae officiis recusandae a. Magni dolor labore illo aliquam. Qui eligendi qui recusandae cumque. Fugit maxime autem voluptas ut impedit doloremque impedit ipsa. Assumenda voluptatum non corporis non sint consequuntur. Eveniet inventore odit itaque et. Officiis corporis quos consequatur omnis numquam dolores occaecati. Porro nemo ullam quia provident. Cum omnis ducimus quos et ut cupiditate. Quo quis ab qui et commodi.','unread','2021-05-03 01:53:37','2021-05-03 01:53:37'),(2,'Ms. Nona Larson MD','kelley.robel@example.com','703.986.1474','9063 Hills Plains\nFritschland, MN 76017-8168','Labore debitis placeat quis vero totam sed.','Ipsum iste sit aliquam consequuntur laboriosam natus praesentium. Molestiae reprehenderit et doloremque enim et consequuntur. Nisi corporis ut voluptas saepe fuga aut omnis. Esse suscipit in consequuntur fugit delectus alias autem. Modi voluptatem id reiciendis fugit qui voluptates. Ratione at hic nihil doloremque. Maxime qui ut enim in veniam ut. Numquam et iste et assumenda sunt similique debitis. Aut facilis saepe dicta sunt tempore voluptatem.','unread','2021-05-03 01:53:37','2021-05-03 01:53:37'),(3,'Ahmed Hoeger','bosco.lisette@example.org','+1-906-289-3122','939 Franecki Greens\nHassanland, KS 04749-9756','Aut sequi animi voluptatem sit voluptatem.','Nesciunt eos omnis eos qui sint id. In exercitationem aut expedita alias assumenda ut ea neque. Omnis aut voluptates dolorem voluptatibus nisi. Alias eveniet ut eius ut eveniet in. Et autem illum doloremque rem. Sint eius eos non dolorem temporibus ipsa dolor. Nesciunt harum consequatur maxime. Et explicabo cupiditate voluptas incidunt. Odit pariatur nam assumenda dolorem rerum. Aliquam quae optio dolores eius velit architecto asperiores. Id qui quia aut iusto enim.','read','2021-05-03 01:53:37','2021-05-03 01:53:37'),(4,'Glenda Reynolds','hudson.danielle@example.com','+1.930.809.8820','10698 Swaniawski Trace Suite 258\nKreigerton, TX 19159','Dolores iusto voluptas nisi dolorem rerum.','Ea quidem quisquam et. Magnam in dolor molestias occaecati voluptas. Quo iure hic eligendi ullam ut minus. Magnam aspernatur nisi sed. Quam dolore incidunt nobis et eos voluptatem assumenda. Ut non ab minima repellendus porro. Quia sed iusto consequatur rerum. Quis modi dolor ad itaque quibusdam. Cumque neque et quam et consequatur est. Ullam iusto excepturi provident qui quia nemo.','read','2021-05-03 01:53:37','2021-05-03 01:53:37'),(5,'Ms. Angela Runte II','chester.turcotte@example.net','1-520-886-1379','25575 Langworth Loop Suite 158\nLake Earl, CT 70943-4555','Rem sed nostrum eum autem deserunt optio est.','Fugiat maiores voluptas provident non animi saepe. Dolorem laboriosam est consequatur voluptates veniam. Eum vitae quis ad alias laudantium rem. Et dolor quisquam quos eos aliquam rerum deserunt quisquam. Est excepturi perspiciatis similique. Iusto quos quod dolores officia non delectus voluptas ut. Aut dolore necessitatibus in in quam. Sapiente rem saepe rerum. Voluptas ut a quia sit inventore non. Odio ratione aliquid cupiditate in dolor.','unread','2021-05-03 01:53:37','2021-05-03 01:53:37'),(6,'Lucinda Schuppe DVM','okuneva.keenan@example.org','+1-410-514-7703','143 Dashawn Trail\nNew Birdieside, DE 41303','Cupiditate quis sed beatae.','Officiis molestiae laudantium facere. Qui blanditiis veritatis vero voluptas ab tempore. Dignissimos sed expedita fugit eos voluptatum. Illo est ipsum voluptatem minima praesentium quo. Deserunt illo quia et accusantium accusamus molestiae aspernatur. Amet dignissimos minus porro tempore vitae. Eum odit occaecati ducimus voluptatem accusamus expedita atque. Odit ut nisi totam ullam tempora aut ut consequatur. Sunt autem laborum voluptate dolorem voluptas qui qui dolor.','unread','2021-05-03 01:53:37','2021-05-03 01:53:37'),(7,'Gonzalo O\'Conner','joanie31@example.net','689.977.0568','52198 Lorenz Ferry\nPagacville, ME 42571-8192','Minima molestiae aut amet maiores qui.','Dolore temporibus sed aut repellat et voluptas culpa. Cupiditate aut et velit et sapiente deserunt. Voluptas sapiente aliquid a vel. Ex sit qui molestias necessitatibus ipsam doloribus mollitia. Harum quis nemo sequi ut voluptatem maxime. Veritatis magni quaerat vitae non nostrum veritatis quam. Suscipit beatae quas nihil corporis libero.','read','2021-05-03 01:53:37','2021-05-03 01:53:37'),(8,'Lambert Lind','jenkins.horacio@example.com','+1.283.538.4155','1810 Eleanore Fords\nWest Reynaport, VA 00105-7321','Facere sit quasi quo doloribus reprehenderit.','Provident ut in blanditiis facilis sed consequatur. A ut ut ullam voluptatem iure nulla temporibus magnam. Molestiae fugit debitis facilis quod et quidem tempore cum. Pariatur sint doloribus excepturi sit qui iste. Laudantium cupiditate libero blanditiis. Nemo dolore quasi et aliquam ab id. Sapiente qui nostrum cupiditate recusandae sit sed debitis.','unread','2021-05-03 01:53:37','2021-05-03 01:53:37'),(9,'Prof. Kirstin Weissnat','raheem62@example.net','541.518.1900','4817 Legros Village Suite 959\nEast Alba, RI 03754-6338','A sequi in praesentium officia animi.','Consequatur velit quia id officia repudiandae. Itaque sit incidunt incidunt. Quidem saepe non est fuga maiores. Et est dolorem et error ullam. Ut doloremque libero beatae blanditiis adipisci aut. Animi doloribus non tenetur voluptatem temporibus aut rerum. Deleniti delectus eos aut veritatis. Dolor et suscipit laboriosam sint non occaecati at. Voluptatem atque cum voluptatem officiis sed ex. Est quibusdam tempora ullam et dolores laboriosam quos voluptatem.','read','2021-05-03 01:53:37','2021-05-03 01:53:37'),(10,'Mr. Terence Pfeffer','pjones@example.net','+1-352-636-0379','5845 Porter Forest Suite 067\nSawaynchester, NE 71858','Rerum ipsa inventore alias et saepe qui sint.','Natus maxime et nostrum omnis. Aspernatur quia aliquid a quas et. Possimus eaque qui cum nulla est et id. Laudantium laboriosam id tempora repellendus ut magnam dolores. In excepturi tempore veritatis officia. Quis qui asperiores aliquam natus sed ea earum. Eius officia ipsam eaque recusandae suscipit tempora enim.','read','2021-05-03 01:53:37','2021-05-03 01:53:37');

--
-- Table structure for table `dashboard_widget_settings`
--

CREATE TABLE `dashboard_widget_settings` (
  `id` bigint(20) unsigned NOT NULL AUTO_INCREMENT,
  `settings` text COLLATE utf8mb4_unicode_ci,
  `user_id` int(10) unsigned NOT NULL,
  `widget_id` int(10) unsigned NOT NULL,
  `order` tinyint(3) unsigned NOT NULL DEFAULT '0',
  `status` tinyint(3) unsigned NOT NULL DEFAULT '1',
  `created_at` timestamp NULL DEFAULT NULL,
  `updated_at` timestamp NULL DEFAULT NULL,
  PRIMARY KEY (`id`),
  KEY `dashboard_widget_settings_user_id_index` (`user_id`),
  KEY `dashboard_widget_settings_widget_id_index` (`widget_id`)
) ENGINE=InnoDB DEFAULT CHARSET=utf8mb4 COLLATE=utf8mb4_unicode_ci;

--
-- Dumping data for table `dashboard_widget_settings`
--


--
-- Table structure for table `dashboard_widgets`
--

CREATE TABLE `dashboard_widgets` (
  `id` bigint(20) unsigned NOT NULL AUTO_INCREMENT,
  `name` varchar(120) COLLATE utf8mb4_unicode_ci NOT NULL,
  `created_at` timestamp NULL DEFAULT NULL,
  `updated_at` timestamp NULL DEFAULT NULL,
  PRIMARY KEY (`id`)
) ENGINE=InnoDB DEFAULT CHARSET=utf8mb4 COLLATE=utf8mb4_unicode_ci;

--
-- Dumping data for table `dashboard_widgets`
--


--
-- Table structure for table `ec_brands`
--

CREATE TABLE `ec_brands` (
  `id` bigint(20) unsigned NOT NULL AUTO_INCREMENT,
  `name` varchar(191) COLLATE utf8mb4_unicode_ci NOT NULL,
  `description` mediumtext COLLATE utf8mb4_unicode_ci,
  `website` varchar(255) COLLATE utf8mb4_unicode_ci DEFAULT NULL,
  `logo` varchar(255) COLLATE utf8mb4_unicode_ci DEFAULT NULL,
  `status` varchar(60) COLLATE utf8mb4_unicode_ci NOT NULL DEFAULT 'published',
  `order` tinyint(3) unsigned NOT NULL DEFAULT '0',
  `is_featured` tinyint(3) unsigned NOT NULL DEFAULT '0',
  `created_at` timestamp NULL DEFAULT NULL,
  `updated_at` timestamp NULL DEFAULT NULL,
  PRIMARY KEY (`id`)
) ENGINE=InnoDB AUTO_INCREMENT=8 DEFAULT CHARSET=utf8mb4 COLLATE=utf8mb4_unicode_ci;

--
-- Dumping data for table `ec_brands`
--

INSERT INTO `ec_brands` VALUES (1,'Fashion live',NULL,NULL,'brands/1.jpg','published',0,1,'2021-05-03 01:53:03','2021-05-03 01:53:03'),(2,'Hand crafted',NULL,NULL,'brands/2.jpg','published',1,1,'2021-05-03 01:53:03','2021-05-03 01:53:03'),(3,'Mestonix',NULL,NULL,'brands/3.jpg','published',2,1,'2021-05-03 01:53:03','2021-05-03 01:53:03'),(4,'Sunshine',NULL,NULL,'brands/4.jpg','published',3,1,'2021-05-03 01:53:03','2021-05-03 01:53:03'),(5,'Pure',NULL,NULL,'brands/5.jpg','published',4,1,'2021-05-03 01:53:03','2021-05-03 01:53:03'),(6,'Anfold',NULL,NULL,'brands/6.jpg','published',5,1,'2021-05-03 01:53:03','2021-05-03 01:53:03'),(7,'Automotive',NULL,NULL,'brands/7.jpg','published',6,1,'2021-05-03 01:53:03','2021-05-03 01:53:03');

--
-- Table structure for table `ec_cart`
--

CREATE TABLE `ec_cart` (
  `identifier` varchar(191) COLLATE utf8mb4_unicode_ci NOT NULL,
  `instance` varchar(191) COLLATE utf8mb4_unicode_ci NOT NULL,
  `content` longtext COLLATE utf8mb4_unicode_ci NOT NULL,
  `created_at` timestamp NULL DEFAULT NULL,
  `updated_at` timestamp NULL DEFAULT NULL,
  PRIMARY KEY (`identifier`,`instance`)
) ENGINE=InnoDB DEFAULT CHARSET=utf8mb4 COLLATE=utf8mb4_unicode_ci;

--
-- Dumping data for table `ec_cart`
--


--
-- Table structure for table `ec_currencies`
--

CREATE TABLE `ec_currencies` (
  `id` bigint(20) unsigned NOT NULL AUTO_INCREMENT,
  `title` varchar(191) COLLATE utf8mb4_unicode_ci NOT NULL,
  `symbol` varchar(10) COLLATE utf8mb4_unicode_ci NOT NULL,
  `is_prefix_symbol` tinyint(3) unsigned NOT NULL DEFAULT '0',
  `decimals` tinyint(3) unsigned DEFAULT '0',
  `order` int(10) unsigned DEFAULT '0',
  `is_default` tinyint(4) NOT NULL DEFAULT '0',
  `exchange_rate` double NOT NULL DEFAULT '1',
  `created_at` timestamp NULL DEFAULT NULL,
  `updated_at` timestamp NULL DEFAULT NULL,
  PRIMARY KEY (`id`)
) ENGINE=InnoDB AUTO_INCREMENT=4 DEFAULT CHARSET=utf8mb4 COLLATE=utf8mb4_unicode_ci;

--
-- Dumping data for table `ec_currencies`
--

INSERT INTO `ec_currencies` VALUES (1,'USD','$',1,2,0,1,1,'2021-05-03 01:53:03','2021-05-03 01:53:03'),(2,'EUR','€',0,2,1,0,1.18,'2021-05-03 01:53:03','2021-05-03 01:53:03'),(3,'VND','₫',0,0,2,0,23203,'2021-05-03 01:53:03','2021-05-03 01:53:03');

--
-- Table structure for table `ec_customer_addresses`
--

CREATE TABLE `ec_customer_addresses` (
  `id` bigint(20) unsigned NOT NULL AUTO_INCREMENT,
  `name` varchar(191) COLLATE utf8mb4_unicode_ci NOT NULL,
  `email` varchar(60) COLLATE utf8mb4_unicode_ci DEFAULT NULL,
  `phone` varchar(191) COLLATE utf8mb4_unicode_ci NOT NULL,
  `country` varchar(120) COLLATE utf8mb4_unicode_ci DEFAULT NULL,
  `state` varchar(120) COLLATE utf8mb4_unicode_ci DEFAULT NULL,
  `city` varchar(120) COLLATE utf8mb4_unicode_ci DEFAULT NULL,
  `address` varchar(191) COLLATE utf8mb4_unicode_ci NOT NULL,
  `customer_id` int(10) unsigned NOT NULL,
  `is_default` tinyint(3) unsigned NOT NULL DEFAULT '0',
  `created_at` timestamp NULL DEFAULT NULL,
  `updated_at` timestamp NULL DEFAULT NULL,
  `zip_code` varchar(20) COLLATE utf8mb4_unicode_ci DEFAULT NULL,
  PRIMARY KEY (`id`)
) ENGINE=InnoDB AUTO_INCREMENT=13 DEFAULT CHARSET=utf8mb4 COLLATE=utf8mb4_unicode_ci;

--
-- Dumping data for table `ec_customer_addresses`
--

INSERT INTO `ec_customer_addresses` VALUES (1,'John Smith','john.smith@botble.com','+17438481237','PK','Colorado','Jennyferfort','76456 Ondricka Expressway Apt. 103',1,1,'2021-05-03 01:53:33','2021-05-03 01:53:33','49157'),(2,'John Smith','john.smith@botble.com','+14144870928','YT','Vermont','Kolbyborough','67948 Kilback Cape Suite 973',1,0,'2021-05-03 01:53:33','2021-05-03 01:53:33','57332-4377'),(3,'Linnea Sanford III','ywehner@example.net','+12127303608','LT','Indiana','East Otis','89464 Lind Via Suite 075',2,1,'2021-05-03 01:53:34','2021-05-03 01:53:34','00790-5130'),(4,'Clinton Schaden DDS','rohan.kaley@example.org','+18720465382','HR','Illinois','Hudsontown','9591 Price Loaf',3,1,'2021-05-03 01:53:34','2021-05-03 01:53:34','73701'),(5,'Libbie Mertz','ruthie.mraz@example.net','+19407709151','MZ','Minnesota','West Lewhaven','19042 Kessler Mountains Apt. 579',4,1,'2021-05-03 01:53:34','2021-05-03 01:53:34','29467-3108'),(6,'Madaline Thiel','rprice@example.org','+13461908990','PW','New Hampshire','Murazikview','171 Francisco Lane Apt. 393',5,1,'2021-05-03 01:53:35','2021-05-03 01:53:35','45741'),(7,'Letha Kuvalis','stanton.robin@example.org','+17746938921','ER','Nebraska','South Joelberg','1074 Fay Avenue Apt. 293',6,1,'2021-05-03 01:53:35','2021-05-03 01:53:35','67242-7680'),(8,'Randal Rosenbaum','okirlin@example.org','+13106510248','MK','Ohio','O\'Haramouth','360 Maddison Isle Apt. 030',7,1,'2021-05-03 01:53:35','2021-05-03 01:53:35','75922-9225'),(9,'Dr. Amaya Wilderman III','madisyn.kunze@example.com','+13255204427','SC','New Jersey','Sengerhaven','8890 Ashly Shores Apt. 635',8,1,'2021-05-03 01:53:36','2021-05-03 01:53:36','23424'),(10,'Prof. Jalen Koelpin MD','tcartwright@example.net','+14790726241','SM','Arkansas','East Kayleemouth','5469 Krista Manor',9,1,'2021-05-03 01:53:36','2021-05-03 01:53:36','87644-6099'),(11,'Ms. Lori Rice','mateo70@example.net','+17437052698','SY','Florida','Lake Nellie','5184 Lockman Mountains',10,1,'2021-05-03 01:53:36','2021-05-03 01:53:36','02641-4626'),(12,'Eriberto Zulauf','hpacocha@example.org','+17379381498','ZA','Oklahoma','Port Theresiabury','9545 Ardith Circles',11,1,'2021-05-03 01:53:37','2021-05-03 01:53:37','75937');

--
-- Table structure for table `ec_customer_password_resets`
--

CREATE TABLE `ec_customer_password_resets` (
  `email` varchar(191) COLLATE utf8mb4_unicode_ci NOT NULL,
  `token` varchar(191) COLLATE utf8mb4_unicode_ci NOT NULL,
  `created_at` timestamp NULL DEFAULT NULL,
  KEY `ec_customer_password_resets_email_index` (`email`),
  KEY `ec_customer_password_resets_token_index` (`token`)
) ENGINE=InnoDB DEFAULT CHARSET=utf8mb4 COLLATE=utf8mb4_unicode_ci;

--
-- Dumping data for table `ec_customer_password_resets`
--


--
-- Table structure for table `ec_discount_customers`
--

CREATE TABLE `ec_discount_customers` (
  `discount_id` int(10) unsigned NOT NULL,
  `customer_id` int(10) unsigned NOT NULL,
  PRIMARY KEY (`discount_id`,`customer_id`)
) ENGINE=InnoDB DEFAULT CHARSET=utf8mb4 COLLATE=utf8mb4_unicode_ci;

--
-- Dumping data for table `ec_discount_customers`
--


--
-- Table structure for table `ec_discount_product_collections`
--

CREATE TABLE `ec_discount_product_collections` (
  `discount_id` int(10) unsigned NOT NULL,
  `product_collection_id` int(10) unsigned NOT NULL,
  PRIMARY KEY (`discount_id`,`product_collection_id`)
) ENGINE=InnoDB DEFAULT CHARSET=utf8mb4 COLLATE=utf8mb4_unicode_ci;

--
-- Dumping data for table `ec_discount_product_collections`
--


--
-- Table structure for table `ec_discount_products`
--

CREATE TABLE `ec_discount_products` (
  `discount_id` int(10) unsigned NOT NULL,
  `product_id` int(10) unsigned NOT NULL,
  PRIMARY KEY (`discount_id`,`product_id`)
) ENGINE=InnoDB DEFAULT CHARSET=utf8mb4 COLLATE=utf8mb4_unicode_ci;

--
-- Dumping data for table `ec_discount_products`
--


--
-- Table structure for table `ec_discounts`
--

CREATE TABLE `ec_discounts` (
  `id` bigint(20) unsigned NOT NULL AUTO_INCREMENT,
  `title` varchar(120) COLLATE utf8mb4_unicode_ci DEFAULT NULL,
  `code` varchar(20) COLLATE utf8mb4_unicode_ci DEFAULT NULL,
  `start_date` datetime DEFAULT NULL,
  `end_date` datetime DEFAULT NULL,
  `quantity` int(11) DEFAULT NULL,
  `total_used` int(10) unsigned NOT NULL DEFAULT '0',
  `value` double DEFAULT NULL,
  `type` varchar(60) COLLATE utf8mb4_unicode_ci DEFAULT 'coupon',
  `can_use_with_promotion` tinyint(1) NOT NULL DEFAULT '0',
  `discount_on` varchar(20) COLLATE utf8mb4_unicode_ci DEFAULT NULL,
  `product_quantity` int(10) unsigned DEFAULT NULL,
  `type_option` varchar(100) COLLATE utf8mb4_unicode_ci NOT NULL DEFAULT 'amount',
  `target` varchar(100) COLLATE utf8mb4_unicode_ci NOT NULL DEFAULT 'all-orders',
  `min_order_price` decimal(15,2) DEFAULT NULL,
  `created_at` timestamp NULL DEFAULT NULL,
  `updated_at` timestamp NULL DEFAULT NULL,
  PRIMARY KEY (`id`),
  UNIQUE KEY `ec_discounts_code_unique` (`code`)
) ENGINE=InnoDB DEFAULT CHARSET=utf8mb4 COLLATE=utf8mb4_unicode_ci;

--
-- Dumping data for table `ec_discounts`
--


--
-- Table structure for table `ec_flash_sale_products`
--

CREATE TABLE `ec_flash_sale_products` (
  `flash_sale_id` int(10) unsigned NOT NULL,
  `product_id` int(10) unsigned NOT NULL,
  `price` double unsigned DEFAULT NULL,
  `quantity` int(10) unsigned DEFAULT NULL,
  `sold` int(10) unsigned NOT NULL DEFAULT '0'
) ENGINE=InnoDB DEFAULT CHARSET=utf8mb4 COLLATE=utf8mb4_unicode_ci;

--
-- Dumping data for table `ec_flash_sale_products`
--

INSERT INTO `ec_flash_sale_products` VALUES (1,1,26.4825,16,4),(1,2,21.06,8,5),(1,3,7.4,19,1),(1,4,33.0372,14,3),(1,5,42.63,13,5),(1,6,23.46,14,1),(1,7,36.57,6,5),(1,8,70.6404,18,3),(1,9,22.68,8,1),(1,10,93.24,19,1);

--
-- Table structure for table `ec_flash_sales`
--

CREATE TABLE `ec_flash_sales` (
  `id` bigint(20) unsigned NOT NULL AUTO_INCREMENT,
  `name` varchar(255) COLLATE utf8mb4_unicode_ci NOT NULL,
  `end_date` datetime NOT NULL,
  `status` varchar(60) COLLATE utf8mb4_unicode_ci NOT NULL DEFAULT 'published',
  `created_at` timestamp NULL DEFAULT NULL,
  `updated_at` timestamp NULL DEFAULT NULL,
  PRIMARY KEY (`id`)
) ENGINE=InnoDB AUTO_INCREMENT=2 DEFAULT CHARSET=utf8mb4 COLLATE=utf8mb4_unicode_ci;

--
-- Dumping data for table `ec_flash_sales`
--

INSERT INTO `ec_flash_sales` VALUES (1,'Winter Sale','2021-06-02 00:00:00','published','2021-05-03 01:53:37','2021-05-03 01:53:37');

--
-- Table structure for table `ec_grouped_products`
--

CREATE TABLE `ec_grouped_products` (
  `id` bigint(20) unsigned NOT NULL AUTO_INCREMENT,
  `parent_product_id` int(10) unsigned NOT NULL,
  `product_id` int(10) unsigned NOT NULL,
  `fixed_qty` int(11) NOT NULL DEFAULT '1',
  PRIMARY KEY (`id`)
) ENGINE=InnoDB DEFAULT CHARSET=utf8mb4 COLLATE=utf8mb4_unicode_ci;

--
-- Dumping data for table `ec_grouped_products`
--


--
-- Table structure for table `ec_order_addresses`
--

CREATE TABLE `ec_order_addresses` (
  `id` bigint(20) unsigned NOT NULL AUTO_INCREMENT,
  `name` varchar(191) COLLATE utf8mb4_unicode_ci NOT NULL,
  `phone` varchar(20) COLLATE utf8mb4_unicode_ci DEFAULT NULL,
  `email` varchar(191) COLLATE utf8mb4_unicode_ci DEFAULT NULL,
  `country` varchar(120) COLLATE utf8mb4_unicode_ci DEFAULT NULL,
  `state` varchar(120) COLLATE utf8mb4_unicode_ci DEFAULT NULL,
  `city` varchar(120) COLLATE utf8mb4_unicode_ci DEFAULT NULL,
  `address` varchar(255) COLLATE utf8mb4_unicode_ci DEFAULT NULL,
  `order_id` int(10) unsigned NOT NULL,
  `zip_code` varchar(20) COLLATE utf8mb4_unicode_ci DEFAULT NULL,
  PRIMARY KEY (`id`)
) ENGINE=InnoDB DEFAULT CHARSET=utf8mb4 COLLATE=utf8mb4_unicode_ci;

--
-- Dumping data for table `ec_order_addresses`
--


--
-- Table structure for table `ec_order_histories`
--

CREATE TABLE `ec_order_histories` (
  `id` bigint(20) unsigned NOT NULL AUTO_INCREMENT,
  `action` varchar(120) COLLATE utf8mb4_unicode_ci NOT NULL,
  `description` varchar(255) COLLATE utf8mb4_unicode_ci NOT NULL,
  `user_id` int(10) unsigned DEFAULT NULL,
  `order_id` int(10) unsigned NOT NULL,
  `extras` text COLLATE utf8mb4_unicode_ci,
  `created_at` timestamp NULL DEFAULT NULL,
  `updated_at` timestamp NULL DEFAULT NULL,
  PRIMARY KEY (`id`)
) ENGINE=InnoDB DEFAULT CHARSET=utf8mb4 COLLATE=utf8mb4_unicode_ci;

--
-- Dumping data for table `ec_order_histories`
--


--
-- Table structure for table `ec_order_product`
--

CREATE TABLE `ec_order_product` (
  `id` bigint(20) unsigned NOT NULL AUTO_INCREMENT,
  `order_id` int(10) unsigned NOT NULL,
  `qty` int(11) NOT NULL,
  `price` decimal(15,2) NOT NULL,
  `tax_amount` decimal(15,2) NOT NULL,
  `options` text COLLATE utf8mb4_unicode_ci,
  `product_id` int(10) unsigned DEFAULT NULL,
  `product_name` varchar(191) COLLATE utf8mb4_unicode_ci NOT NULL,
  `weight` double(8,2) DEFAULT '0.00',
  `restock_quantity` int(10) unsigned DEFAULT '0',
  `created_at` timestamp NULL DEFAULT NULL,
  `updated_at` timestamp NULL DEFAULT NULL,
  PRIMARY KEY (`id`)
) ENGINE=InnoDB DEFAULT CHARSET=utf8mb4 COLLATE=utf8mb4_unicode_ci;

--
-- Dumping data for table `ec_order_product`
--


--
-- Table structure for table `ec_orders`
--

CREATE TABLE `ec_orders` (
  `id` bigint(20) unsigned NOT NULL AUTO_INCREMENT,
  `user_id` int(10) unsigned NOT NULL,
  `shipping_option` varchar(60) COLLATE utf8mb4_unicode_ci DEFAULT NULL,
  `shipping_method` varchar(60) COLLATE utf8mb4_unicode_ci NOT NULL DEFAULT 'default',
  `status` varchar(120) COLLATE utf8mb4_unicode_ci NOT NULL DEFAULT 'pending',
  `amount` decimal(15,2) NOT NULL,
  `currency_id` int(10) unsigned DEFAULT NULL,
  `tax_amount` decimal(15,2) DEFAULT NULL,
  `shipping_amount` decimal(15,2) DEFAULT NULL,
  `description` text COLLATE utf8mb4_unicode_ci,
  `coupon_code` varchar(120) COLLATE utf8mb4_unicode_ci DEFAULT NULL,
  `discount_amount` decimal(15,2) DEFAULT NULL,
  `sub_total` decimal(15,2) NOT NULL,
  `is_confirmed` tinyint(1) NOT NULL DEFAULT '0',
  `discount_description` varchar(255) COLLATE utf8mb4_unicode_ci DEFAULT NULL,
  `is_finished` tinyint(1) DEFAULT '1',
  `token` varchar(120) COLLATE utf8mb4_unicode_ci DEFAULT NULL,
  `payment_id` int(10) unsigned DEFAULT NULL,
  `created_at` timestamp NULL DEFAULT NULL,
  `updated_at` timestamp NULL DEFAULT NULL,
  `store_id` int(10) unsigned DEFAULT NULL,
  PRIMARY KEY (`id`)
) ENGINE=InnoDB DEFAULT CHARSET=utf8mb4 COLLATE=utf8mb4_unicode_ci;

--
-- Dumping data for table `ec_orders`
--


--
-- Table structure for table `ec_product_attribute_sets`
--

CREATE TABLE `ec_product_attribute_sets` (
  `id` bigint(20) unsigned NOT NULL AUTO_INCREMENT,
  `title` varchar(120) COLLATE utf8mb4_unicode_ci NOT NULL,
  `slug` varchar(120) COLLATE utf8mb4_unicode_ci DEFAULT NULL,
  `display_layout` varchar(191) COLLATE utf8mb4_unicode_ci NOT NULL DEFAULT 'swatch_dropdown',
  `is_searchable` tinyint(3) unsigned NOT NULL DEFAULT '1',
  `is_comparable` tinyint(3) unsigned NOT NULL DEFAULT '1',
  `is_use_in_product_listing` tinyint(3) unsigned NOT NULL DEFAULT '0',
  `status` varchar(60) COLLATE utf8mb4_unicode_ci NOT NULL DEFAULT 'published',
  `order` tinyint(3) unsigned NOT NULL DEFAULT '0',
  `created_at` timestamp NULL DEFAULT NULL,
  `updated_at` timestamp NULL DEFAULT NULL,
  PRIMARY KEY (`id`)
) ENGINE=InnoDB AUTO_INCREMENT=3 DEFAULT CHARSET=utf8mb4 COLLATE=utf8mb4_unicode_ci;

--
-- Dumping data for table `ec_product_attribute_sets`
--

INSERT INTO `ec_product_attribute_sets` VALUES (1,'Color','color','visual',1,1,1,'published',0,'2021-05-03 01:53:31','2021-05-03 01:53:31'),(2,'Size','size','text',1,1,1,'published',0,'2021-05-03 01:53:31','2021-05-03 01:53:31');

--
-- Table structure for table `ec_product_attributes`
--

CREATE TABLE `ec_product_attributes` (
  `id` bigint(20) unsigned NOT NULL AUTO_INCREMENT,
  `attribute_set_id` int(10) unsigned NOT NULL,
  `title` varchar(120) COLLATE utf8mb4_unicode_ci NOT NULL,
  `slug` varchar(120) COLLATE utf8mb4_unicode_ci DEFAULT NULL,
  `color` varchar(50) COLLATE utf8mb4_unicode_ci DEFAULT NULL,
  `image` varchar(191) COLLATE utf8mb4_unicode_ci DEFAULT NULL,
  `is_default` tinyint(3) unsigned NOT NULL DEFAULT '0',
  `order` tinyint(3) unsigned NOT NULL DEFAULT '0',
  `status` varchar(60) COLLATE utf8mb4_unicode_ci NOT NULL DEFAULT 'published',
  `created_at` timestamp NULL DEFAULT NULL,
  `updated_at` timestamp NULL DEFAULT NULL,
  PRIMARY KEY (`id`)
) ENGINE=InnoDB AUTO_INCREMENT=11 DEFAULT CHARSET=utf8mb4 COLLATE=utf8mb4_unicode_ci;

--
-- Dumping data for table `ec_product_attributes`
--

INSERT INTO `ec_product_attributes` VALUES (1,1,'Green','green','#5FB7D4',NULL,1,1,'published','2021-05-03 01:53:31','2021-05-03 01:53:31'),(2,1,'Blue','blue','#333333',NULL,0,2,'published','2021-05-03 01:53:31','2021-05-03 01:53:31'),(3,1,'Red','red','#DA323F',NULL,0,3,'published','2021-05-03 01:53:31','2021-05-03 01:53:31'),(4,1,'Black','back','#2F366C',NULL,0,4,'published','2021-05-03 01:53:31','2021-05-03 01:53:31'),(5,1,'Brown','brown','#87554B',NULL,0,5,'published','2021-05-03 01:53:31','2021-05-03 01:53:31'),(6,2,'S','s',NULL,NULL,1,1,'published','2021-05-03 01:53:31','2021-05-03 01:53:31'),(7,2,'M','m',NULL,NULL,1,2,'published','2021-05-03 01:53:31','2021-05-03 01:53:31'),(8,2,'L','l',NULL,NULL,1,3,'published','2021-05-03 01:53:31','2021-05-03 01:53:31'),(9,2,'XL','xl',NULL,NULL,1,4,'published','2021-05-03 01:53:31','2021-05-03 01:53:31'),(10,2,'XXL','xxl',NULL,NULL,1,5,'published','2021-05-03 01:53:31','2021-05-03 01:53:31');

--
-- Table structure for table `ec_product_categories`
--

CREATE TABLE `ec_product_categories` (
  `id` bigint(20) unsigned NOT NULL AUTO_INCREMENT,
  `name` varchar(191) COLLATE utf8mb4_unicode_ci NOT NULL,
  `parent_id` int(10) unsigned DEFAULT '0',
  `description` mediumtext COLLATE utf8mb4_unicode_ci,
  `status` varchar(60) COLLATE utf8mb4_unicode_ci NOT NULL DEFAULT 'published',
  `order` int(10) unsigned NOT NULL DEFAULT '0',
  `image` varchar(255) COLLATE utf8mb4_unicode_ci DEFAULT NULL,
  `is_featured` tinyint(3) unsigned NOT NULL DEFAULT '0',
  `created_at` timestamp NULL DEFAULT NULL,
  `updated_at` timestamp NULL DEFAULT NULL,
  PRIMARY KEY (`id`)
) ENGINE=InnoDB AUTO_INCREMENT=38 DEFAULT CHARSET=utf8mb4 COLLATE=utf8mb4_unicode_ci;

--
-- Dumping data for table `ec_product_categories`
--

INSERT INTO `ec_product_categories` VALUES (1,'Hot Promotions',0,NULL,'published',0,NULL,0,'2021-05-03 01:53:04','2021-05-03 01:53:04'),(2,'Electronics',0,NULL,'published',1,'product-categories/1.jpg',1,'2021-05-03 01:53:04','2021-05-03 01:53:04'),(3,'Clothing',0,NULL,'published',2,'product-categories/2.jpg',1,'2021-05-03 01:53:04','2021-05-03 01:53:04'),(4,'Computers',0,NULL,'published',3,'product-categories/3.jpg',1,'2021-05-03 01:53:04','2021-05-03 01:53:04'),(5,'Home & Kitchen',0,NULL,'published',4,'product-categories/4.jpg',1,'2021-05-03 01:53:04','2021-05-03 01:53:04'),(6,'Health & Beauty',0,NULL,'published',5,'product-categories/5.jpg',1,'2021-05-03 01:53:04','2021-05-03 01:53:04'),(7,'Jewelry & Watch',0,NULL,'published',6,'product-categories/6.jpg',1,'2021-05-03 01:53:04','2021-05-03 01:53:04'),(8,'Technology Toys',0,NULL,'published',7,'product-categories/7.jpg',1,'2021-05-03 01:53:04','2021-05-03 01:53:04'),(9,'Phones',0,NULL,'published',8,'product-categories/8.jpg',1,'2021-05-03 01:53:04','2021-05-03 01:53:04'),(10,'Babies & Moms',0,NULL,'published',9,NULL,0,'2021-05-03 01:53:04','2021-05-03 01:53:04'),(11,'Sport & Outdoor',0,NULL,'published',10,NULL,0,'2021-05-03 01:53:04','2021-05-03 01:53:04'),(12,'Books & Office',0,NULL,'published',11,NULL,0,'2021-05-03 01:53:04','2021-05-03 01:53:04'),(13,'Cars & Motorcycles',0,NULL,'published',12,NULL,0,'2021-05-03 01:53:04','2021-05-03 01:53:04'),(14,'Home Improvements',0,NULL,'published',13,NULL,0,'2021-05-03 01:53:04','2021-05-03 01:53:04'),(15,'Consumer Electronic',2,NULL,'published',0,NULL,0,'2021-05-03 01:53:04','2021-05-03 01:53:04'),(16,'Accessories & Parts',2,NULL,'published',0,NULL,0,'2021-05-03 01:53:04','2021-05-03 01:53:04'),(17,'Computer & Technologies',4,NULL,'published',0,NULL,0,'2021-05-03 01:53:04','2021-05-03 01:53:04'),(18,'Networking',4,NULL,'published',0,NULL,0,'2021-05-03 01:53:04','2021-05-03 01:53:04'),(19,'Home Audio & Theaters',15,NULL,'published',0,NULL,0,'2021-05-03 01:53:04','2021-05-03 01:53:04'),(20,'TV & Videos',15,NULL,'published',0,NULL,0,'2021-05-03 01:53:04','2021-05-03 01:53:04'),(21,'Camera, Photos & Videos',15,NULL,'published',0,NULL,0,'2021-05-03 01:53:04','2021-05-03 01:53:04'),(22,'Cellphones & Accessories',15,NULL,'published',0,NULL,0,'2021-05-03 01:53:04','2021-05-03 01:53:04'),(23,'Headphones',15,NULL,'published',0,NULL,0,'2021-05-03 01:53:04','2021-05-03 01:53:04'),(24,'Videos games',15,NULL,'published',0,NULL,0,'2021-05-03 01:53:04','2021-05-03 01:53:04'),(25,'Wireless Speakers',15,NULL,'published',0,NULL,0,'2021-05-03 01:53:04','2021-05-03 01:53:04'),(26,'Office Electronic',15,NULL,'published',0,NULL,0,'2021-05-03 01:53:04','2021-05-03 01:53:04'),(27,'Digital Cables',16,NULL,'published',0,NULL,0,'2021-05-03 01:53:04','2021-05-03 01:53:04'),(28,'Audio & Video Cables',16,NULL,'published',0,NULL,0,'2021-05-03 01:53:04','2021-05-03 01:53:04'),(29,'Batteries',16,NULL,'published',0,NULL,0,'2021-05-03 01:53:04','2021-05-03 01:53:04'),(30,'Computer & Tablets',17,NULL,'published',0,NULL,0,'2021-05-03 01:53:04','2021-05-03 01:53:04'),(31,'Laptop',17,NULL,'published',0,NULL,0,'2021-05-03 01:53:04','2021-05-03 01:53:04'),(32,'Monitors',17,NULL,'published',0,NULL,0,'2021-05-03 01:53:04','2021-05-03 01:53:04'),(33,'Computer Components',17,NULL,'published',0,NULL,0,'2021-05-03 01:53:04','2021-05-03 01:53:04'),(34,'Drive & Storages',18,NULL,'published',0,NULL,0,'2021-05-03 01:53:04','2021-05-03 01:53:04'),(35,'Gaming Laptop',18,NULL,'published',0,NULL,0,'2021-05-03 01:53:04','2021-05-03 01:53:04'),(36,'Security & Protection',18,NULL,'published',0,NULL,0,'2021-05-03 01:53:04','2021-05-03 01:53:04'),(37,'Accessories',18,NULL,'published',0,NULL,0,'2021-05-03 01:53:04','2021-05-03 01:53:04');

--
-- Table structure for table `ec_product_category_product`
--

CREATE TABLE `ec_product_category_product` (
  `id` bigint(20) unsigned NOT NULL AUTO_INCREMENT,
  `category_id` int(10) unsigned NOT NULL,
  `product_id` int(10) unsigned NOT NULL,
  PRIMARY KEY (`id`),
  KEY `ec_product_category_product_category_id_index` (`category_id`),
  KEY `ec_product_category_product_product_id_index` (`product_id`)
) ENGINE=InnoDB AUTO_INCREMENT=90 DEFAULT CHARSET=utf8mb4 COLLATE=utf8mb4_unicode_ci;

--
-- Dumping data for table `ec_product_category_product`
--

INSERT INTO `ec_product_category_product` VALUES (1,27,1),(2,3,1),(3,6,1),(4,17,1),(5,10,2),(6,21,2),(7,31,2),(8,16,2),(9,32,3),(10,17,3),(11,13,3),(12,15,3),(13,15,4),(14,24,4),(15,10,4),(16,17,4),(17,13,5),(18,10,5),(19,17,5),(20,29,6),(21,15,6),(22,10,6),(23,16,6),(24,28,7),(25,14,7),(26,29,7),(27,15,7),(28,34,8),(29,37,8),(30,25,8),(31,17,8),(32,21,9),(33,36,9),(34,24,9),(35,15,9),(36,36,10),(37,22,10),(38,15,10),(39,24,11),(40,19,11),(41,10,11),(42,16,11),(43,9,12),(44,13,12),(45,5,12),(46,15,12),(47,24,13),(48,34,13),(49,9,13),(50,16,13),(51,35,14),(52,31,14),(53,2,14),(54,16,14),(55,18,15),(56,25,15),(57,37,15),(58,16,15),(59,24,16),(60,17,16),(61,35,16),(62,16,16),(63,33,17),(64,29,17),(65,32,17),(66,17,17),(67,22,18),(68,13,18),(69,37,18),(70,16,18),(71,3,19),(72,4,19),(73,17,19),(74,35,20),(75,19,20),(76,33,20),(77,15,20),(78,12,21),(79,31,21),(80,16,21),(81,17,21),(82,17,22),(83,32,22),(84,2,22),(85,16,22),(86,7,23),(87,25,23),(88,22,23),(89,16,23);

--
-- Table structure for table `ec_product_collection_products`
--

CREATE TABLE `ec_product_collection_products` (
  `id` bigint(20) unsigned NOT NULL AUTO_INCREMENT,
  `product_collection_id` int(10) unsigned NOT NULL,
  `product_id` int(10) unsigned NOT NULL,
  PRIMARY KEY (`id`),
  KEY `ec_product_collection_products_product_collection_id_index` (`product_collection_id`),
  KEY `ec_product_collection_products_product_id_index` (`product_id`)
) ENGINE=InnoDB AUTO_INCREMENT=24 DEFAULT CHARSET=utf8mb4 COLLATE=utf8mb4_unicode_ci;

--
-- Dumping data for table `ec_product_collection_products`
--

INSERT INTO `ec_product_collection_products` VALUES (1,2,1),(2,3,2),(3,1,3),(4,2,4),(5,3,5),(6,1,6),(7,1,7),(8,1,8),(9,3,9),(10,1,10),(11,3,11),(12,2,12),(13,1,13),(14,2,14),(15,2,15),(16,2,16),(17,3,17),(18,2,18),(19,1,19),(20,2,20),(21,2,21),(22,1,22),(23,1,23);

--
-- Table structure for table `ec_product_collections`
--

CREATE TABLE `ec_product_collections` (
  `id` bigint(20) unsigned NOT NULL AUTO_INCREMENT,
  `name` varchar(191) COLLATE utf8mb4_unicode_ci NOT NULL,
  `slug` varchar(191) COLLATE utf8mb4_unicode_ci NOT NULL,
  `description` varchar(400) COLLATE utf8mb4_unicode_ci DEFAULT NULL,
  `image` varchar(255) COLLATE utf8mb4_unicode_ci DEFAULT NULL,
  `status` varchar(60) COLLATE utf8mb4_unicode_ci NOT NULL DEFAULT 'published',
  `created_at` timestamp NULL DEFAULT NULL,
  `updated_at` timestamp NULL DEFAULT NULL,
  `is_featured` tinyint(3) unsigned NOT NULL DEFAULT '0',
  PRIMARY KEY (`id`)
) ENGINE=InnoDB AUTO_INCREMENT=4 DEFAULT CHARSET=utf8mb4 COLLATE=utf8mb4_unicode_ci;

--
-- Dumping data for table `ec_product_collections`
--

INSERT INTO `ec_product_collections` VALUES (1,'New Arrival','new-arrival',NULL,NULL,'published','2021-05-03 01:53:04','2021-05-03 01:53:04',0),(2,'Best Sellers','best-sellers',NULL,NULL,'published','2021-05-03 01:53:04','2021-05-03 01:53:04',0),(3,'Special Offer','special-offer',NULL,NULL,'published','2021-05-03 01:53:04','2021-05-03 01:53:04',0);

--
-- Table structure for table `ec_product_cross_sale_relations`
--

CREATE TABLE `ec_product_cross_sale_relations` (
  `id` bigint(20) unsigned NOT NULL AUTO_INCREMENT,
  `from_product_id` int(10) unsigned NOT NULL,
  `to_product_id` int(10) unsigned NOT NULL,
  PRIMARY KEY (`id`),
  KEY `ec_product_cross_sale_relations_from_product_id_index` (`from_product_id`),
  KEY `ec_product_cross_sale_relations_to_product_id_index` (`to_product_id`)
) ENGINE=InnoDB AUTO_INCREMENT=87 DEFAULT CHARSET=utf8mb4 COLLATE=utf8mb4_unicode_ci;

--
-- Dumping data for table `ec_product_cross_sale_relations`
--

INSERT INTO `ec_product_cross_sale_relations` VALUES (1,1,6),(2,1,9),(3,1,16),(4,2,20),(5,2,4),(6,2,19),(7,2,11),(8,3,8),(9,3,9),(10,3,12),(11,3,18),(12,4,19),(13,4,3),(14,4,5),(15,5,8),(16,5,18),(17,5,7),(18,6,10),(19,6,8),(20,6,17),(21,7,10),(22,7,14),(23,7,19),(24,7,12),(25,8,18),(26,8,19),(27,8,13),(28,9,1),(29,9,20),(30,9,6),(31,10,19),(32,10,17),(33,10,14),(34,10,15),(35,11,15),(36,11,13),(37,11,16),(38,11,14),(39,12,20),(40,12,1),(41,12,19),(42,12,6),(43,13,8),(44,13,7),(45,13,17),(46,13,4),(47,14,1),(48,14,20),(49,14,18),(50,14,15),(51,15,20),(52,15,12),(53,15,6),(54,15,2),(55,16,6),(56,16,20),(57,16,5),(58,16,12),(59,17,10),(60,17,6),(61,17,9),(62,17,4),(63,18,8),(64,18,11),(65,18,17),(66,18,14),(67,19,16),(68,19,12),(69,19,1),(70,19,3),(71,20,4),(72,20,9),(73,20,3),(74,20,14),(75,21,5),(76,21,4),(77,21,8),(78,21,12),(79,22,10),(80,22,8),(81,22,2),(82,22,15),(83,23,4),(84,23,18),(85,23,2),(86,23,14);

--
-- Table structure for table `ec_product_label_products`
--

CREATE TABLE `ec_product_label_products` (
  `product_label_id` int(10) unsigned NOT NULL,
  `product_id` int(10) unsigned NOT NULL,
  PRIMARY KEY (`product_label_id`,`product_id`),
  KEY `ec_product_label_products_product_label_id_index` (`product_label_id`),
  KEY `ec_product_label_products_product_id_index` (`product_id`)
) ENGINE=InnoDB DEFAULT CHARSET=utf8mb4 COLLATE=utf8mb4_unicode_ci;

--
-- Dumping data for table `ec_product_label_products`
--

INSERT INTO `ec_product_label_products` VALUES (1,9),(1,18),(1,21),(2,3),(2,6),(2,12),(3,15);

--
-- Table structure for table `ec_product_labels`
--

CREATE TABLE `ec_product_labels` (
  `id` bigint(20) unsigned NOT NULL AUTO_INCREMENT,
  `name` varchar(255) COLLATE utf8mb4_unicode_ci NOT NULL,
  `color` varchar(120) COLLATE utf8mb4_unicode_ci DEFAULT NULL,
  `status` varchar(60) COLLATE utf8mb4_unicode_ci NOT NULL DEFAULT 'published',
  `created_at` timestamp NULL DEFAULT NULL,
  `updated_at` timestamp NULL DEFAULT NULL,
  PRIMARY KEY (`id`)
) ENGINE=InnoDB AUTO_INCREMENT=4 DEFAULT CHARSET=utf8mb4 COLLATE=utf8mb4_unicode_ci;

--
-- Dumping data for table `ec_product_labels`
--

INSERT INTO `ec_product_labels` VALUES (1,'Hot','#ec2434','published','2021-05-03 01:53:04','2021-05-03 01:53:04'),(2,'New','#00c9a7','published','2021-05-03 01:53:04','2021-05-03 01:53:04'),(3,'Sale','#fe9931','published','2021-05-03 01:53:04','2021-05-03 01:53:04');

--
-- Table structure for table `ec_product_related_relations`
--

CREATE TABLE `ec_product_related_relations` (
  `id` bigint(20) unsigned NOT NULL AUTO_INCREMENT,
  `from_product_id` int(10) unsigned NOT NULL,
  `to_product_id` int(10) unsigned NOT NULL,
  PRIMARY KEY (`id`),
  KEY `ec_product_related_relations_from_product_id_index` (`from_product_id`),
  KEY `ec_product_related_relations_to_product_id_index` (`to_product_id`)
) ENGINE=InnoDB DEFAULT CHARSET=utf8mb4 COLLATE=utf8mb4_unicode_ci;

--
-- Dumping data for table `ec_product_related_relations`
--


--
-- Table structure for table `ec_product_tag_product`
--

CREATE TABLE `ec_product_tag_product` (
  `product_id` int(10) unsigned NOT NULL,
  `tag_id` int(10) unsigned NOT NULL,
  PRIMARY KEY (`product_id`,`tag_id`),
  KEY `ec_product_tag_product_product_id_index` (`product_id`),
  KEY `ec_product_tag_product_tag_id_index` (`tag_id`)
) ENGINE=InnoDB DEFAULT CHARSET=utf8mb4 COLLATE=utf8mb4_unicode_ci;

--
-- Dumping data for table `ec_product_tag_product`
--

INSERT INTO `ec_product_tag_product` VALUES (1,1),(1,2),(2,5),(2,6),(3,1),(3,3),(4,4),(4,5),(5,1),(5,5),(5,6),(6,2),(6,3),(6,5),(7,1),(7,3),(8,1),(8,2),(8,5),(9,2),(9,4),(9,6),(10,2),(10,6),(11,1),(11,3),(11,6),(12,2),(12,4),(13,1),(13,3),(13,6),(14,1),(14,3),(15,1),(15,3),(15,6),(16,1),(16,2),(16,6),(17,2),(17,5),(18,1),(18,2),(18,3),(19,1),(19,3),(20,3),(20,4),(20,5),(21,2),(21,3),(21,6),(22,3),(22,4),(23,1),(23,6);

--
-- Table structure for table `ec_product_tags`
--

CREATE TABLE `ec_product_tags` (
  `id` bigint(20) unsigned NOT NULL AUTO_INCREMENT,
  `name` varchar(120) COLLATE utf8mb4_unicode_ci NOT NULL,
  `description` varchar(400) COLLATE utf8mb4_unicode_ci DEFAULT NULL,
  `status` varchar(60) COLLATE utf8mb4_unicode_ci NOT NULL DEFAULT 'published',
  `created_at` timestamp NULL DEFAULT NULL,
  `updated_at` timestamp NULL DEFAULT NULL,
  PRIMARY KEY (`id`)
) ENGINE=InnoDB AUTO_INCREMENT=7 DEFAULT CHARSET=utf8mb4 COLLATE=utf8mb4_unicode_ci;

--
-- Dumping data for table `ec_product_tags`
--

INSERT INTO `ec_product_tags` VALUES (1,'Electronic',NULL,'published','2021-05-03 01:53:37','2021-05-03 01:53:37'),(2,'Mobile',NULL,'published','2021-05-03 01:53:37','2021-05-03 01:53:37'),(3,'Iphone',NULL,'published','2021-05-03 01:53:37','2021-05-03 01:53:37'),(4,'Printer',NULL,'published','2021-05-03 01:53:37','2021-05-03 01:53:37'),(5,'Office',NULL,'published','2021-05-03 01:53:37','2021-05-03 01:53:37'),(6,'IT',NULL,'published','2021-05-03 01:53:37','2021-05-03 01:53:37');

--
-- Table structure for table `ec_product_up_sale_relations`
--

CREATE TABLE `ec_product_up_sale_relations` (
  `id` bigint(20) unsigned NOT NULL AUTO_INCREMENT,
  `from_product_id` int(10) unsigned NOT NULL,
  `to_product_id` int(10) unsigned NOT NULL,
  PRIMARY KEY (`id`),
  KEY `ec_product_up_sale_relations_from_product_id_index` (`from_product_id`),
  KEY `ec_product_up_sale_relations_to_product_id_index` (`to_product_id`)
) ENGINE=InnoDB DEFAULT CHARSET=utf8mb4 COLLATE=utf8mb4_unicode_ci;

--
-- Dumping data for table `ec_product_up_sale_relations`
--


--
-- Table structure for table `ec_product_variation_items`
--

CREATE TABLE `ec_product_variation_items` (
  `id` bigint(20) unsigned NOT NULL AUTO_INCREMENT,
  `attribute_id` int(10) unsigned NOT NULL,
  `variation_id` int(10) unsigned NOT NULL,
  PRIMARY KEY (`id`)
) ENGINE=InnoDB AUTO_INCREMENT=113 DEFAULT CHARSET=utf8mb4 COLLATE=utf8mb4_unicode_ci;

--
-- Dumping data for table `ec_product_variation_items`
--

INSERT INTO `ec_product_variation_items` VALUES (1,3,1),(2,6,1),(3,4,2),(4,10,2),(5,4,3),(6,6,3),(7,1,4),(8,6,4),(9,2,5),(10,10,5),(11,5,6),(12,6,6),(13,2,7),(14,9,7),(15,2,8),(16,8,8),(17,1,9),(18,6,9),(19,3,10),(20,7,10),(21,3,11),(22,6,11),(23,2,12),(24,7,12),(25,3,13),(26,8,13),(27,2,14),(28,10,14),(29,5,15),(30,9,15),(31,3,16),(32,9,16),(33,2,17),(34,7,17),(35,2,18),(36,9,18),(37,2,19),(38,10,19),(39,2,20),(40,7,20),(41,4,21),(42,6,21),(43,1,22),(44,9,22),(45,4,23),(46,10,23),(47,2,24),(48,9,24),(49,2,25),(50,10,25),(51,2,26),(52,7,26),(53,5,27),(54,6,27),(55,4,28),(56,8,28),(57,1,29),(58,6,29),(59,1,30),(60,7,30),(61,5,31),(62,9,31),(63,3,32),(64,7,32),(65,3,33),(66,8,33),(67,5,34),(68,10,34),(69,4,35),(70,10,35),(71,4,36),(72,8,36),(73,4,37),(74,9,37),(75,3,38),(76,10,38),(77,4,39),(78,7,39),(79,4,40),(80,10,40),(81,1,41),(82,6,41),(83,5,42),(84,10,42),(85,2,43),(86,6,43),(87,3,44),(88,8,44),(89,2,45),(90,8,45),(91,2,46),(92,7,46),(93,5,47),(94,8,47),(95,4,48),(96,10,48),(97,5,49),(98,6,49),(99,5,50),(100,6,50),(101,5,51),(102,6,51),(103,4,52),(104,8,52),(105,4,53),(106,9,53),(107,5,54),(108,9,54),(109,3,55),(110,9,55),(111,1,56),(112,8,56);

--
-- Table structure for table `ec_product_variations`
--

CREATE TABLE `ec_product_variations` (
  `id` bigint(20) unsigned NOT NULL AUTO_INCREMENT,
  `product_id` int(10) unsigned DEFAULT NULL,
  `configurable_product_id` int(10) unsigned NOT NULL,
  `is_default` tinyint(4) NOT NULL DEFAULT '0',
  PRIMARY KEY (`id`)
) ENGINE=InnoDB AUTO_INCREMENT=57 DEFAULT CHARSET=utf8mb4 COLLATE=utf8mb4_unicode_ci;

--
-- Dumping data for table `ec_product_variations`
--

INSERT INTO `ec_product_variations` VALUES (1,24,1,1),(2,25,2,1),(3,26,3,1),(4,27,4,1),(5,28,4,0),(6,29,5,1),(7,30,5,0),(8,31,5,0),(9,32,6,1),(10,33,6,0),(11,34,7,1),(12,35,8,1),(13,36,8,0),(14,37,8,0),(15,38,8,0),(16,39,9,1),(17,40,9,0),(18,41,9,0),(19,42,10,1),(20,43,10,0),(21,44,10,0),(22,45,10,0),(23,46,11,1),(24,47,11,0),(25,48,11,0),(26,49,12,1),(27,50,12,0),(28,51,12,0),(29,52,13,1),(30,53,13,0),(31,54,14,1),(32,55,14,0),(33,56,15,1),(34,57,15,0),(35,58,16,1),(36,59,16,0),(37,60,16,0),(38,61,17,1),(39,62,17,0),(40,63,17,0),(41,64,18,1),(42,65,18,0),(43,66,19,1),(44,67,19,0),(45,68,19,0),(46,69,20,1),(47,70,20,0),(48,71,20,0),(49,72,21,1),(50,73,21,0),(51,74,22,1),(52,75,22,0),(53,76,22,0),(54,77,23,1),(55,78,23,0),(56,79,23,0);

--
-- Table structure for table `ec_product_with_attribute`
--

CREATE TABLE `ec_product_with_attribute` (
  `id` bigint(20) unsigned NOT NULL AUTO_INCREMENT,
  `attribute_id` int(10) unsigned NOT NULL,
  `product_id` int(10) unsigned NOT NULL,
  PRIMARY KEY (`id`)
) ENGINE=InnoDB AUTO_INCREMENT=47 DEFAULT CHARSET=utf8mb4 COLLATE=utf8mb4_unicode_ci;

--
-- Dumping data for table `ec_product_with_attribute`
--

INSERT INTO `ec_product_with_attribute` VALUES (1,2,1),(2,10,1),(3,1,2),(4,10,2),(5,2,3),(6,10,3),(7,5,4),(8,8,4),(9,2,5),(10,9,5),(11,4,6),(12,6,6),(13,2,7),(14,10,7),(15,5,8),(16,8,8),(17,3,9),(18,6,9),(19,5,10),(20,6,10),(21,5,11),(22,10,11),(23,4,12),(24,9,12),(25,1,13),(26,9,13),(27,5,14),(28,10,14),(29,2,15),(30,8,15),(31,2,16),(32,7,16),(33,4,17),(34,9,17),(35,2,18),(36,6,18),(37,2,19),(38,7,19),(39,1,20),(40,9,20),(41,5,21),(42,6,21),(43,3,22),(44,7,22),(45,4,23),(46,9,23);

--
-- Table structure for table `ec_product_with_attribute_set`
--

CREATE TABLE `ec_product_with_attribute_set` (
  `id` bigint(20) unsigned NOT NULL AUTO_INCREMENT,
  `attribute_set_id` int(10) unsigned NOT NULL,
  `product_id` int(10) unsigned NOT NULL,
  `order` tinyint(3) unsigned NOT NULL DEFAULT '0',
  PRIMARY KEY (`id`)
) ENGINE=InnoDB AUTO_INCREMENT=47 DEFAULT CHARSET=utf8mb4 COLLATE=utf8mb4_unicode_ci;

--
-- Dumping data for table `ec_product_with_attribute_set`
--

INSERT INTO `ec_product_with_attribute_set` VALUES (1,1,1,0),(2,2,1,0),(3,1,2,0),(4,2,2,0),(5,1,3,0),(6,2,3,0),(7,1,4,0),(8,2,4,0),(9,1,5,0),(10,2,5,0),(11,1,6,0),(12,2,6,0),(13,1,7,0),(14,2,7,0),(15,1,8,0),(16,2,8,0),(17,1,9,0),(18,2,9,0),(19,1,10,0),(20,2,10,0),(21,1,11,0),(22,2,11,0),(23,1,12,0),(24,2,12,0),(25,1,13,0),(26,2,13,0),(27,1,14,0),(28,2,14,0),(29,1,15,0),(30,2,15,0),(31,1,16,0),(32,2,16,0),(33,1,17,0),(34,2,17,0),(35,1,18,0),(36,2,18,0),(37,1,19,0),(38,2,19,0),(39,1,20,0),(40,2,20,0),(41,1,21,0),(42,2,21,0),(43,1,22,0),(44,2,22,0),(45,1,23,0),(46,2,23,0);

--
-- Table structure for table `ec_products`
--

CREATE TABLE `ec_products` (
  `id` bigint(20) unsigned NOT NULL AUTO_INCREMENT,
  `name` varchar(191) COLLATE utf8mb4_unicode_ci NOT NULL,
  `description` text COLLATE utf8mb4_unicode_ci,
  `content` longtext COLLATE utf8mb4_unicode_ci,
  `status` varchar(60) COLLATE utf8mb4_unicode_ci NOT NULL DEFAULT 'published',
  `images` text COLLATE utf8mb4_unicode_ci,
  `sku` varchar(191) COLLATE utf8mb4_unicode_ci DEFAULT NULL,
  `order` int(10) unsigned NOT NULL DEFAULT '0',
  `quantity` int(10) unsigned DEFAULT NULL,
  `allow_checkout_when_out_of_stock` tinyint(3) unsigned NOT NULL DEFAULT '0',
  `with_storehouse_management` tinyint(3) unsigned NOT NULL DEFAULT '0',
  `is_featured` tinyint(3) unsigned NOT NULL DEFAULT '0',
  `options` text COLLATE utf8mb4_unicode_ci,
  `category_id` int(10) unsigned DEFAULT NULL,
  `brand_id` int(10) unsigned DEFAULT NULL,
  `is_variation` tinyint(4) NOT NULL DEFAULT '0',
  `is_searchable` tinyint(4) NOT NULL DEFAULT '0',
  `is_show_on_list` tinyint(4) NOT NULL DEFAULT '0',
  `sale_type` tinyint(4) NOT NULL DEFAULT '0',
  `price` double unsigned DEFAULT NULL,
  `sale_price` double unsigned DEFAULT NULL,
  `start_date` timestamp NULL DEFAULT NULL,
  `end_date` timestamp NULL DEFAULT NULL,
  `length` double(8,2) DEFAULT NULL,
  `wide` double(8,2) DEFAULT NULL,
  `height` double(8,2) DEFAULT NULL,
  `weight` double(8,2) DEFAULT NULL,
  `barcode` varchar(191) COLLATE utf8mb4_unicode_ci DEFAULT NULL,
  `length_unit` varchar(20) COLLATE utf8mb4_unicode_ci DEFAULT NULL,
  `wide_unit` varchar(20) COLLATE utf8mb4_unicode_ci DEFAULT NULL,
  `height_unit` varchar(20) COLLATE utf8mb4_unicode_ci DEFAULT NULL,
  `weight_unit` varchar(20) COLLATE utf8mb4_unicode_ci DEFAULT NULL,
  `created_at` timestamp NULL DEFAULT NULL,
  `updated_at` timestamp NULL DEFAULT NULL,
  `tax_id` int(10) unsigned DEFAULT NULL,
  `views` bigint(20) NOT NULL DEFAULT '0',
  `stock_status` varchar(191) COLLATE utf8mb4_unicode_ci DEFAULT 'in_stock',
  `store_id` int(10) unsigned DEFAULT NULL,
  PRIMARY KEY (`id`)
) ENGINE=InnoDB AUTO_INCREMENT=80 DEFAULT CHARSET=utf8mb4 COLLATE=utf8mb4_unicode_ci;

--
-- Dumping data for table `ec_products`
--

INSERT INTO `ec_products` VALUES (1,'Dual Camera 20MP','<ul><li> Unrestrained and portable active stereo speaker</li>\n            <li> Free from the confines of wires and chords</li>\n            <li> 20 hours of portable capabilities</li>\n            <li> Double-ended Coil Cord with 3.5mm Stereo Plugs Included</li>\n            <li> 3/4″ Dome Tweeters: 2X and 4″ Woofer: 1X</li></ul>','<p>Short Hooded Coat features a straight body, large pockets with button flaps, ventilation air holes, and a string detail along the hemline. The style is completed with a drawstring hood, featuring Rains&rsquo; signature built-in cap. Made from waterproof, matte PU, this lightweight unisex rain jacket is an ode to nostalgia through its classic silhouette and utilitarian design details.</p>\n                                <p>- Casual unisex fit</p>\n\n                                <p>- 64% polyester, 36% polyurethane</p>\n\n                                <p>- Water column pressure: 4000 mm</p>\n\n                                <p>- Model is 187cm tall and wearing a size S / M</p>\n\n                                <p>- Unisex fit</p>\n\n                                <p>- Drawstring hood with built-in cap</p>\n\n                                <p>- Front placket with snap buttons</p>\n\n                                <p>- Ventilation under armpit</p>\n\n                                <p>- Adjustable cuffs</p>\n\n                                <p>- Double welted front pockets</p>\n\n                                <p>- Adjustable elastic string at hempen</p>\n\n                                <p>- Ultrasonically welded seams</p>\n\n                                <p>This is a unisex item, please check our clothing &amp; footwear sizing guide for specific Rains jacket sizing information. RAINS comes from the rainy nation of Denmark at the edge of the European continent, close to the ocean and with prevailing westerly winds; all factors that contribute to an average of 121 rain days each year. Arising from these rainy weather conditions comes the attitude that a quick rain shower may be beautiful, as well as moody- but first and foremost requires the right outfit. Rains focus on the whole experience of going outside on rainy days, issuing an invitation to explore even in the most mercurial weather.</p>','published','[\"products\\/1.jpg\"]','SW-171-A0',0,15,0,1,1,NULL,NULL,7,0,0,0,0,80.25,NULL,NULL,NULL,13.00,13.00,17.00,890.00,NULL,NULL,NULL,NULL,NULL,'2021-05-03 01:53:31','2021-05-03 01:53:31',1,148120,'in_stock',NULL),(2,'Smart Watches','<ul><li> Unrestrained and portable active stereo speaker</li>\n            <li> Free from the confines of wires and chords</li>\n            <li> 20 hours of portable capabilities</li>\n            <li> Double-ended Coil Cord with 3.5mm Stereo Plugs Included</li>\n            <li> 3/4″ Dome Tweeters: 2X and 4″ Woofer: 1X</li></ul>','<p>Short Hooded Coat features a straight body, large pockets with button flaps, ventilation air holes, and a string detail along the hemline. The style is completed with a drawstring hood, featuring Rains&rsquo; signature built-in cap. Made from waterproof, matte PU, this lightweight unisex rain jacket is an ode to nostalgia through its classic silhouette and utilitarian design details.</p>\n                                <p>- Casual unisex fit</p>\n\n                                <p>- 64% polyester, 36% polyurethane</p>\n\n                                <p>- Water column pressure: 4000 mm</p>\n\n                                <p>- Model is 187cm tall and wearing a size S / M</p>\n\n                                <p>- Unisex fit</p>\n\n                                <p>- Drawstring hood with built-in cap</p>\n\n                                <p>- Front placket with snap buttons</p>\n\n                                <p>- Ventilation under armpit</p>\n\n                                <p>- Adjustable cuffs</p>\n\n                                <p>- Double welted front pockets</p>\n\n                                <p>- Adjustable elastic string at hempen</p>\n\n                                <p>- Ultrasonically welded seams</p>\n\n                                <p>This is a unisex item, please check our clothing &amp; footwear sizing guide for specific Rains jacket sizing information. RAINS comes from the rainy nation of Denmark at the edge of the European continent, close to the ocean and with prevailing westerly winds; all factors that contribute to an average of 121 rain days each year. Arising from these rainy weather conditions comes the attitude that a quick rain shower may be beautiful, as well as moody- but first and foremost requires the right outfit. Rains focus on the whole experience of going outside on rainy days, issuing an invitation to explore even in the most mercurial weather.</p>','published','[\"products\\/2.jpg\"]','SW-100-A0',0,19,0,1,1,NULL,NULL,2,0,0,0,0,40.5,NULL,NULL,NULL,14.00,12.00,12.00,603.00,NULL,NULL,NULL,NULL,NULL,'2021-05-03 01:53:31','2021-05-03 01:53:31',1,94451,'in_stock',NULL),(3,'Beat Headphone','<ul><li> Unrestrained and portable active stereo speaker</li>\n            <li> Free from the confines of wires and chords</li>\n            <li> 20 hours of portable capabilities</li>\n            <li> Double-ended Coil Cord with 3.5mm Stereo Plugs Included</li>\n            <li> 3/4″ Dome Tweeters: 2X and 4″ Woofer: 1X</li></ul>','<p>Short Hooded Coat features a straight body, large pockets with button flaps, ventilation air holes, and a string detail along the hemline. The style is completed with a drawstring hood, featuring Rains&rsquo; signature built-in cap. Made from waterproof, matte PU, this lightweight unisex rain jacket is an ode to nostalgia through its classic silhouette and utilitarian design details.</p>\n                                <p>- Casual unisex fit</p>\n\n                                <p>- 64% polyester, 36% polyurethane</p>\n\n                                <p>- Water column pressure: 4000 mm</p>\n\n                                <p>- Model is 187cm tall and wearing a size S / M</p>\n\n                                <p>- Unisex fit</p>\n\n                                <p>- Drawstring hood with built-in cap</p>\n\n                                <p>- Front placket with snap buttons</p>\n\n                                <p>- Ventilation under armpit</p>\n\n                                <p>- Adjustable cuffs</p>\n\n                                <p>- Double welted front pockets</p>\n\n                                <p>- Adjustable elastic string at hempen</p>\n\n                                <p>- Ultrasonically welded seams</p>\n\n                                <p>This is a unisex item, please check our clothing &amp; footwear sizing guide for specific Rains jacket sizing information. RAINS comes from the rainy nation of Denmark at the edge of the European continent, close to the ocean and with prevailing westerly winds; all factors that contribute to an average of 121 rain days each year. Arising from these rainy weather conditions comes the attitude that a quick rain shower may be beautiful, as well as moody- but first and foremost requires the right outfit. Rains focus on the whole experience of going outside on rainy days, issuing an invitation to explore even in the most mercurial weather.</p>','published','[\"products\\/3.jpg\"]','SW-111-A0',0,11,0,1,1,NULL,NULL,5,0,0,0,0,20,NULL,NULL,NULL,19.00,13.00,13.00,869.00,NULL,NULL,NULL,NULL,NULL,'2021-05-03 01:53:31','2021-05-03 01:53:31',1,9528,'in_stock',NULL),(4,'Red & Black Headphone','<ul><li> Unrestrained and portable active stereo speaker</li>\n            <li> Free from the confines of wires and chords</li>\n            <li> 20 hours of portable capabilities</li>\n            <li> Double-ended Coil Cord with 3.5mm Stereo Plugs Included</li>\n            <li> 3/4″ Dome Tweeters: 2X and 4″ Woofer: 1X</li></ul>','<p>Short Hooded Coat features a straight body, large pockets with button flaps, ventilation air holes, and a string detail along the hemline. The style is completed with a drawstring hood, featuring Rains&rsquo; signature built-in cap. Made from waterproof, matte PU, this lightweight unisex rain jacket is an ode to nostalgia through its classic silhouette and utilitarian design details.</p>\n                                <p>- Casual unisex fit</p>\n\n                                <p>- 64% polyester, 36% polyurethane</p>\n\n                                <p>- Water column pressure: 4000 mm</p>\n\n                                <p>- Model is 187cm tall and wearing a size S / M</p>\n\n                                <p>- Unisex fit</p>\n\n                                <p>- Drawstring hood with built-in cap</p>\n\n                                <p>- Front placket with snap buttons</p>\n\n                                <p>- Ventilation under armpit</p>\n\n                                <p>- Adjustable cuffs</p>\n\n                                <p>- Double welted front pockets</p>\n\n                                <p>- Adjustable elastic string at hempen</p>\n\n                                <p>- Ultrasonically welded seams</p>\n\n                                <p>This is a unisex item, please check our clothing &amp; footwear sizing guide for specific Rains jacket sizing information. RAINS comes from the rainy nation of Denmark at the edge of the European continent, close to the ocean and with prevailing westerly winds; all factors that contribute to an average of 121 rain days each year. Arising from these rainy weather conditions comes the attitude that a quick rain shower may be beautiful, as well as moody- but first and foremost requires the right outfit. Rains focus on the whole experience of going outside on rainy days, issuing an invitation to explore even in the most mercurial weather.</p>','published','[\"products\\/4.jpg\"]','SW-115-A0',0,19,0,1,1,NULL,NULL,6,0,0,0,0,57,47.88,NULL,NULL,15.00,15.00,15.00,690.00,NULL,NULL,NULL,NULL,NULL,'2021-05-03 01:53:31','2021-05-03 01:53:31',1,135191,'in_stock',NULL),(5,'Smart Watch External','<ul><li> Unrestrained and portable active stereo speaker</li>\n            <li> Free from the confines of wires and chords</li>\n            <li> 20 hours of portable capabilities</li>\n            <li> Double-ended Coil Cord with 3.5mm Stereo Plugs Included</li>\n            <li> 3/4″ Dome Tweeters: 2X and 4″ Woofer: 1X</li></ul>','<p>Short Hooded Coat features a straight body, large pockets with button flaps, ventilation air holes, and a string detail along the hemline. The style is completed with a drawstring hood, featuring Rains&rsquo; signature built-in cap. Made from waterproof, matte PU, this lightweight unisex rain jacket is an ode to nostalgia through its classic silhouette and utilitarian design details.</p>\n                                <p>- Casual unisex fit</p>\n\n                                <p>- 64% polyester, 36% polyurethane</p>\n\n                                <p>- Water column pressure: 4000 mm</p>\n\n                                <p>- Model is 187cm tall and wearing a size S / M</p>\n\n                                <p>- Unisex fit</p>\n\n                                <p>- Drawstring hood with built-in cap</p>\n\n                                <p>- Front placket with snap buttons</p>\n\n                                <p>- Ventilation under armpit</p>\n\n                                <p>- Adjustable cuffs</p>\n\n                                <p>- Double welted front pockets</p>\n\n                                <p>- Adjustable elastic string at hempen</p>\n\n                                <p>- Ultrasonically welded seams</p>\n\n                                <p>This is a unisex item, please check our clothing &amp; footwear sizing guide for specific Rains jacket sizing information. RAINS comes from the rainy nation of Denmark at the edge of the European continent, close to the ocean and with prevailing westerly winds; all factors that contribute to an average of 121 rain days each year. Arising from these rainy weather conditions comes the attitude that a quick rain shower may be beautiful, as well as moody- but first and foremost requires the right outfit. Rains focus on the whole experience of going outside on rainy days, issuing an invitation to explore even in the most mercurial weather.</p>','published','[\"products\\/5.jpg\"]','SW-153-A0',0,11,0,1,1,NULL,NULL,7,0,0,0,0,87,NULL,NULL,NULL,15.00,14.00,14.00,616.00,NULL,NULL,NULL,NULL,NULL,'2021-05-03 01:53:31','2021-05-03 01:53:31',1,176939,'in_stock',NULL),(6,'Nikon HD camera','<ul><li> Unrestrained and portable active stereo speaker</li>\n            <li> Free from the confines of wires and chords</li>\n            <li> 20 hours of portable capabilities</li>\n            <li> Double-ended Coil Cord with 3.5mm Stereo Plugs Included</li>\n            <li> 3/4″ Dome Tweeters: 2X and 4″ Woofer: 1X</li></ul>','<p>Short Hooded Coat features a straight body, large pockets with button flaps, ventilation air holes, and a string detail along the hemline. The style is completed with a drawstring hood, featuring Rains&rsquo; signature built-in cap. Made from waterproof, matte PU, this lightweight unisex rain jacket is an ode to nostalgia through its classic silhouette and utilitarian design details.</p>\n                                <p>- Casual unisex fit</p>\n\n                                <p>- 64% polyester, 36% polyurethane</p>\n\n                                <p>- Water column pressure: 4000 mm</p>\n\n                                <p>- Model is 187cm tall and wearing a size S / M</p>\n\n                                <p>- Unisex fit</p>\n\n                                <p>- Drawstring hood with built-in cap</p>\n\n                                <p>- Front placket with snap buttons</p>\n\n                                <p>- Ventilation under armpit</p>\n\n                                <p>- Adjustable cuffs</p>\n\n                                <p>- Double welted front pockets</p>\n\n                                <p>- Adjustable elastic string at hempen</p>\n\n                                <p>- Ultrasonically welded seams</p>\n\n                                <p>This is a unisex item, please check our clothing &amp; footwear sizing guide for specific Rains jacket sizing information. RAINS comes from the rainy nation of Denmark at the edge of the European continent, close to the ocean and with prevailing westerly winds; all factors that contribute to an average of 121 rain days each year. Arising from these rainy weather conditions comes the attitude that a quick rain shower may be beautiful, as well as moody- but first and foremost requires the right outfit. Rains focus on the whole experience of going outside on rainy days, issuing an invitation to explore even in the most mercurial weather.</p>','published','[\"products\\/6.jpg\"]','SW-158-A0',0,18,0,1,1,NULL,NULL,6,0,0,0,0,46,NULL,NULL,NULL,13.00,18.00,14.00,785.00,NULL,NULL,NULL,NULL,NULL,'2021-05-03 01:53:31','2021-05-03 01:53:31',1,140130,'in_stock',NULL),(7,'Audio Equipment','<ul><li> Unrestrained and portable active stereo speaker</li>\n            <li> Free from the confines of wires and chords</li>\n            <li> 20 hours of portable capabilities</li>\n            <li> Double-ended Coil Cord with 3.5mm Stereo Plugs Included</li>\n            <li> 3/4″ Dome Tweeters: 2X and 4″ Woofer: 1X</li></ul>','<p>Short Hooded Coat features a straight body, large pockets with button flaps, ventilation air holes, and a string detail along the hemline. The style is completed with a drawstring hood, featuring Rains&rsquo; signature built-in cap. Made from waterproof, matte PU, this lightweight unisex rain jacket is an ode to nostalgia through its classic silhouette and utilitarian design details.</p>\n                                <p>- Casual unisex fit</p>\n\n                                <p>- 64% polyester, 36% polyurethane</p>\n\n                                <p>- Water column pressure: 4000 mm</p>\n\n                                <p>- Model is 187cm tall and wearing a size S / M</p>\n\n                                <p>- Unisex fit</p>\n\n                                <p>- Drawstring hood with built-in cap</p>\n\n                                <p>- Front placket with snap buttons</p>\n\n                                <p>- Ventilation under armpit</p>\n\n                                <p>- Adjustable cuffs</p>\n\n                                <p>- Double welted front pockets</p>\n\n                                <p>- Adjustable elastic string at hempen</p>\n\n                                <p>- Ultrasonically welded seams</p>\n\n                                <p>This is a unisex item, please check our clothing &amp; footwear sizing guide for specific Rains jacket sizing information. RAINS comes from the rainy nation of Denmark at the edge of the European continent, close to the ocean and with prevailing westerly winds; all factors that contribute to an average of 121 rain days each year. Arising from these rainy weather conditions comes the attitude that a quick rain shower may be beautiful, as well as moody- but first and foremost requires the right outfit. Rains focus on the whole experience of going outside on rainy days, issuing an invitation to explore even in the most mercurial weather.</p>','published','[\"products\\/7.jpg\"]','SW-189-A0',0,17,0,1,1,NULL,NULL,6,0,0,0,0,53,NULL,NULL,NULL,12.00,20.00,12.00,716.00,NULL,NULL,NULL,NULL,NULL,'2021-05-03 01:53:31','2021-05-03 01:53:31',1,90600,'in_stock',NULL),(8,'Smart Televisions','<ul><li> Unrestrained and portable active stereo speaker</li>\n            <li> Free from the confines of wires and chords</li>\n            <li> 20 hours of portable capabilities</li>\n            <li> Double-ended Coil Cord with 3.5mm Stereo Plugs Included</li>\n            <li> 3/4″ Dome Tweeters: 2X and 4″ Woofer: 1X</li></ul>','<p>Short Hooded Coat features a straight body, large pockets with button flaps, ventilation air holes, and a string detail along the hemline. The style is completed with a drawstring hood, featuring Rains&rsquo; signature built-in cap. Made from waterproof, matte PU, this lightweight unisex rain jacket is an ode to nostalgia through its classic silhouette and utilitarian design details.</p>\n                                <p>- Casual unisex fit</p>\n\n                                <p>- 64% polyester, 36% polyurethane</p>\n\n                                <p>- Water column pressure: 4000 mm</p>\n\n                                <p>- Model is 187cm tall and wearing a size S / M</p>\n\n                                <p>- Unisex fit</p>\n\n                                <p>- Drawstring hood with built-in cap</p>\n\n                                <p>- Front placket with snap buttons</p>\n\n                                <p>- Ventilation under armpit</p>\n\n                                <p>- Adjustable cuffs</p>\n\n                                <p>- Double welted front pockets</p>\n\n                                <p>- Adjustable elastic string at hempen</p>\n\n                                <p>- Ultrasonically welded seams</p>\n\n                                <p>This is a unisex item, please check our clothing &amp; footwear sizing guide for specific Rains jacket sizing information. RAINS comes from the rainy nation of Denmark at the edge of the European continent, close to the ocean and with prevailing westerly winds; all factors that contribute to an average of 121 rain days each year. Arising from these rainy weather conditions comes the attitude that a quick rain shower may be beautiful, as well as moody- but first and foremost requires the right outfit. Rains focus on the whole experience of going outside on rainy days, issuing an invitation to explore even in the most mercurial weather.</p>','published','[\"products\\/8.jpg\"]','SW-152-A0',0,16,0,1,1,NULL,NULL,2,0,0,0,0,111,82.14,NULL,NULL,14.00,10.00,10.00,864.00,NULL,NULL,NULL,NULL,NULL,'2021-05-03 01:53:31','2021-05-03 01:53:31',1,45669,'in_stock',NULL),(9,'Samsung Smart Phone','<ul><li> Unrestrained and portable active stereo speaker</li>\n            <li> Free from the confines of wires and chords</li>\n            <li> 20 hours of portable capabilities</li>\n            <li> Double-ended Coil Cord with 3.5mm Stereo Plugs Included</li>\n            <li> 3/4″ Dome Tweeters: 2X and 4″ Woofer: 1X</li></ul>','<p>Short Hooded Coat features a straight body, large pockets with button flaps, ventilation air holes, and a string detail along the hemline. The style is completed with a drawstring hood, featuring Rains&rsquo; signature built-in cap. Made from waterproof, matte PU, this lightweight unisex rain jacket is an ode to nostalgia through its classic silhouette and utilitarian design details.</p>\n                                <p>- Casual unisex fit</p>\n\n                                <p>- 64% polyester, 36% polyurethane</p>\n\n                                <p>- Water column pressure: 4000 mm</p>\n\n                                <p>- Model is 187cm tall and wearing a size S / M</p>\n\n                                <p>- Unisex fit</p>\n\n                                <p>- Drawstring hood with built-in cap</p>\n\n                                <p>- Front placket with snap buttons</p>\n\n                                <p>- Ventilation under armpit</p>\n\n                                <p>- Adjustable cuffs</p>\n\n                                <p>- Double welted front pockets</p>\n\n                                <p>- Adjustable elastic string at hempen</p>\n\n                                <p>- Ultrasonically welded seams</p>\n\n                                <p>This is a unisex item, please check our clothing &amp; footwear sizing guide for specific Rains jacket sizing information. RAINS comes from the rainy nation of Denmark at the edge of the European continent, close to the ocean and with prevailing westerly winds; all factors that contribute to an average of 121 rain days each year. Arising from these rainy weather conditions comes the attitude that a quick rain shower may be beautiful, as well as moody- but first and foremost requires the right outfit. Rains focus on the whole experience of going outside on rainy days, issuing an invitation to explore even in the most mercurial weather.</p>','published','[\"products\\/9.jpg\"]','SW-152-A0',0,12,0,1,1,NULL,NULL,7,0,0,0,0,54,NULL,NULL,NULL,12.00,13.00,12.00,676.00,NULL,NULL,NULL,NULL,NULL,'2021-05-03 01:53:31','2021-05-03 01:53:31',1,36387,'in_stock',NULL),(10,'Herschel Leather Duffle Bag In Brown Color','<ul><li> Unrestrained and portable active stereo speaker</li>\n            <li> Free from the confines of wires and chords</li>\n            <li> 20 hours of portable capabilities</li>\n            <li> Double-ended Coil Cord with 3.5mm Stereo Plugs Included</li>\n            <li> 3/4″ Dome Tweeters: 2X and 4″ Woofer: 1X</li></ul>','<p>Short Hooded Coat features a straight body, large pockets with button flaps, ventilation air holes, and a string detail along the hemline. The style is completed with a drawstring hood, featuring Rains&rsquo; signature built-in cap. Made from waterproof, matte PU, this lightweight unisex rain jacket is an ode to nostalgia through its classic silhouette and utilitarian design details.</p>\n                                <p>- Casual unisex fit</p>\n\n                                <p>- 64% polyester, 36% polyurethane</p>\n\n                                <p>- Water column pressure: 4000 mm</p>\n\n                                <p>- Model is 187cm tall and wearing a size S / M</p>\n\n                                <p>- Unisex fit</p>\n\n                                <p>- Drawstring hood with built-in cap</p>\n\n                                <p>- Front placket with snap buttons</p>\n\n                                <p>- Ventilation under armpit</p>\n\n                                <p>- Adjustable cuffs</p>\n\n                                <p>- Double welted front pockets</p>\n\n                                <p>- Adjustable elastic string at hempen</p>\n\n                                <p>- Ultrasonically welded seams</p>\n\n                                <p>This is a unisex item, please check our clothing &amp; footwear sizing guide for specific Rains jacket sizing information. RAINS comes from the rainy nation of Denmark at the edge of the European continent, close to the ocean and with prevailing westerly winds; all factors that contribute to an average of 121 rain days each year. Arising from these rainy weather conditions comes the attitude that a quick rain shower may be beautiful, as well as moody- but first and foremost requires the right outfit. Rains focus on the whole experience of going outside on rainy days, issuing an invitation to explore even in the most mercurial weather.</p>','published','[\"products\\/10.jpg\"]','SW-185-A0',0,13,0,1,0,NULL,NULL,5,0,0,0,0,111,NULL,NULL,NULL,12.00,20.00,15.00,820.00,NULL,NULL,NULL,NULL,NULL,'2021-05-03 01:53:31','2021-05-03 01:53:31',1,101397,'in_stock',NULL),(11,'Xbox One Wireless Controller Black Color','<ul><li> Unrestrained and portable active stereo speaker</li>\n            <li> Free from the confines of wires and chords</li>\n            <li> 20 hours of portable capabilities</li>\n            <li> Double-ended Coil Cord with 3.5mm Stereo Plugs Included</li>\n            <li> 3/4″ Dome Tweeters: 2X and 4″ Woofer: 1X</li></ul>','<p>Short Hooded Coat features a straight body, large pockets with button flaps, ventilation air holes, and a string detail along the hemline. The style is completed with a drawstring hood, featuring Rains&rsquo; signature built-in cap. Made from waterproof, matte PU, this lightweight unisex rain jacket is an ode to nostalgia through its classic silhouette and utilitarian design details.</p>\n                                <p>- Casual unisex fit</p>\n\n                                <p>- 64% polyester, 36% polyurethane</p>\n\n                                <p>- Water column pressure: 4000 mm</p>\n\n                                <p>- Model is 187cm tall and wearing a size S / M</p>\n\n                                <p>- Unisex fit</p>\n\n                                <p>- Drawstring hood with built-in cap</p>\n\n                                <p>- Front placket with snap buttons</p>\n\n                                <p>- Ventilation under armpit</p>\n\n                                <p>- Adjustable cuffs</p>\n\n                                <p>- Double welted front pockets</p>\n\n                                <p>- Adjustable elastic string at hempen</p>\n\n                                <p>- Ultrasonically welded seams</p>\n\n                                <p>This is a unisex item, please check our clothing &amp; footwear sizing guide for specific Rains jacket sizing information. RAINS comes from the rainy nation of Denmark at the edge of the European continent, close to the ocean and with prevailing westerly winds; all factors that contribute to an average of 121 rain days each year. Arising from these rainy weather conditions comes the attitude that a quick rain shower may be beautiful, as well as moody- but first and foremost requires the right outfit. Rains focus on the whole experience of going outside on rainy days, issuing an invitation to explore even in the most mercurial weather.</p>','published','[\"products\\/11.jpg\"]','SW-142-A0',0,10,0,1,0,NULL,NULL,3,0,0,0,0,110,NULL,NULL,NULL,10.00,20.00,16.00,663.00,NULL,NULL,NULL,NULL,NULL,'2021-05-03 01:53:31','2021-05-03 01:53:31',1,120336,'in_stock',NULL),(12,'EPSION Plaster Printer','<ul><li> Unrestrained and portable active stereo speaker</li>\n            <li> Free from the confines of wires and chords</li>\n            <li> 20 hours of portable capabilities</li>\n            <li> Double-ended Coil Cord with 3.5mm Stereo Plugs Included</li>\n            <li> 3/4″ Dome Tweeters: 2X and 4″ Woofer: 1X</li></ul>','<p>Short Hooded Coat features a straight body, large pockets with button flaps, ventilation air holes, and a string detail along the hemline. The style is completed with a drawstring hood, featuring Rains&rsquo; signature built-in cap. Made from waterproof, matte PU, this lightweight unisex rain jacket is an ode to nostalgia through its classic silhouette and utilitarian design details.</p>\n                                <p>- Casual unisex fit</p>\n\n                                <p>- 64% polyester, 36% polyurethane</p>\n\n                                <p>- Water column pressure: 4000 mm</p>\n\n                                <p>- Model is 187cm tall and wearing a size S / M</p>\n\n                                <p>- Unisex fit</p>\n\n                                <p>- Drawstring hood with built-in cap</p>\n\n                                <p>- Front placket with snap buttons</p>\n\n                                <p>- Ventilation under armpit</p>\n\n                                <p>- Adjustable cuffs</p>\n\n                                <p>- Double welted front pockets</p>\n\n                                <p>- Adjustable elastic string at hempen</p>\n\n                                <p>- Ultrasonically welded seams</p>\n\n                                <p>This is a unisex item, please check our clothing &amp; footwear sizing guide for specific Rains jacket sizing information. RAINS comes from the rainy nation of Denmark at the edge of the European continent, close to the ocean and with prevailing westerly winds; all factors that contribute to an average of 121 rain days each year. Arising from these rainy weather conditions comes the attitude that a quick rain shower may be beautiful, as well as moody- but first and foremost requires the right outfit. Rains focus on the whole experience of going outside on rainy days, issuing an invitation to explore even in the most mercurial weather.</p>','published','[\"products\\/12.jpg\"]','SW-194-A0',0,15,0,1,0,NULL,NULL,5,0,0,0,0,50,35.5,NULL,NULL,20.00,14.00,10.00,711.00,NULL,NULL,NULL,NULL,NULL,'2021-05-03 01:53:31','2021-05-03 01:53:31',1,14550,'in_stock',NULL),(13,'Sound Intone I65 Earphone White Version','<ul><li> Unrestrained and portable active stereo speaker</li>\n            <li> Free from the confines of wires and chords</li>\n            <li> 20 hours of portable capabilities</li>\n            <li> Double-ended Coil Cord with 3.5mm Stereo Plugs Included</li>\n            <li> 3/4″ Dome Tweeters: 2X and 4″ Woofer: 1X</li></ul>','<p>Short Hooded Coat features a straight body, large pockets with button flaps, ventilation air holes, and a string detail along the hemline. The style is completed with a drawstring hood, featuring Rains&rsquo; signature built-in cap. Made from waterproof, matte PU, this lightweight unisex rain jacket is an ode to nostalgia through its classic silhouette and utilitarian design details.</p>\n                                <p>- Casual unisex fit</p>\n\n                                <p>- 64% polyester, 36% polyurethane</p>\n\n                                <p>- Water column pressure: 4000 mm</p>\n\n                                <p>- Model is 187cm tall and wearing a size S / M</p>\n\n                                <p>- Unisex fit</p>\n\n                                <p>- Drawstring hood with built-in cap</p>\n\n                                <p>- Front placket with snap buttons</p>\n\n                                <p>- Ventilation under armpit</p>\n\n                                <p>- Adjustable cuffs</p>\n\n                                <p>- Double welted front pockets</p>\n\n                                <p>- Adjustable elastic string at hempen</p>\n\n                                <p>- Ultrasonically welded seams</p>\n\n                                <p>This is a unisex item, please check our clothing &amp; footwear sizing guide for specific Rains jacket sizing information. RAINS comes from the rainy nation of Denmark at the edge of the European continent, close to the ocean and with prevailing westerly winds; all factors that contribute to an average of 121 rain days each year. Arising from these rainy weather conditions comes the attitude that a quick rain shower may be beautiful, as well as moody- but first and foremost requires the right outfit. Rains focus on the whole experience of going outside on rainy days, issuing an invitation to explore even in the most mercurial weather.</p>','published','[\"products\\/13.jpg\"]','SW-143-A0',0,12,0,1,0,NULL,NULL,5,0,0,0,0,55,NULL,NULL,NULL,14.00,15.00,19.00,675.00,NULL,NULL,NULL,NULL,NULL,'2021-05-03 01:53:31','2021-05-03 01:53:31',1,125574,'in_stock',NULL),(14,'B&O Play Mini Bluetooth Speaker','<ul><li> Unrestrained and portable active stereo speaker</li>\n            <li> Free from the confines of wires and chords</li>\n            <li> 20 hours of portable capabilities</li>\n            <li> Double-ended Coil Cord with 3.5mm Stereo Plugs Included</li>\n            <li> 3/4″ Dome Tweeters: 2X and 4″ Woofer: 1X</li></ul>','<p>Short Hooded Coat features a straight body, large pockets with button flaps, ventilation air holes, and a string detail along the hemline. The style is completed with a drawstring hood, featuring Rains&rsquo; signature built-in cap. Made from waterproof, matte PU, this lightweight unisex rain jacket is an ode to nostalgia through its classic silhouette and utilitarian design details.</p>\n                                <p>- Casual unisex fit</p>\n\n                                <p>- 64% polyester, 36% polyurethane</p>\n\n                                <p>- Water column pressure: 4000 mm</p>\n\n                                <p>- Model is 187cm tall and wearing a size S / M</p>\n\n                                <p>- Unisex fit</p>\n\n                                <p>- Drawstring hood with built-in cap</p>\n\n                                <p>- Front placket with snap buttons</p>\n\n                                <p>- Ventilation under armpit</p>\n\n                                <p>- Adjustable cuffs</p>\n\n                                <p>- Double welted front pockets</p>\n\n                                <p>- Adjustable elastic string at hempen</p>\n\n                                <p>- Ultrasonically welded seams</p>\n\n                                <p>This is a unisex item, please check our clothing &amp; footwear sizing guide for specific Rains jacket sizing information. RAINS comes from the rainy nation of Denmark at the edge of the European continent, close to the ocean and with prevailing westerly winds; all factors that contribute to an average of 121 rain days each year. Arising from these rainy weather conditions comes the attitude that a quick rain shower may be beautiful, as well as moody- but first and foremost requires the right outfit. Rains focus on the whole experience of going outside on rainy days, issuing an invitation to explore even in the most mercurial weather.</p>','published','[\"products\\/14.jpg\"]','SW-194-A0',0,13,0,1,0,NULL,NULL,3,0,0,0,0,60,NULL,NULL,NULL,15.00,14.00,11.00,855.00,NULL,NULL,NULL,NULL,NULL,'2021-05-03 01:53:31','2021-05-03 01:53:31',1,119309,'in_stock',NULL),(15,'Apple MacBook Air Retina 13.3-Inch Laptop','<ul><li> Unrestrained and portable active stereo speaker</li>\n            <li> Free from the confines of wires and chords</li>\n            <li> 20 hours of portable capabilities</li>\n            <li> Double-ended Coil Cord with 3.5mm Stereo Plugs Included</li>\n            <li> 3/4″ Dome Tweeters: 2X and 4″ Woofer: 1X</li></ul>','<p>Short Hooded Coat features a straight body, large pockets with button flaps, ventilation air holes, and a string detail along the hemline. The style is completed with a drawstring hood, featuring Rains&rsquo; signature built-in cap. Made from waterproof, matte PU, this lightweight unisex rain jacket is an ode to nostalgia through its classic silhouette and utilitarian design details.</p>\n                                <p>- Casual unisex fit</p>\n\n                                <p>- 64% polyester, 36% polyurethane</p>\n\n                                <p>- Water column pressure: 4000 mm</p>\n\n                                <p>- Model is 187cm tall and wearing a size S / M</p>\n\n                                <p>- Unisex fit</p>\n\n                                <p>- Drawstring hood with built-in cap</p>\n\n                                <p>- Front placket with snap buttons</p>\n\n                                <p>- Ventilation under armpit</p>\n\n                                <p>- Adjustable cuffs</p>\n\n                                <p>- Double welted front pockets</p>\n\n                                <p>- Adjustable elastic string at hempen</p>\n\n                                <p>- Ultrasonically welded seams</p>\n\n                                <p>This is a unisex item, please check our clothing &amp; footwear sizing guide for specific Rains jacket sizing information. RAINS comes from the rainy nation of Denmark at the edge of the European continent, close to the ocean and with prevailing westerly winds; all factors that contribute to an average of 121 rain days each year. Arising from these rainy weather conditions comes the attitude that a quick rain shower may be beautiful, as well as moody- but first and foremost requires the right outfit. Rains focus on the whole experience of going outside on rainy days, issuing an invitation to explore even in the most mercurial weather.</p>','published','[\"products\\/15.jpg\"]','SW-112-A0',0,18,0,1,0,NULL,NULL,4,0,0,0,0,58,NULL,NULL,NULL,11.00,15.00,11.00,633.00,NULL,NULL,NULL,NULL,NULL,'2021-05-03 01:53:31','2021-05-03 01:53:31',1,142753,'in_stock',NULL),(16,'Apple MacBook Air Retina 12-Inch Laptop','<ul><li> Unrestrained and portable active stereo speaker</li>\n            <li> Free from the confines of wires and chords</li>\n            <li> 20 hours of portable capabilities</li>\n            <li> Double-ended Coil Cord with 3.5mm Stereo Plugs Included</li>\n            <li> 3/4″ Dome Tweeters: 2X and 4″ Woofer: 1X</li></ul>','<p>Short Hooded Coat features a straight body, large pockets with button flaps, ventilation air holes, and a string detail along the hemline. The style is completed with a drawstring hood, featuring Rains&rsquo; signature built-in cap. Made from waterproof, matte PU, this lightweight unisex rain jacket is an ode to nostalgia through its classic silhouette and utilitarian design details.</p>\n                                <p>- Casual unisex fit</p>\n\n                                <p>- 64% polyester, 36% polyurethane</p>\n\n                                <p>- Water column pressure: 4000 mm</p>\n\n                                <p>- Model is 187cm tall and wearing a size S / M</p>\n\n                                <p>- Unisex fit</p>\n\n                                <p>- Drawstring hood with built-in cap</p>\n\n                                <p>- Front placket with snap buttons</p>\n\n                                <p>- Ventilation under armpit</p>\n\n                                <p>- Adjustable cuffs</p>\n\n                                <p>- Double welted front pockets</p>\n\n                                <p>- Adjustable elastic string at hempen</p>\n\n                                <p>- Ultrasonically welded seams</p>\n\n                                <p>This is a unisex item, please check our clothing &amp; footwear sizing guide for specific Rains jacket sizing information. RAINS comes from the rainy nation of Denmark at the edge of the European continent, close to the ocean and with prevailing westerly winds; all factors that contribute to an average of 121 rain days each year. Arising from these rainy weather conditions comes the attitude that a quick rain shower may be beautiful, as well as moody- but first and foremost requires the right outfit. Rains focus on the whole experience of going outside on rainy days, issuing an invitation to explore even in the most mercurial weather.</p>','published','[\"products\\/16.jpg\"]','SW-122-A0',0,16,0,1,0,NULL,NULL,1,0,0,0,0,50,36,NULL,NULL,13.00,13.00,11.00,845.00,NULL,NULL,NULL,NULL,NULL,'2021-05-03 01:53:31','2021-05-03 01:53:31',1,137347,'in_stock',NULL),(17,'Samsung Gear VR Virtual Reality Headset','<ul><li> Unrestrained and portable active stereo speaker</li>\n            <li> Free from the confines of wires and chords</li>\n            <li> 20 hours of portable capabilities</li>\n            <li> Double-ended Coil Cord with 3.5mm Stereo Plugs Included</li>\n            <li> 3/4″ Dome Tweeters: 2X and 4″ Woofer: 1X</li></ul>','<p>Short Hooded Coat features a straight body, large pockets with button flaps, ventilation air holes, and a string detail along the hemline. The style is completed with a drawstring hood, featuring Rains&rsquo; signature built-in cap. Made from waterproof, matte PU, this lightweight unisex rain jacket is an ode to nostalgia through its classic silhouette and utilitarian design details.</p>\n                                <p>- Casual unisex fit</p>\n\n                                <p>- 64% polyester, 36% polyurethane</p>\n\n                                <p>- Water column pressure: 4000 mm</p>\n\n                                <p>- Model is 187cm tall and wearing a size S / M</p>\n\n                                <p>- Unisex fit</p>\n\n                                <p>- Drawstring hood with built-in cap</p>\n\n                                <p>- Front placket with snap buttons</p>\n\n                                <p>- Ventilation under armpit</p>\n\n                                <p>- Adjustable cuffs</p>\n\n                                <p>- Double welted front pockets</p>\n\n                                <p>- Adjustable elastic string at hempen</p>\n\n                                <p>- Ultrasonically welded seams</p>\n\n                                <p>This is a unisex item, please check our clothing &amp; footwear sizing guide for specific Rains jacket sizing information. RAINS comes from the rainy nation of Denmark at the edge of the European continent, close to the ocean and with prevailing westerly winds; all factors that contribute to an average of 121 rain days each year. Arising from these rainy weather conditions comes the attitude that a quick rain shower may be beautiful, as well as moody- but first and foremost requires the right outfit. Rains focus on the whole experience of going outside on rainy days, issuing an invitation to explore even in the most mercurial weather.</p>','published','[\"products\\/17.jpg\"]','SW-167-A0',0,13,0,1,0,NULL,NULL,3,0,0,0,0,52,NULL,NULL,NULL,17.00,13.00,14.00,561.00,NULL,NULL,NULL,NULL,NULL,'2021-05-03 01:53:31','2021-05-03 01:53:31',1,92377,'in_stock',NULL),(18,'Aveeno Moisturizing Body Shower 450ml','<ul><li> Unrestrained and portable active stereo speaker</li>\n            <li> Free from the confines of wires and chords</li>\n            <li> 20 hours of portable capabilities</li>\n            <li> Double-ended Coil Cord with 3.5mm Stereo Plugs Included</li>\n            <li> 3/4″ Dome Tweeters: 2X and 4″ Woofer: 1X</li></ul>','<p>Short Hooded Coat features a straight body, large pockets with button flaps, ventilation air holes, and a string detail along the hemline. The style is completed with a drawstring hood, featuring Rains&rsquo; signature built-in cap. Made from waterproof, matte PU, this lightweight unisex rain jacket is an ode to nostalgia through its classic silhouette and utilitarian design details.</p>\n                                <p>- Casual unisex fit</p>\n\n                                <p>- 64% polyester, 36% polyurethane</p>\n\n                                <p>- Water column pressure: 4000 mm</p>\n\n                                <p>- Model is 187cm tall and wearing a size S / M</p>\n\n                                <p>- Unisex fit</p>\n\n                                <p>- Drawstring hood with built-in cap</p>\n\n                                <p>- Front placket with snap buttons</p>\n\n                                <p>- Ventilation under armpit</p>\n\n                                <p>- Adjustable cuffs</p>\n\n                                <p>- Double welted front pockets</p>\n\n                                <p>- Adjustable elastic string at hempen</p>\n\n                                <p>- Ultrasonically welded seams</p>\n\n                                <p>This is a unisex item, please check our clothing &amp; footwear sizing guide for specific Rains jacket sizing information. RAINS comes from the rainy nation of Denmark at the edge of the European continent, close to the ocean and with prevailing westerly winds; all factors that contribute to an average of 121 rain days each year. Arising from these rainy weather conditions comes the attitude that a quick rain shower may be beautiful, as well as moody- but first and foremost requires the right outfit. Rains focus on the whole experience of going outside on rainy days, issuing an invitation to explore even in the most mercurial weather.</p>','published','[\"products\\/18.jpg\"]','SW-128-A0',0,16,0,1,0,NULL,NULL,4,0,0,0,0,120,NULL,NULL,NULL,14.00,19.00,19.00,627.00,NULL,NULL,NULL,NULL,NULL,'2021-05-03 01:53:31','2021-05-03 01:53:31',1,151198,'in_stock',NULL),(19,'NYX Beauty Couton Pallete Makeup 12','<ul><li> Unrestrained and portable active stereo speaker</li>\n            <li> Free from the confines of wires and chords</li>\n            <li> 20 hours of portable capabilities</li>\n            <li> Double-ended Coil Cord with 3.5mm Stereo Plugs Included</li>\n            <li> 3/4″ Dome Tweeters: 2X and 4″ Woofer: 1X</li></ul>','<p>Short Hooded Coat features a straight body, large pockets with button flaps, ventilation air holes, and a string detail along the hemline. The style is completed with a drawstring hood, featuring Rains&rsquo; signature built-in cap. Made from waterproof, matte PU, this lightweight unisex rain jacket is an ode to nostalgia through its classic silhouette and utilitarian design details.</p>\n                                <p>- Casual unisex fit</p>\n\n                                <p>- 64% polyester, 36% polyurethane</p>\n\n                                <p>- Water column pressure: 4000 mm</p>\n\n                                <p>- Model is 187cm tall and wearing a size S / M</p>\n\n                                <p>- Unisex fit</p>\n\n                                <p>- Drawstring hood with built-in cap</p>\n\n                                <p>- Front placket with snap buttons</p>\n\n                                <p>- Ventilation under armpit</p>\n\n                                <p>- Adjustable cuffs</p>\n\n                                <p>- Double welted front pockets</p>\n\n                                <p>- Adjustable elastic string at hempen</p>\n\n                                <p>- Ultrasonically welded seams</p>\n\n                                <p>This is a unisex item, please check our clothing &amp; footwear sizing guide for specific Rains jacket sizing information. RAINS comes from the rainy nation of Denmark at the edge of the European continent, close to the ocean and with prevailing westerly winds; all factors that contribute to an average of 121 rain days each year. Arising from these rainy weather conditions comes the attitude that a quick rain shower may be beautiful, as well as moody- but first and foremost requires the right outfit. Rains focus on the whole experience of going outside on rainy days, issuing an invitation to explore even in the most mercurial weather.</p>','published','[\"products\\/19.jpg\"]','SW-167-A0',0,17,0,1,0,NULL,NULL,6,0,0,0,0,115,NULL,NULL,NULL,20.00,17.00,19.00,580.00,NULL,NULL,NULL,NULL,NULL,'2021-05-03 01:53:31','2021-05-03 01:53:31',1,110572,'in_stock',NULL),(20,'NYX Beauty Couton Pallete Makeup 12','<ul><li> Unrestrained and portable active stereo speaker</li>\n            <li> Free from the confines of wires and chords</li>\n            <li> 20 hours of portable capabilities</li>\n            <li> Double-ended Coil Cord with 3.5mm Stereo Plugs Included</li>\n            <li> 3/4″ Dome Tweeters: 2X and 4″ Woofer: 1X</li></ul>','<p>Short Hooded Coat features a straight body, large pockets with button flaps, ventilation air holes, and a string detail along the hemline. The style is completed with a drawstring hood, featuring Rains&rsquo; signature built-in cap. Made from waterproof, matte PU, this lightweight unisex rain jacket is an ode to nostalgia through its classic silhouette and utilitarian design details.</p>\n                                <p>- Casual unisex fit</p>\n\n                                <p>- 64% polyester, 36% polyurethane</p>\n\n                                <p>- Water column pressure: 4000 mm</p>\n\n                                <p>- Model is 187cm tall and wearing a size S / M</p>\n\n                                <p>- Unisex fit</p>\n\n                                <p>- Drawstring hood with built-in cap</p>\n\n                                <p>- Front placket with snap buttons</p>\n\n                                <p>- Ventilation under armpit</p>\n\n                                <p>- Adjustable cuffs</p>\n\n                                <p>- Double welted front pockets</p>\n\n                                <p>- Adjustable elastic string at hempen</p>\n\n                                <p>- Ultrasonically welded seams</p>\n\n                                <p>This is a unisex item, please check our clothing &amp; footwear sizing guide for specific Rains jacket sizing information. RAINS comes from the rainy nation of Denmark at the edge of the European continent, close to the ocean and with prevailing westerly winds; all factors that contribute to an average of 121 rain days each year. Arising from these rainy weather conditions comes the attitude that a quick rain shower may be beautiful, as well as moody- but first and foremost requires the right outfit. Rains focus on the whole experience of going outside on rainy days, issuing an invitation to explore even in the most mercurial weather.</p>','published','[\"products\\/20.jpg\"]','SW-182-A0',0,13,0,1,0,NULL,NULL,3,0,0,0,0,126,91.98,NULL,NULL,17.00,19.00,17.00,869.00,NULL,NULL,NULL,NULL,NULL,'2021-05-03 01:53:31','2021-05-03 01:53:31',1,62719,'in_stock',NULL),(21,'MVMTH Classical Leather Watch In Black','<ul><li> Unrestrained and portable active stereo speaker</li>\n            <li> Free from the confines of wires and chords</li>\n            <li> 20 hours of portable capabilities</li>\n            <li> Double-ended Coil Cord with 3.5mm Stereo Plugs Included</li>\n            <li> 3/4″ Dome Tweeters: 2X and 4″ Woofer: 1X</li></ul>','<p>Short Hooded Coat features a straight body, large pockets with button flaps, ventilation air holes, and a string detail along the hemline. The style is completed with a drawstring hood, featuring Rains&rsquo; signature built-in cap. Made from waterproof, matte PU, this lightweight unisex rain jacket is an ode to nostalgia through its classic silhouette and utilitarian design details.</p>\n                                <p>- Casual unisex fit</p>\n\n                                <p>- 64% polyester, 36% polyurethane</p>\n\n                                <p>- Water column pressure: 4000 mm</p>\n\n                                <p>- Model is 187cm tall and wearing a size S / M</p>\n\n                                <p>- Unisex fit</p>\n\n                                <p>- Drawstring hood with built-in cap</p>\n\n                                <p>- Front placket with snap buttons</p>\n\n                                <p>- Ventilation under armpit</p>\n\n                                <p>- Adjustable cuffs</p>\n\n                                <p>- Double welted front pockets</p>\n\n                                <p>- Adjustable elastic string at hempen</p>\n\n                                <p>- Ultrasonically welded seams</p>\n\n                                <p>This is a unisex item, please check our clothing &amp; footwear sizing guide for specific Rains jacket sizing information. RAINS comes from the rainy nation of Denmark at the edge of the European continent, close to the ocean and with prevailing westerly winds; all factors that contribute to an average of 121 rain days each year. Arising from these rainy weather conditions comes the attitude that a quick rain shower may be beautiful, as well as moody- but first and foremost requires the right outfit. Rains focus on the whole experience of going outside on rainy days, issuing an invitation to explore even in the most mercurial weather.</p>','published','[\"products\\/21.jpg\"]','SW-157-A0',0,17,0,1,0,NULL,NULL,6,0,0,0,0,62.35,NULL,NULL,NULL,16.00,18.00,18.00,513.00,NULL,NULL,NULL,NULL,NULL,'2021-05-03 01:53:31','2021-05-03 01:53:31',1,17870,'in_stock',NULL),(22,'Baxter Care Hair Kit For Bearded Mens','<ul><li> Unrestrained and portable active stereo speaker</li>\n            <li> Free from the confines of wires and chords</li>\n            <li> 20 hours of portable capabilities</li>\n            <li> Double-ended Coil Cord with 3.5mm Stereo Plugs Included</li>\n            <li> 3/4″ Dome Tweeters: 2X and 4″ Woofer: 1X</li></ul>','<p>Short Hooded Coat features a straight body, large pockets with button flaps, ventilation air holes, and a string detail along the hemline. The style is completed with a drawstring hood, featuring Rains&rsquo; signature built-in cap. Made from waterproof, matte PU, this lightweight unisex rain jacket is an ode to nostalgia through its classic silhouette and utilitarian design details.</p>\n                                <p>- Casual unisex fit</p>\n\n                                <p>- 64% polyester, 36% polyurethane</p>\n\n                                <p>- Water column pressure: 4000 mm</p>\n\n                                <p>- Model is 187cm tall and wearing a size S / M</p>\n\n                                <p>- Unisex fit</p>\n\n                                <p>- Drawstring hood with built-in cap</p>\n\n                                <p>- Front placket with snap buttons</p>\n\n                                <p>- Ventilation under armpit</p>\n\n                                <p>- Adjustable cuffs</p>\n\n                                <p>- Double welted front pockets</p>\n\n                                <p>- Adjustable elastic string at hempen</p>\n\n                                <p>- Ultrasonically welded seams</p>\n\n                                <p>This is a unisex item, please check our clothing &amp; footwear sizing guide for specific Rains jacket sizing information. RAINS comes from the rainy nation of Denmark at the edge of the European continent, close to the ocean and with prevailing westerly winds; all factors that contribute to an average of 121 rain days each year. Arising from these rainy weather conditions comes the attitude that a quick rain shower may be beautiful, as well as moody- but first and foremost requires the right outfit. Rains focus on the whole experience of going outside on rainy days, issuing an invitation to explore even in the most mercurial weather.</p>','published','[\"products\\/22.jpg\"]','SW-177-A0',0,19,0,1,0,NULL,NULL,7,0,0,0,0,125.17,NULL,NULL,NULL,14.00,18.00,19.00,648.00,NULL,NULL,NULL,NULL,NULL,'2021-05-03 01:53:31','2021-05-03 01:53:31',1,100239,'in_stock',NULL),(23,'Ciate Palemore Lipstick Bold Red Color','<ul><li> Unrestrained and portable active stereo speaker</li>\n            <li> Free from the confines of wires and chords</li>\n            <li> 20 hours of portable capabilities</li>\n            <li> Double-ended Coil Cord with 3.5mm Stereo Plugs Included</li>\n            <li> 3/4″ Dome Tweeters: 2X and 4″ Woofer: 1X</li></ul>','<p>Short Hooded Coat features a straight body, large pockets with button flaps, ventilation air holes, and a string detail along the hemline. The style is completed with a drawstring hood, featuring Rains&rsquo; signature built-in cap. Made from waterproof, matte PU, this lightweight unisex rain jacket is an ode to nostalgia through its classic silhouette and utilitarian design details.</p>\n                                <p>- Casual unisex fit</p>\n\n                                <p>- 64% polyester, 36% polyurethane</p>\n\n                                <p>- Water column pressure: 4000 mm</p>\n\n                                <p>- Model is 187cm tall and wearing a size S / M</p>\n\n                                <p>- Unisex fit</p>\n\n                                <p>- Drawstring hood with built-in cap</p>\n\n                                <p>- Front placket with snap buttons</p>\n\n                                <p>- Ventilation under armpit</p>\n\n                                <p>- Adjustable cuffs</p>\n\n                                <p>- Double welted front pockets</p>\n\n                                <p>- Adjustable elastic string at hempen</p>\n\n                                <p>- Ultrasonically welded seams</p>\n\n                                <p>This is a unisex item, please check our clothing &amp; footwear sizing guide for specific Rains jacket sizing information. RAINS comes from the rainy nation of Denmark at the edge of the European continent, close to the ocean and with prevailing westerly winds; all factors that contribute to an average of 121 rain days each year. Arising from these rainy weather conditions comes the attitude that a quick rain shower may be beautiful, as well as moody- but first and foremost requires the right outfit. Rains focus on the whole experience of going outside on rainy days, issuing an invitation to explore even in the most mercurial weather.</p>','published','[\"products\\/23.jpg\"]','SW-195-A0',0,15,0,1,0,NULL,NULL,7,0,0,0,0,66.78,NULL,NULL,NULL,11.00,18.00,20.00,869.00,NULL,NULL,NULL,NULL,NULL,'2021-05-03 01:53:31','2021-05-03 01:53:31',1,58678,'in_stock',NULL),(24,'Dual Camera 20MP',NULL,NULL,'published','[\"products\\/1.jpg\"]','SW-171-A0',0,15,0,1,0,NULL,NULL,7,1,0,0,0,80.25,NULL,NULL,NULL,13.00,13.00,17.00,890.00,NULL,NULL,NULL,NULL,NULL,'2021-05-03 01:53:31','2021-05-03 01:53:31',NULL,0,'in_stock',NULL),(25,'Smart Watches',NULL,NULL,'published','[\"products\\/2.jpg\"]','SW-100-A0',0,19,0,1,0,NULL,NULL,2,1,0,0,0,40.5,NULL,NULL,NULL,14.00,12.00,12.00,603.00,NULL,NULL,NULL,NULL,NULL,'2021-05-03 01:53:31','2021-05-03 01:53:31',NULL,0,'in_stock',NULL),(26,'Beat Headphone',NULL,NULL,'published','[\"products\\/3.jpg\"]','SW-111-A0',0,11,0,1,0,NULL,NULL,5,1,0,0,0,20,NULL,NULL,NULL,19.00,13.00,13.00,869.00,NULL,NULL,NULL,NULL,NULL,'2021-05-03 01:53:31','2021-05-03 01:53:31',NULL,0,'in_stock',NULL),(27,'Red & Black Headphone',NULL,NULL,'published','[\"products\\/4.jpg\"]','SW-115-A0',0,19,0,1,0,NULL,NULL,6,1,0,0,0,57,47.88,NULL,NULL,15.00,15.00,15.00,690.00,NULL,NULL,NULL,NULL,NULL,'2021-05-03 01:53:31','2021-05-03 01:53:31',NULL,0,'in_stock',NULL),(28,'Red & Black Headphone',NULL,NULL,'published','[\"products\\/4.jpg\"]','SW-115-A0-A1',0,19,0,1,0,NULL,NULL,6,1,0,0,0,57,49.59,NULL,NULL,15.00,15.00,15.00,690.00,NULL,NULL,NULL,NULL,NULL,'2021-05-03 01:53:31','2021-05-03 01:53:31',NULL,0,'in_stock',NULL),(29,'Smart Watch External',NULL,NULL,'published','[\"products\\/5.jpg\"]','SW-153-A0',0,11,0,1,0,NULL,NULL,7,1,0,0,0,87,NULL,NULL,NULL,15.00,14.00,14.00,616.00,NULL,NULL,NULL,NULL,NULL,'2021-05-03 01:53:31','2021-05-03 01:53:31',NULL,0,'in_stock',NULL),(30,'Smart Watch External',NULL,NULL,'published','[\"products\\/5.jpg\"]','SW-153-A0-A1',0,11,0,1,0,NULL,NULL,7,1,0,0,0,87,NULL,NULL,NULL,15.00,14.00,14.00,616.00,NULL,NULL,NULL,NULL,NULL,'2021-05-03 01:53:31','2021-05-03 01:53:31',NULL,0,'in_stock',NULL),(31,'Smart Watch External',NULL,NULL,'published','[\"products\\/5.jpg\"]','SW-153-A0-A2',0,11,0,1,0,NULL,NULL,7,1,0,0,0,87,NULL,NULL,NULL,15.00,14.00,14.00,616.00,NULL,NULL,NULL,NULL,NULL,'2021-05-03 01:53:31','2021-05-03 01:53:31',NULL,0,'in_stock',NULL),(32,'Nikon HD camera',NULL,NULL,'published','[\"products\\/6.jpg\"]','SW-158-A0',0,18,0,1,0,NULL,NULL,6,1,0,0,0,46,NULL,NULL,NULL,13.00,18.00,14.00,785.00,NULL,NULL,NULL,NULL,NULL,'2021-05-03 01:53:31','2021-05-03 01:53:31',NULL,0,'in_stock',NULL),(33,'Nikon HD camera',NULL,NULL,'published','[\"products\\/6.jpg\"]','SW-158-A0-A1',0,18,0,1,0,NULL,NULL,6,1,0,0,0,46,NULL,NULL,NULL,13.00,18.00,14.00,785.00,NULL,NULL,NULL,NULL,NULL,'2021-05-03 01:53:31','2021-05-03 01:53:31',NULL,0,'in_stock',NULL),(34,'Audio Equipment',NULL,NULL,'published','[\"products\\/7.jpg\"]','SW-189-A0',0,17,0,1,0,NULL,NULL,6,1,0,0,0,53,NULL,NULL,NULL,12.00,20.00,12.00,716.00,NULL,NULL,NULL,NULL,NULL,'2021-05-03 01:53:31','2021-05-03 01:53:31',NULL,0,'in_stock',NULL),(35,'Smart Televisions',NULL,NULL,'published','[\"products\\/8.jpg\"]','SW-152-A0',0,16,0,1,0,NULL,NULL,2,1,0,0,0,111,82.14,NULL,NULL,14.00,10.00,10.00,864.00,NULL,NULL,NULL,NULL,NULL,'2021-05-03 01:53:31','2021-05-03 01:53:31',NULL,0,'in_stock',NULL),(36,'Smart Televisions',NULL,NULL,'published','[\"products\\/8.jpg\"]','SW-152-A0-A1',0,16,0,1,0,NULL,NULL,2,1,0,0,0,111,79.92,NULL,NULL,14.00,10.00,10.00,864.00,NULL,NULL,NULL,NULL,NULL,'2021-05-03 01:53:31','2021-05-03 01:53:31',NULL,0,'in_stock',NULL),(37,'Smart Televisions',NULL,NULL,'published','[\"products\\/8.jpg\"]','SW-152-A0-A2',0,16,0,1,0,NULL,NULL,2,1,0,0,0,111,87.69,NULL,NULL,14.00,10.00,10.00,864.00,NULL,NULL,NULL,NULL,NULL,'2021-05-03 01:53:31','2021-05-03 01:53:31',NULL,0,'in_stock',NULL),(38,'Smart Televisions',NULL,NULL,'published','[\"products\\/8.jpg\"]','SW-152-A0-A3',0,16,0,1,0,NULL,NULL,2,1,0,0,0,111,82.14,NULL,NULL,14.00,10.00,10.00,864.00,NULL,NULL,NULL,NULL,NULL,'2021-05-03 01:53:31','2021-05-03 01:53:31',NULL,0,'in_stock',NULL),(39,'Samsung Smart Phone',NULL,NULL,'published','[\"products\\/9.jpg\"]','SW-152-A0',0,12,0,1,0,NULL,NULL,7,1,0,0,0,54,NULL,NULL,NULL,12.00,13.00,12.00,676.00,NULL,NULL,NULL,NULL,NULL,'2021-05-03 01:53:31','2021-05-03 01:53:31',NULL,0,'in_stock',NULL),(40,'Samsung Smart Phone',NULL,NULL,'published','[\"products\\/9.jpg\"]','SW-152-A0-A1',0,12,0,1,0,NULL,NULL,7,1,0,0,0,54,NULL,NULL,NULL,12.00,13.00,12.00,676.00,NULL,NULL,NULL,NULL,NULL,'2021-05-03 01:53:31','2021-05-03 01:53:31',NULL,0,'in_stock',NULL),(41,'Samsung Smart Phone',NULL,NULL,'published','[\"products\\/9.jpg\"]','SW-152-A0-A2',0,12,0,1,0,NULL,NULL,7,1,0,0,0,54,NULL,NULL,NULL,12.00,13.00,12.00,676.00,NULL,NULL,NULL,NULL,NULL,'2021-05-03 01:53:31','2021-05-03 01:53:31',NULL,0,'in_stock',NULL),(42,'Herschel Leather Duffle Bag In Brown Color',NULL,NULL,'published','[\"products\\/10.jpg\"]','SW-185-A0',0,13,0,1,0,NULL,NULL,5,1,0,0,0,111,NULL,NULL,NULL,12.00,20.00,15.00,820.00,NULL,NULL,NULL,NULL,NULL,'2021-05-03 01:53:31','2021-05-03 01:53:31',NULL,0,'in_stock',NULL),(43,'Herschel Leather Duffle Bag In Brown Color',NULL,NULL,'published','[\"products\\/10.jpg\"]','SW-185-A0-A1',0,13,0,1,0,NULL,NULL,5,1,0,0,0,111,NULL,NULL,NULL,12.00,20.00,15.00,820.00,NULL,NULL,NULL,NULL,NULL,'2021-05-03 01:53:31','2021-05-03 01:53:31',NULL,0,'in_stock',NULL),(44,'Herschel Leather Duffle Bag In Brown Color',NULL,NULL,'published','[\"products\\/10.jpg\"]','SW-185-A0-A2',0,13,0,1,0,NULL,NULL,5,1,0,0,0,111,NULL,NULL,NULL,12.00,20.00,15.00,820.00,NULL,NULL,NULL,NULL,NULL,'2021-05-03 01:53:31','2021-05-03 01:53:31',NULL,0,'in_stock',NULL),(45,'Herschel Leather Duffle Bag In Brown Color',NULL,NULL,'published','[\"products\\/10.jpg\"]','SW-185-A0-A3',0,13,0,1,0,NULL,NULL,5,1,0,0,0,111,NULL,NULL,NULL,12.00,20.00,15.00,820.00,NULL,NULL,NULL,NULL,NULL,'2021-05-03 01:53:31','2021-05-03 01:53:31',NULL,0,'in_stock',NULL),(46,'Xbox One Wireless Controller Black Color',NULL,NULL,'published','[\"products\\/11.jpg\"]','SW-142-A0',0,10,0,1,0,NULL,NULL,3,1,0,0,0,110,NULL,NULL,NULL,10.00,20.00,16.00,663.00,NULL,NULL,NULL,NULL,NULL,'2021-05-03 01:53:31','2021-05-03 01:53:31',NULL,0,'in_stock',NULL),(47,'Xbox One Wireless Controller Black Color',NULL,NULL,'published','[\"products\\/11.jpg\"]','SW-142-A0-A1',0,10,0,1,0,NULL,NULL,3,1,0,0,0,110,NULL,NULL,NULL,10.00,20.00,16.00,663.00,NULL,NULL,NULL,NULL,NULL,'2021-05-03 01:53:31','2021-05-03 01:53:31',NULL,0,'in_stock',NULL),(48,'Xbox One Wireless Controller Black Color',NULL,NULL,'published','[\"products\\/11.jpg\"]','SW-142-A0-A2',0,10,0,1,0,NULL,NULL,3,1,0,0,0,110,NULL,NULL,NULL,10.00,20.00,16.00,663.00,NULL,NULL,NULL,NULL,NULL,'2021-05-03 01:53:31','2021-05-03 01:53:31',NULL,0,'in_stock',NULL),(49,'EPSION Plaster Printer',NULL,NULL,'published','[\"products\\/12.jpg\"]','SW-194-A0',0,15,0,1,0,NULL,NULL,5,1,0,0,0,50,35.5,NULL,NULL,20.00,14.00,10.00,711.00,NULL,NULL,NULL,NULL,NULL,'2021-05-03 01:53:31','2021-05-03 01:53:31',NULL,0,'in_stock',NULL),(50,'EPSION Plaster Printer',NULL,NULL,'published','[\"products\\/12.jpg\"]','SW-194-A0-A1',0,15,0,1,0,NULL,NULL,5,1,0,0,0,50,39.5,NULL,NULL,20.00,14.00,10.00,711.00,NULL,NULL,NULL,NULL,NULL,'2021-05-03 01:53:31','2021-05-03 01:53:31',NULL,0,'in_stock',NULL),(51,'EPSION Plaster Printer',NULL,NULL,'published','[\"products\\/12.jpg\"]','SW-194-A0-A2',0,15,0,1,0,NULL,NULL,5,1,0,0,0,50,44,NULL,NULL,20.00,14.00,10.00,711.00,NULL,NULL,NULL,NULL,NULL,'2021-05-03 01:53:31','2021-05-03 01:53:31',NULL,0,'in_stock',NULL),(52,'Sound Intone I65 Earphone White Version',NULL,NULL,'published','[\"products\\/13.jpg\"]','SW-143-A0',0,12,0,1,0,NULL,NULL,5,1,0,0,0,55,NULL,NULL,NULL,14.00,15.00,19.00,675.00,NULL,NULL,NULL,NULL,NULL,'2021-05-03 01:53:31','2021-05-03 01:53:31',NULL,0,'in_stock',NULL),(53,'Sound Intone I65 Earphone White Version',NULL,NULL,'published','[\"products\\/13.jpg\"]','SW-143-A0-A1',0,12,0,1,0,NULL,NULL,5,1,0,0,0,55,NULL,NULL,NULL,14.00,15.00,19.00,675.00,NULL,NULL,NULL,NULL,NULL,'2021-05-03 01:53:31','2021-05-03 01:53:31',NULL,0,'in_stock',NULL),(54,'B&O Play Mini Bluetooth Speaker',NULL,NULL,'published','[\"products\\/14.jpg\"]','SW-194-A0',0,13,0,1,0,NULL,NULL,3,1,0,0,0,60,NULL,NULL,NULL,15.00,14.00,11.00,855.00,NULL,NULL,NULL,NULL,NULL,'2021-05-03 01:53:31','2021-05-03 01:53:31',NULL,0,'in_stock',NULL),(55,'B&O Play Mini Bluetooth Speaker',NULL,NULL,'published','[\"products\\/14.jpg\"]','SW-194-A0-A1',0,13,0,1,0,NULL,NULL,3,1,0,0,0,60,NULL,NULL,NULL,15.00,14.00,11.00,855.00,NULL,NULL,NULL,NULL,NULL,'2021-05-03 01:53:31','2021-05-03 01:53:31',NULL,0,'in_stock',NULL),(56,'Apple MacBook Air Retina 13.3-Inch Laptop',NULL,NULL,'published','[\"products\\/15.jpg\"]','SW-112-A0',0,18,0,1,0,NULL,NULL,4,1,0,0,0,58,NULL,NULL,NULL,11.00,15.00,11.00,633.00,NULL,NULL,NULL,NULL,NULL,'2021-05-03 01:53:31','2021-05-03 01:53:31',NULL,0,'in_stock',NULL),(57,'Apple MacBook Air Retina 13.3-Inch Laptop',NULL,NULL,'published','[\"products\\/15.jpg\"]','SW-112-A0-A1',0,18,0,1,0,NULL,NULL,4,1,0,0,0,58,NULL,NULL,NULL,11.00,15.00,11.00,633.00,NULL,NULL,NULL,NULL,NULL,'2021-05-03 01:53:31','2021-05-03 01:53:31',NULL,0,'in_stock',NULL),(58,'Apple MacBook Air Retina 12-Inch Laptop',NULL,NULL,'published','[\"products\\/16.jpg\"]','SW-122-A0',0,16,0,1,0,NULL,NULL,1,1,0,0,0,50,36,NULL,NULL,13.00,13.00,11.00,845.00,NULL,NULL,NULL,NULL,NULL,'2021-05-03 01:53:31','2021-05-03 01:53:31',NULL,0,'in_stock',NULL),(59,'Apple MacBook Air Retina 12-Inch Laptop',NULL,NULL,'published','[\"products\\/16.jpg\"]','SW-122-A0-A1',0,16,0,1,0,NULL,NULL,1,1,0,0,0,50,42,NULL,NULL,13.00,13.00,11.00,845.00,NULL,NULL,NULL,NULL,NULL,'2021-05-03 01:53:31','2021-05-03 01:53:31',NULL,0,'in_stock',NULL),(60,'Apple MacBook Air Retina 12-Inch Laptop',NULL,NULL,'published','[\"products\\/16.jpg\"]','SW-122-A0-A2',0,16,0,1,0,NULL,NULL,1,1,0,0,0,50,40.5,NULL,NULL,13.00,13.00,11.00,845.00,NULL,NULL,NULL,NULL,NULL,'2021-05-03 01:53:31','2021-05-03 01:53:31',NULL,0,'in_stock',NULL),(61,'Samsung Gear VR Virtual Reality Headset',NULL,NULL,'published','[\"products\\/17.jpg\"]','SW-167-A0',0,13,0,1,0,NULL,NULL,3,1,0,0,0,52,NULL,NULL,NULL,17.00,13.00,14.00,561.00,NULL,NULL,NULL,NULL,NULL,'2021-05-03 01:53:31','2021-05-03 01:53:31',NULL,0,'in_stock',NULL),(62,'Samsung Gear VR Virtual Reality Headset',NULL,NULL,'published','[\"products\\/17.jpg\"]','SW-167-A0-A1',0,13,0,1,0,NULL,NULL,3,1,0,0,0,52,NULL,NULL,NULL,17.00,13.00,14.00,561.00,NULL,NULL,NULL,NULL,NULL,'2021-05-03 01:53:31','2021-05-03 01:53:31',NULL,0,'in_stock',NULL),(63,'Samsung Gear VR Virtual Reality Headset',NULL,NULL,'published','[\"products\\/17.jpg\"]','SW-167-A0-A2',0,13,0,1,0,NULL,NULL,3,1,0,0,0,52,NULL,NULL,NULL,17.00,13.00,14.00,561.00,NULL,NULL,NULL,NULL,NULL,'2021-05-03 01:53:31','2021-05-03 01:53:31',NULL,0,'in_stock',NULL),(64,'Aveeno Moisturizing Body Shower 450ml',NULL,NULL,'published','[\"products\\/18.jpg\"]','SW-128-A0',0,16,0,1,0,NULL,NULL,4,1,0,0,0,120,NULL,NULL,NULL,14.00,19.00,19.00,627.00,NULL,NULL,NULL,NULL,NULL,'2021-05-03 01:53:31','2021-05-03 01:53:31',NULL,0,'in_stock',NULL),(65,'Aveeno Moisturizing Body Shower 450ml',NULL,NULL,'published','[\"products\\/18.jpg\"]','SW-128-A0-A1',0,16,0,1,0,NULL,NULL,4,1,0,0,0,120,NULL,NULL,NULL,14.00,19.00,19.00,627.00,NULL,NULL,NULL,NULL,NULL,'2021-05-03 01:53:31','2021-05-03 01:53:31',NULL,0,'in_stock',NULL),(66,'NYX Beauty Couton Pallete Makeup 12',NULL,NULL,'published','[\"products\\/19.jpg\"]','SW-167-A0',0,17,0,1,0,NULL,NULL,6,1,0,0,0,115,NULL,NULL,NULL,20.00,17.00,19.00,580.00,NULL,NULL,NULL,NULL,NULL,'2021-05-03 01:53:31','2021-05-03 01:53:31',NULL,0,'in_stock',NULL),(67,'NYX Beauty Couton Pallete Makeup 12',NULL,NULL,'published','[\"products\\/19.jpg\"]','SW-167-A0-A1',0,17,0,1,0,NULL,NULL,6,1,0,0,0,115,NULL,NULL,NULL,20.00,17.00,19.00,580.00,NULL,NULL,NULL,NULL,NULL,'2021-05-03 01:53:31','2021-05-03 01:53:31',NULL,0,'in_stock',NULL),(68,'NYX Beauty Couton Pallete Makeup 12',NULL,NULL,'published','[\"products\\/19.jpg\"]','SW-167-A0-A2',0,17,0,1,0,NULL,NULL,6,1,0,0,0,115,NULL,NULL,NULL,20.00,17.00,19.00,580.00,NULL,NULL,NULL,NULL,NULL,'2021-05-03 01:53:31','2021-05-03 01:53:31',NULL,0,'in_stock',NULL),(69,'NYX Beauty Couton Pallete Makeup 12',NULL,NULL,'published','[\"products\\/20.jpg\"]','SW-182-A0',0,13,0,1,0,NULL,NULL,3,1,0,0,0,126,91.98,NULL,NULL,17.00,19.00,17.00,869.00,NULL,NULL,NULL,NULL,NULL,'2021-05-03 01:53:31','2021-05-03 01:53:31',NULL,0,'in_stock',NULL),(70,'NYX Beauty Couton Pallete Makeup 12',NULL,NULL,'published','[\"products\\/20.jpg\"]','SW-182-A0-A1',0,13,0,1,0,NULL,NULL,3,1,0,0,0,126,91.98,NULL,NULL,17.00,19.00,17.00,869.00,NULL,NULL,NULL,NULL,NULL,'2021-05-03 01:53:31','2021-05-03 01:53:31',NULL,0,'in_stock',NULL),(71,'NYX Beauty Couton Pallete Makeup 12',NULL,NULL,'published','[\"products\\/20.jpg\"]','SW-182-A0-A2',0,13,0,1,0,NULL,NULL,3,1,0,0,0,126,104.58,NULL,NULL,17.00,19.00,17.00,869.00,NULL,NULL,NULL,NULL,NULL,'2021-05-03 01:53:31','2021-05-03 01:53:31',NULL,0,'in_stock',NULL),(72,'MVMTH Classical Leather Watch In Black',NULL,NULL,'published','[\"products\\/21.jpg\"]','SW-157-A0',0,17,0,1,0,NULL,NULL,6,1,0,0,0,62.35,NULL,NULL,NULL,16.00,18.00,18.00,513.00,NULL,NULL,NULL,NULL,NULL,'2021-05-03 01:53:31','2021-05-03 01:53:31',NULL,0,'in_stock',NULL),(73,'MVMTH Classical Leather Watch In Black',NULL,NULL,'published','[\"products\\/21.jpg\"]','SW-157-A0-A1',0,17,0,1,0,NULL,NULL,6,1,0,0,0,62.35,NULL,NULL,NULL,16.00,18.00,18.00,513.00,NULL,NULL,NULL,NULL,NULL,'2021-05-03 01:53:31','2021-05-03 01:53:31',NULL,0,'in_stock',NULL),(74,'Baxter Care Hair Kit For Bearded Mens',NULL,NULL,'published','[\"products\\/22.jpg\"]','SW-177-A0',0,19,0,1,0,NULL,NULL,7,1,0,0,0,125.17,NULL,NULL,NULL,14.00,18.00,19.00,648.00,NULL,NULL,NULL,NULL,NULL,'2021-05-03 01:53:31','2021-05-03 01:53:31',NULL,0,'in_stock',NULL),(75,'Baxter Care Hair Kit For Bearded Mens',NULL,NULL,'published','[\"products\\/22.jpg\"]','SW-177-A0-A1',0,19,0,1,0,NULL,NULL,7,1,0,0,0,125.17,NULL,NULL,NULL,14.00,18.00,19.00,648.00,NULL,NULL,NULL,NULL,NULL,'2021-05-03 01:53:31','2021-05-03 01:53:31',NULL,0,'in_stock',NULL),(76,'Baxter Care Hair Kit For Bearded Mens',NULL,NULL,'published','[\"products\\/22.jpg\"]','SW-177-A0-A2',0,19,0,1,0,NULL,NULL,7,1,0,0,0,125.17,NULL,NULL,NULL,14.00,18.00,19.00,648.00,NULL,NULL,NULL,NULL,NULL,'2021-05-03 01:53:31','2021-05-03 01:53:31',NULL,0,'in_stock',NULL),(77,'Ciate Palemore Lipstick Bold Red Color',NULL,NULL,'published','[\"products\\/23.jpg\"]','SW-195-A0',0,15,0,1,0,NULL,NULL,7,1,0,0,0,66.78,NULL,NULL,NULL,11.00,18.00,20.00,869.00,NULL,NULL,NULL,NULL,NULL,'2021-05-03 01:53:31','2021-05-03 01:53:31',NULL,0,'in_stock',NULL),(78,'Ciate Palemore Lipstick Bold Red Color',NULL,NULL,'published','[\"products\\/23.jpg\"]','SW-195-A0-A1',0,15,0,1,0,NULL,NULL,7,1,0,0,0,66.78,NULL,NULL,NULL,11.00,18.00,20.00,869.00,NULL,NULL,NULL,NULL,NULL,'2021-05-03 01:53:31','2021-05-03 01:53:31',NULL,0,'in_stock',NULL),(79,'Ciate Palemore Lipstick Bold Red Color',NULL,NULL,'published','[\"products\\/23.jpg\"]','SW-195-A0-A2',0,15,0,1,0,NULL,NULL,7,1,0,0,0,66.78,NULL,NULL,NULL,11.00,18.00,20.00,869.00,NULL,NULL,NULL,NULL,NULL,'2021-05-03 01:53:31','2021-05-03 01:53:31',NULL,0,'in_stock',NULL);

--
-- Table structure for table `ec_reviews`
--

CREATE TABLE `ec_reviews` (
  `id` bigint(20) unsigned NOT NULL AUTO_INCREMENT,
  `customer_id` int(10) unsigned NOT NULL,
  `product_id` int(10) unsigned NOT NULL,
  `star` double(8,2) NOT NULL,
  `comment` text COLLATE utf8mb4_unicode_ci NOT NULL,
  `status` varchar(60) COLLATE utf8mb4_unicode_ci NOT NULL DEFAULT 'published',
  `created_at` timestamp NULL DEFAULT NULL,
  `updated_at` timestamp NULL DEFAULT NULL,
  PRIMARY KEY (`id`)
) ENGINE=InnoDB AUTO_INCREMENT=51 DEFAULT CHARSET=utf8mb4 COLLATE=utf8mb4_unicode_ci;

--
-- Dumping data for table `ec_reviews`
--

INSERT INTO `ec_reviews` VALUES (1,3,19,4.00,'In et autem at nihil ullam. Ipsum dignissimos delectus maxime labore adipisci et rem. Repellat eos officiis nihil quis recusandae.','published','2021-05-03 01:53:37','2021-05-03 01:53:37'),(2,5,15,4.00,'Molestiae cumque asperiores molestiae libero totam excepturi. Non praesentium laborum eos unde. Tempora praesentium cumque officia deserunt magnam.','published','2021-05-03 01:53:37','2021-05-03 01:53:37'),(3,4,19,3.00,'Vel at aperiam voluptatum rem. Dignissimos et aperiam suscipit asperiores magni est ut. Unde id dignissimos voluptatem dolore quia quas quis at.','published','2021-05-03 01:53:37','2021-05-03 01:53:37'),(4,4,5,2.00,'Eaque ullam dicta voluptatem adipisci ipsam aut. Eos omnis qui nobis aut nisi harum est. Omnis dolor saepe fuga at amet mollitia.','published','2021-05-03 01:53:37','2021-05-03 01:53:37'),(5,4,14,4.00,'Fugiat illo eum dolorem. Et ex ut consequatur eius rerum. Molestias illo in et excepturi ut ipsam rerum in.','published','2021-05-03 01:53:37','2021-05-03 01:53:37'),(6,5,7,2.00,'Vel dolorem quia esse. Ea eligendi est delectus porro ab. Saepe est sit amet numquam illo mollitia consequatur. Totam illum ipsa atque.','published','2021-05-03 01:53:37','2021-05-03 01:53:37'),(7,6,9,1.00,'Ut magnam necessitatibus exercitationem qui pariatur voluptatem. Ex officiis animi ipsa quae. Perferendis ex et itaque sequi architecto.','published','2021-05-03 01:53:37','2021-05-03 01:53:37'),(8,4,16,1.00,'Reiciendis expedita dolor quam error nam in. Distinctio sint voluptate eos optio. Quidem quo odio distinctio eos expedita.','published','2021-05-03 01:53:37','2021-05-03 01:53:37'),(9,9,14,3.00,'Corporis non unde qui suscipit. Earum harum quibusdam consequatur tempore non consequatur doloribus.','published','2021-05-03 01:53:37','2021-05-03 01:53:37'),(10,2,19,4.00,'Optio enim debitis non ipsam saepe. Fugiat minima dolorem est impedit illo asperiores. Quia hic ipsum impedit vero tempore vitae laudantium.','published','2021-05-03 01:53:37','2021-05-03 01:53:37'),(11,10,6,3.00,'Aperiam provident velit ut perspiciatis. Assumenda velit corporis odio qui est omnis. Est quis culpa nam eaque.','published','2021-05-03 01:53:37','2021-05-03 01:53:37'),(12,4,19,1.00,'Dolorem necessitatibus voluptas rem. Reprehenderit est quisquam dicta est error quis.','published','2021-05-03 01:53:37','2021-05-03 01:53:37'),(13,8,8,2.00,'Commodi facilis error nulla. Explicabo quasi incidunt accusamus libero quidem iusto a quo. Ut ea aliquid maxime impedit eum.','published','2021-05-03 01:53:37','2021-05-03 01:53:37'),(14,11,10,2.00,'Dolores impedit nam dolore fugit id ut. Architecto at est nihil et quidem modi.','published','2021-05-03 01:53:37','2021-05-03 01:53:37'),(15,8,6,2.00,'Quidem et quaerat perspiciatis odio. Qui in ut rerum atque autem maxime recusandae id. Labore expedita vel unde quasi suscipit ipsum mollitia.','published','2021-05-03 01:53:37','2021-05-03 01:53:37'),(16,5,10,2.00,'Voluptatem rem illum enim molestiae et velit. Magnam hic eligendi aut quod voluptatibus at nobis.','published','2021-05-03 01:53:37','2021-05-03 01:53:37'),(17,2,7,3.00,'Commodi quisquam quos nobis delectus qui cum. Expedita enim voluptas unde. A eveniet repellendus harum nihil omnis ut.','published','2021-05-03 01:53:37','2021-05-03 01:53:37'),(18,5,18,4.00,'Quidem tenetur in et rerum rem non. Nihil excepturi illo qui consequatur et. Harum in aut et sunt. Aliquid ea corporis quisquam nam.','published','2021-05-03 01:53:37','2021-05-03 01:53:37'),(19,11,1,4.00,'Impedit optio molestiae ut ullam vel dolorem. Dolorem et cupiditate eius repudiandae dolor.','published','2021-05-03 01:53:37','2021-05-03 01:53:37'),(20,5,12,3.00,'In et accusamus quibusdam corporis. Fugiat a ab et expedita qui veniam. Nisi ex quo odit architecto voluptas. Eum in illo libero.','published','2021-05-03 01:53:37','2021-05-03 01:53:37'),(21,8,19,5.00,'Ratione impedit dolore molestiae et dolores voluptate illo. Ex tempora dolor et aliquid delectus. Amet aut velit tempora minima.','published','2021-05-03 01:53:37','2021-05-03 01:53:37'),(22,10,6,3.00,'Maxime expedita sapiente omnis. Sequi reiciendis quis dolorum cupiditate. Voluptas quia dolore tenetur eius deleniti.','published','2021-05-03 01:53:37','2021-05-03 01:53:37'),(23,3,3,2.00,'Atque dolorum culpa aut nemo autem soluta. Et eveniet laboriosam ipsum architecto neque. Voluptas consequatur aut similique repellat.','published','2021-05-03 01:53:37','2021-05-03 01:53:37'),(24,10,16,1.00,'Nihil pariatur omnis et voluptates. Sequi amet temporibus dolores quisquam ex. Eum mollitia optio quam quia tempore.','published','2021-05-03 01:53:37','2021-05-03 01:53:37'),(25,10,9,1.00,'Nihil iusto mollitia ut autem ut officiis aut. Necessitatibus eius quia vel dignissimos. Harum nulla consequatur odio rerum non.','published','2021-05-03 01:53:37','2021-05-03 01:53:37'),(26,11,1,3.00,'Et nam modi aperiam non. Officiis iure impedit culpa non. Earum consectetur et et et excepturi quisquam.','published','2021-05-03 01:53:37','2021-05-03 01:53:37'),(27,7,2,4.00,'Dolore corporis nulla id numquam qui. Voluptas ea quia est eos quam laboriosam exercitationem. Autem consequatur voluptas quaerat deserunt.','published','2021-05-03 01:53:37','2021-05-03 01:53:37'),(28,9,14,3.00,'Aut assumenda ratione voluptate iure porro maxime est. Aut eligendi tempora placeat tenetur. Temporibus molestias aut perferendis nobis quia.','published','2021-05-03 01:53:37','2021-05-03 01:53:37'),(29,3,4,3.00,'Dicta perferendis sit et impedit possimus. Ut eos et id voluptatibus fugit amet quas. Sint consectetur delectus reiciendis repellendus.','published','2021-05-03 01:53:37','2021-05-03 01:53:37'),(30,4,8,4.00,'Officia et et quis voluptatibus nostrum nobis. Perspiciatis animi dolore dolore fugiat dolores enim est.','published','2021-05-03 01:53:37','2021-05-03 01:53:37'),(31,2,12,2.00,'Cupiditate qui voluptatem est. Ipsum occaecati ipsam quia enim qui dolorum nisi. Odit possimus rerum tempora ipsam quos corporis nulla dignissimos.','published','2021-05-03 01:53:37','2021-05-03 01:53:37'),(32,11,20,4.00,'Sed ea sunt repudiandae atque eligendi sit quod. Impedit facilis omnis consequatur odio aliquid unde hic. At vero error qui reiciendis ex ut saepe.','published','2021-05-03 01:53:37','2021-05-03 01:53:37'),(33,9,15,3.00,'Voluptas consequatur sed numquam est. Aperiam voluptas est vero quod eius enim nesciunt a. Quidem molestiae exercitationem rerum voluptas.','published','2021-05-03 01:53:37','2021-05-03 01:53:37'),(34,3,2,2.00,'Dolores reiciendis et omnis laboriosam est. Praesentium nesciunt amet atque quod nihil. Eius fugit quidem fuga magnam. Enim incidunt laborum aut.','published','2021-05-03 01:53:37','2021-05-03 01:53:37'),(35,2,6,4.00,'Repellendus harum in nisi sit. Facere voluptates enim id sed labore quod doloribus. Distinctio eaque similique sed necessitatibus quo esse.','published','2021-05-03 01:53:37','2021-05-03 01:53:37'),(36,3,9,4.00,'Magni eum impedit rerum mollitia eum. Tenetur fugit ipsam ex provident. Qui voluptatem suscipit corporis consectetur. Ea id ab dolorem sit vel.','published','2021-05-03 01:53:37','2021-05-03 01:53:37'),(37,9,17,2.00,'Voluptatum praesentium ut ut perspiciatis et iure laboriosam. Est placeat minus saepe cum minima.','published','2021-05-03 01:53:37','2021-05-03 01:53:37'),(38,7,19,2.00,'Qui commodi reprehenderit et. Quibusdam cumque ipsam suscipit cumque doloremque tempora. Est quia incidunt et. Numquam expedita autem accusamus est.','published','2021-05-03 01:53:37','2021-05-03 01:53:37'),(39,11,7,4.00,'Commodi inventore distinctio sunt nesciunt ipsum non id. Aut molestiae cum iure omnis consequatur eos. Hic laudantium necessitatibus ab ducimus.','published','2021-05-03 01:53:37','2021-05-03 01:53:37'),(40,10,20,2.00,'Nisi magnam veniam id modi. Nostrum in delectus eveniet sed excepturi.','published','2021-05-03 01:53:37','2021-05-03 01:53:37'),(41,2,14,1.00,'Esse debitis ad quos temporibus maxime accusantium. Repellendus est vel quo. Molestiae nemo rerum placeat corrupti in rerum rerum.','published','2021-05-03 01:53:37','2021-05-03 01:53:37'),(42,3,16,5.00,'Et eum voluptatem et. Vel commodi commodi eius ad officia labore est. Non quas adipisci fugit nesciunt.','published','2021-05-03 01:53:37','2021-05-03 01:53:37'),(43,2,12,3.00,'Autem quos facere totam fuga suscipit unde quas aut. Laborum voluptate voluptatem tenetur sed. Qui architecto et ut eius.','published','2021-05-03 01:53:37','2021-05-03 01:53:37'),(44,5,15,5.00,'Mollitia dolor reprehenderit et soluta eum. Aperiam iusto id ut velit ut. Inventore non placeat ut.','published','2021-05-03 01:53:37','2021-05-03 01:53:37'),(45,11,9,2.00,'A ut autem non sint iste. Sed maiores ut qui natus quae. Et eum neque odit tempora nihil.','published','2021-05-03 01:53:37','2021-05-03 01:53:37'),(46,2,17,1.00,'Asperiores hic possimus molestias magni ullam. Facere nulla vel vel omnis debitis. Vel atque reprehenderit maiores hic ex delectus nihil.','published','2021-05-03 01:53:37','2021-05-03 01:53:37'),(47,4,8,5.00,'Accusantium accusamus animi sapiente ipsum qui sunt. Dolorem ut tempora enim debitis. Ex et nulla amet vel possimus molestias.','published','2021-05-03 01:53:37','2021-05-03 01:53:37'),(48,3,8,5.00,'Fugit est optio consequatur reiciendis similique. Rerum harum repellendus et cumque culpa. Illo nam rerum est.','published','2021-05-03 01:53:37','2021-05-03 01:53:37'),(49,7,18,1.00,'Ab ut consectetur iusto eos rem. Eius ex reprehenderit voluptate nemo sunt neque error alias. Quis mollitia tempore ad deleniti rerum vero.','published','2021-05-03 01:53:37','2021-05-03 01:53:37'),(50,7,20,5.00,'Aspernatur et aperiam cum ut autem. Qui consequatur est ea veniam fugiat. Eligendi eos minus laborum in nihil velit.','published','2021-05-03 01:53:37','2021-05-03 01:53:37');

--
-- Table structure for table `ec_shipment_histories`
--

CREATE TABLE `ec_shipment_histories` (
  `id` bigint(20) unsigned NOT NULL AUTO_INCREMENT,
  `action` varchar(120) COLLATE utf8mb4_unicode_ci NOT NULL,
  `description` varchar(255) COLLATE utf8mb4_unicode_ci NOT NULL,
  `user_id` int(10) unsigned DEFAULT NULL,
  `shipment_id` int(10) unsigned NOT NULL,
  `order_id` int(10) unsigned NOT NULL,
  `created_at` timestamp NULL DEFAULT NULL,
  `updated_at` timestamp NULL DEFAULT NULL,
  PRIMARY KEY (`id`)
) ENGINE=InnoDB DEFAULT CHARSET=utf8mb4 COLLATE=utf8mb4_unicode_ci;

--
-- Dumping data for table `ec_shipment_histories`
--


--
-- Table structure for table `ec_shipments`
--

CREATE TABLE `ec_shipments` (
  `id` bigint(20) unsigned NOT NULL AUTO_INCREMENT,
  `order_id` int(10) unsigned NOT NULL,
  `user_id` int(10) unsigned DEFAULT NULL,
  `weight` double(8,2) DEFAULT '0.00',
  `shipment_id` varchar(120) COLLATE utf8mb4_unicode_ci DEFAULT NULL,
  `note` varchar(120) COLLATE utf8mb4_unicode_ci DEFAULT NULL,
  `status` varchar(120) COLLATE utf8mb4_unicode_ci NOT NULL DEFAULT 'pending',
  `cod_amount` decimal(15,2) DEFAULT '0.00',
  `cod_status` varchar(60) COLLATE utf8mb4_unicode_ci NOT NULL DEFAULT 'pending',
  `cross_checking_status` varchar(60) COLLATE utf8mb4_unicode_ci NOT NULL DEFAULT 'pending',
  `price` decimal(15,2) DEFAULT '0.00',
  `store_id` int(10) unsigned DEFAULT NULL,
  `created_at` timestamp NULL DEFAULT NULL,
  `updated_at` timestamp NULL DEFAULT NULL,
  PRIMARY KEY (`id`)
) ENGINE=InnoDB DEFAULT CHARSET=utf8mb4 COLLATE=utf8mb4_unicode_ci;

--
-- Dumping data for table `ec_shipments`
--


--
-- Table structure for table `ec_shipping`
--

CREATE TABLE `ec_shipping` (
  `id` bigint(20) unsigned NOT NULL AUTO_INCREMENT,
  `title` varchar(191) COLLATE utf8mb4_unicode_ci DEFAULT NULL,
  `country` varchar(120) COLLATE utf8mb4_unicode_ci DEFAULT NULL,
  `created_at` timestamp NULL DEFAULT NULL,
  `updated_at` timestamp NULL DEFAULT NULL,
  PRIMARY KEY (`id`)
) ENGINE=InnoDB AUTO_INCREMENT=2 DEFAULT CHARSET=utf8mb4 COLLATE=utf8mb4_unicode_ci;

--
-- Dumping data for table `ec_shipping`
--

INSERT INTO `ec_shipping` VALUES (1,'All',NULL,'2021-05-03 01:53:37','2021-05-03 01:53:37');

--
-- Table structure for table `ec_shipping_rule_items`
--

CREATE TABLE `ec_shipping_rule_items` (
  `id` bigint(20) unsigned NOT NULL AUTO_INCREMENT,
  `shipping_rule_id` int(10) unsigned NOT NULL,
  `country` varchar(120) COLLATE utf8mb4_unicode_ci DEFAULT NULL,
  `state` varchar(120) COLLATE utf8mb4_unicode_ci DEFAULT NULL,
  `city` varchar(120) COLLATE utf8mb4_unicode_ci DEFAULT NULL,
  `adjustment_price` decimal(15,2) DEFAULT '0.00',
  `is_enabled` tinyint(1) NOT NULL DEFAULT '1',
  `created_at` timestamp NULL DEFAULT NULL,
  `updated_at` timestamp NULL DEFAULT NULL,
  PRIMARY KEY (`id`)
) ENGINE=InnoDB DEFAULT CHARSET=utf8mb4 COLLATE=utf8mb4_unicode_ci;

--
-- Dumping data for table `ec_shipping_rule_items`
--


--
-- Table structure for table `ec_shipping_rules`
--

CREATE TABLE `ec_shipping_rules` (
  `id` bigint(20) unsigned NOT NULL AUTO_INCREMENT,
  `name` varchar(120) COLLATE utf8mb4_unicode_ci NOT NULL,
  `shipping_id` int(10) unsigned NOT NULL,
  `type` enum('base_on_price','base_on_weight') COLLATE utf8mb4_unicode_ci DEFAULT 'base_on_price',
  `currency_id` int(10) unsigned DEFAULT NULL,
  `from` decimal(15,2) DEFAULT '0.00',
  `to` decimal(15,2) DEFAULT '0.00',
  `price` decimal(15,2) DEFAULT '0.00',
  `created_at` timestamp NULL DEFAULT NULL,
  `updated_at` timestamp NULL DEFAULT NULL,
  PRIMARY KEY (`id`)
) ENGINE=InnoDB AUTO_INCREMENT=2 DEFAULT CHARSET=utf8mb4 COLLATE=utf8mb4_unicode_ci;

--
-- Dumping data for table `ec_shipping_rules`
--

INSERT INTO `ec_shipping_rules` VALUES (1,'Delivery',1,'base_on_price',NULL,0.00,NULL,0.00,'2021-05-03 01:53:37','2021-05-03 01:53:37');

--
-- Table structure for table `ec_store_locators`
--

CREATE TABLE `ec_store_locators` (
  `id` bigint(20) unsigned NOT NULL AUTO_INCREMENT,
  `name` varchar(60) COLLATE utf8mb4_unicode_ci NOT NULL,
  `email` varchar(60) COLLATE utf8mb4_unicode_ci DEFAULT NULL,
  `phone` varchar(20) COLLATE utf8mb4_unicode_ci NOT NULL,
  `address` varchar(255) COLLATE utf8mb4_unicode_ci NOT NULL,
  `country` varchar(120) COLLATE utf8mb4_unicode_ci DEFAULT NULL,
  `state` varchar(120) COLLATE utf8mb4_unicode_ci DEFAULT NULL,
  `city` varchar(120) COLLATE utf8mb4_unicode_ci DEFAULT NULL,
  `is_primary` tinyint(1) DEFAULT '0',
  `is_shipping_location` tinyint(1) DEFAULT '1',
  `created_at` timestamp NULL DEFAULT NULL,
  `updated_at` timestamp NULL DEFAULT NULL,
  PRIMARY KEY (`id`)
) ENGINE=InnoDB AUTO_INCREMENT=2 DEFAULT CHARSET=utf8mb4 COLLATE=utf8mb4_unicode_ci;

--
-- Dumping data for table `ec_store_locators`
--

INSERT INTO `ec_store_locators` VALUES (1,'Martfury','sales@botble.com','1800979769','502 New Street','AU','Brighton VIC','Brighton VIC',1,1,'2021-05-03 01:53:46','2021-05-03 01:53:46');

--
-- Table structure for table `ec_taxes`
--

CREATE TABLE `ec_taxes` (
  `id` bigint(20) unsigned NOT NULL AUTO_INCREMENT,
  `title` varchar(191) COLLATE utf8mb4_unicode_ci DEFAULT NULL,
  `percentage` double(8,6) DEFAULT NULL,
  `priority` int(11) DEFAULT NULL,
  `status` varchar(60) COLLATE utf8mb4_unicode_ci NOT NULL DEFAULT 'published',
  `created_at` timestamp NULL DEFAULT NULL,
  `updated_at` timestamp NULL DEFAULT NULL,
  PRIMARY KEY (`id`)
) ENGINE=InnoDB AUTO_INCREMENT=3 DEFAULT CHARSET=utf8mb4 COLLATE=utf8mb4_unicode_ci;

--
-- Dumping data for table `ec_taxes`
--

INSERT INTO `ec_taxes` VALUES (1,'VAT',10.000000,1,'published','2021-05-03 01:53:37','2021-05-03 01:53:37'),(2,'None',0.000000,2,'published','2021-05-03 01:53:37','2021-05-03 01:53:37');

--
-- Table structure for table `ec_wish_lists`
--

CREATE TABLE `ec_wish_lists` (
  `id` bigint(20) unsigned NOT NULL AUTO_INCREMENT,
  `customer_id` int(10) unsigned NOT NULL,
  `product_id` int(10) unsigned NOT NULL,
  `created_at` timestamp NULL DEFAULT NULL,
  `updated_at` timestamp NULL DEFAULT NULL,
  PRIMARY KEY (`id`)
) ENGINE=InnoDB DEFAULT CHARSET=utf8mb4 COLLATE=utf8mb4_unicode_ci;

--
-- Dumping data for table `ec_wish_lists`
--


--
-- Table structure for table `failed_jobs`
--

CREATE TABLE `failed_jobs` (
  `id` bigint(20) unsigned NOT NULL AUTO_INCREMENT,
  `uuid` varchar(191) COLLATE utf8mb4_unicode_ci NOT NULL,
  `connection` text COLLATE utf8mb4_unicode_ci NOT NULL,
  `queue` text COLLATE utf8mb4_unicode_ci NOT NULL,
  `payload` longtext COLLATE utf8mb4_unicode_ci NOT NULL,
  `exception` longtext COLLATE utf8mb4_unicode_ci NOT NULL,
  `failed_at` timestamp NOT NULL DEFAULT CURRENT_TIMESTAMP,
  PRIMARY KEY (`id`),
  UNIQUE KEY `failed_jobs_uuid_unique` (`uuid`)
) ENGINE=InnoDB DEFAULT CHARSET=utf8mb4 COLLATE=utf8mb4_unicode_ci;

--
-- Dumping data for table `failed_jobs`
--


--
-- Table structure for table `faq_categories`
--

CREATE TABLE `faq_categories` (
  `id` bigint(20) unsigned NOT NULL AUTO_INCREMENT,
  `name` varchar(120) COLLATE utf8mb4_unicode_ci NOT NULL,
  `order` tinyint(4) NOT NULL DEFAULT '0',
  `status` varchar(60) COLLATE utf8mb4_unicode_ci NOT NULL DEFAULT 'published',
  `created_at` timestamp NULL DEFAULT NULL,
  `updated_at` timestamp NULL DEFAULT NULL,
  PRIMARY KEY (`id`)
) ENGINE=InnoDB AUTO_INCREMENT=4 DEFAULT CHARSET=utf8mb4 COLLATE=utf8mb4_unicode_ci;

--
-- Dumping data for table `faq_categories`
--

INSERT INTO `faq_categories` VALUES (1,'SHIPPING',0,'published','2021-05-03 01:53:46','2021-05-03 01:53:46'),(2,'PAYMENT',1,'published','2021-05-03 01:53:46','2021-05-03 01:53:46'),(3,'Order & Returns',2,'published','2021-05-03 01:53:46','2021-05-03 01:53:46');

--
-- Table structure for table `faqs`
--

CREATE TABLE `faqs` (
  `id` bigint(20) unsigned NOT NULL AUTO_INCREMENT,
  `question` text COLLATE utf8mb4_unicode_ci NOT NULL,
  `answer` text COLLATE utf8mb4_unicode_ci NOT NULL,
  `category_id` int(10) unsigned NOT NULL,
  `status` varchar(60) COLLATE utf8mb4_unicode_ci NOT NULL DEFAULT 'published',
  `created_at` timestamp NULL DEFAULT NULL,
  `updated_at` timestamp NULL DEFAULT NULL,
  PRIMARY KEY (`id`)
) ENGINE=InnoDB AUTO_INCREMENT=11 DEFAULT CHARSET=utf8mb4 COLLATE=utf8mb4_unicode_ci;

--
-- Dumping data for table `faqs`
--

INSERT INTO `faqs` VALUES (1,'What Shipping Methods Are Available?','Ex Portland Pitchfork irure mustache. Eutra fap before they sold out literally. Aliquip ugh bicycle rights actually mlkshk, seitan squid craft beer tempor.',1,'published','2021-05-03 01:53:46','2021-05-03 01:53:46'),(2,'Do You Ship Internationally?','Hoodie tote bag mixtape tofu. Typewriter jean shorts wolf quinoa, messenger bag organic freegan cray.',1,'published','2021-05-03 01:53:46','2021-05-03 01:53:46'),(3,'How Long Will It Take To Get My Package?','Swag slow-carb quinoa VHS typewriter pork belly brunch, paleo single-origin coffee Wes Anderson. Flexitarian Pitchfork forage, literally paleo fap pour-over. Wes Anderson Pinterest YOLO fanny pack meggings, deep v XOXO chambray sustainable slow-carb raw denim church-key fap chillwave Etsy. +1 typewriter kitsch, American Apparel tofu Banksy Vice.',1,'published','2021-05-03 01:53:46','2021-05-03 01:53:46'),(4,'What Payment Methods Are Accepted?','Fashion axe DIY jean shorts, swag kale chips meh polaroid kogi butcher Wes Anderson chambray next level semiotics gentrify yr. Voluptate photo booth fugiat Vice. Austin sed Williamsburg, ea labore raw denim voluptate cred proident mixtape excepteur mustache. Twee chia photo booth readymade food truck, hoodie roof party swag keytar PBR DIY.',2,'published','2021-05-03 01:53:46','2021-05-03 01:53:46'),(5,'Is Buying On-Line Safe?','Art party authentic freegan semiotics jean shorts chia cred. Neutra Austin roof party Brooklyn, synth Thundercats swag 8-bit photo booth. Plaid letterpress leggings craft beer meh ethical Pinterest.',2,'published','2021-05-03 01:53:46','2021-05-03 01:53:46'),(6,'How do I place an Order?','Keytar cray slow-carb, Godard banh mi salvia pour-over. Slow-carb Odd Future seitan normcore. Master cleanse American Apparel gentrify flexitarian beard slow-carb next level. Raw denim polaroid paleo farm-to-table, put a bird on it lo-fi tattooed Wes Anderson Pinterest letterpress. Fingerstache McSweeney’s pour-over, letterpress Schlitz photo booth master cleanse bespoke hashtag chillwave gentrify.',3,'published','2021-05-03 01:53:46','2021-05-03 01:53:46'),(7,'How Can I Cancel Or Change My Order?','Plaid letterpress leggings craft beer meh ethical Pinterest. Art party authentic freegan semiotics jean shorts chia cred. Neutra Austin roof party Brooklyn, synth Thundercats swag 8-bit photo booth.',3,'published','2021-05-03 01:53:46','2021-05-03 01:53:46'),(8,'Do I need an account to place an order?','Thundercats swag 8-bit photo booth. Plaid letterpress leggings craft beer meh ethical Pinterest. Twee chia photo booth readymade food truck, hoodie roof party swag keytar PBR DIY. Cray ugh 3 wolf moon fap, fashion axe irony butcher cornhole typewriter chambray VHS banjo street art.',3,'published','2021-05-03 01:53:46','2021-05-03 01:53:46'),(9,'How Do I Track My Order?','Keytar cray slow-carb, Godard banh mi salvia pour-over. Slow-carb @Odd Future seitan normcore. Master cleanse American Apparel gentrify flexitarian beard slow-carb next level.',3,'published','2021-05-03 01:53:46','2021-05-03 01:53:46'),(10,'How Can I Return a Product?','Kale chips Truffaut Williamsburg, hashtag fixie Pinterest raw denim c hambray drinking vinegar Carles street art Bushwick gastropub. Wolf Tumblr paleo church-key. Plaid food truck Echo Park YOLO bitters hella, direct trade Thundercats leggings quinoa before they sold out. You probably haven’t heard of them wayfarers authentic umami drinking vinegar Pinterest Cosby sweater, fingerstache fap High Life.',3,'published','2021-05-03 01:53:46','2021-05-03 01:53:46');

--
-- Table structure for table `jobs`
--

CREATE TABLE `jobs` (
  `id` bigint(20) unsigned NOT NULL AUTO_INCREMENT,
  `queue` varchar(191) COLLATE utf8mb4_unicode_ci NOT NULL,
  `payload` longtext COLLATE utf8mb4_unicode_ci NOT NULL,
  `attempts` tinyint(3) unsigned NOT NULL,
  `reserved_at` int(10) unsigned DEFAULT NULL,
  `available_at` int(10) unsigned NOT NULL,
  `created_at` int(10) unsigned NOT NULL,
  PRIMARY KEY (`id`),
  KEY `jobs_queue_index` (`queue`)
) ENGINE=InnoDB DEFAULT CHARSET=utf8mb4 COLLATE=utf8mb4_unicode_ci;

--
-- Dumping data for table `jobs`
--


--
-- Table structure for table `media_files`
--

CREATE TABLE `media_files` (
  `id` bigint(20) unsigned NOT NULL AUTO_INCREMENT,
  `user_id` int(10) unsigned NOT NULL,
  `name` varchar(255) COLLATE utf8mb4_unicode_ci NOT NULL,
  `folder_id` int(10) unsigned NOT NULL DEFAULT '0',
  `mime_type` varchar(120) COLLATE utf8mb4_unicode_ci NOT NULL,
  `size` int(11) NOT NULL,
  `url` varchar(255) COLLATE utf8mb4_unicode_ci NOT NULL,
  `options` text COLLATE utf8mb4_unicode_ci,
  `created_at` timestamp NULL DEFAULT NULL,
  `updated_at` timestamp NULL DEFAULT NULL,
  `deleted_at` timestamp NULL DEFAULT NULL,
  PRIMARY KEY (`id`),
  KEY `media_files_user_id_index` (`user_id`)
) ENGINE=InnoDB AUTO_INCREMENT=122 DEFAULT CHARSET=utf8mb4 COLLATE=utf8mb4_unicode_ci;

--
-- Dumping data for table `media_files`
--

INSERT INTO `media_files` VALUES (1,0,'1',1,'image/jpeg',2200,'brands/1.jpg','[]','2021-05-03 01:53:02','2021-05-03 01:53:02',NULL),(2,0,'2',1,'image/jpeg',2685,'brands/2.jpg','[]','2021-05-03 01:53:02','2021-05-03 01:53:02',NULL),(3,0,'3',1,'image/jpeg',2311,'brands/3.jpg','[]','2021-05-03 01:53:03','2021-05-03 01:53:03',NULL),(4,0,'4',1,'image/jpeg',2374,'brands/4.jpg','[]','2021-05-03 01:53:03','2021-05-03 01:53:03',NULL),(5,0,'5',1,'image/jpeg',1927,'brands/5.jpg','[]','2021-05-03 01:53:03','2021-05-03 01:53:03',NULL),(6,0,'6',1,'image/jpeg',2519,'brands/6.jpg','[]','2021-05-03 01:53:03','2021-05-03 01:53:03',NULL),(7,0,'7',1,'image/jpeg',3043,'brands/7.jpg','[]','2021-05-03 01:53:03','2021-05-03 01:53:03',NULL),(8,0,'1',2,'image/jpeg',5173,'product-categories/1.jpg','[]','2021-05-03 01:53:03','2021-05-03 01:53:03',NULL),(9,0,'2',2,'image/jpeg',7355,'product-categories/2.jpg','[]','2021-05-03 01:53:03','2021-05-03 01:53:03',NULL),(10,0,'3',2,'image/jpeg',4427,'product-categories/3.jpg','[]','2021-05-03 01:53:03','2021-05-03 01:53:03',NULL),(11,0,'4',2,'image/jpeg',2963,'product-categories/4.jpg','[]','2021-05-03 01:53:04','2021-05-03 01:53:04',NULL),(12,0,'5',2,'image/jpeg',5016,'product-categories/5.jpg','[]','2021-05-03 01:53:04','2021-05-03 01:53:04',NULL),(13,0,'6',2,'image/jpeg',4101,'product-categories/6.jpg','[]','2021-05-03 01:53:04','2021-05-03 01:53:04',NULL),(14,0,'7',2,'image/jpeg',2576,'product-categories/7.jpg','[]','2021-05-03 01:53:04','2021-05-03 01:53:04',NULL),(15,0,'8',2,'image/jpeg',4670,'product-categories/8.jpg','[]','2021-05-03 01:53:04','2021-05-03 01:53:04',NULL),(16,0,'1',3,'image/jpeg',4911,'products/1.jpg','[]','2021-05-03 01:53:04','2021-05-03 01:53:04',NULL),(17,0,'10-1',3,'image/jpeg',120755,'products/10-1.jpg','[]','2021-05-03 01:53:05','2021-05-03 01:53:05',NULL),(18,0,'10-2',3,'image/jpeg',148563,'products/10-2.jpg','[]','2021-05-03 01:53:05','2021-05-03 01:53:05',NULL),(19,0,'10',3,'image/jpeg',11176,'products/10.jpg','[]','2021-05-03 01:53:06','2021-05-03 01:53:06',NULL),(20,0,'11-1',3,'image/jpeg',13706,'products/11-1.jpg','[]','2021-05-03 01:53:06','2021-05-03 01:53:06',NULL),(21,0,'11-2',3,'image/jpeg',16809,'products/11-2.jpg','[]','2021-05-03 01:53:06','2021-05-03 01:53:06',NULL),(22,0,'11-3',3,'image/jpeg',23991,'products/11-3.jpg','[]','2021-05-03 01:53:06','2021-05-03 01:53:06',NULL),(23,0,'11',3,'image/jpeg',8234,'products/11.jpg','[]','2021-05-03 01:53:06','2021-05-03 01:53:06',NULL),(24,0,'12-1',3,'image/jpeg',47775,'products/12-1.jpg','[]','2021-05-03 01:53:07','2021-05-03 01:53:07',NULL),(25,0,'12-2',3,'image/jpeg',52722,'products/12-2.jpg','[]','2021-05-03 01:53:07','2021-05-03 01:53:07',NULL),(26,0,'12-3',3,'image/jpeg',57295,'products/12-3.jpg','[]','2021-05-03 01:53:08','2021-05-03 01:53:08',NULL),(27,0,'12',3,'image/jpeg',9642,'products/12.jpg','[]','2021-05-03 01:53:08','2021-05-03 01:53:08',NULL),(28,0,'13-1',3,'image/jpeg',7494,'products/13-1.jpg','[]','2021-05-03 01:53:08','2021-05-03 01:53:08',NULL),(29,0,'13',3,'image/jpeg',7266,'products/13.jpg','[]','2021-05-03 01:53:08','2021-05-03 01:53:08',NULL),(30,0,'14',3,'image/jpeg',6626,'products/14.jpg','[]','2021-05-03 01:53:08','2021-05-03 01:53:08',NULL),(31,0,'15-1',3,'image/jpeg',9014,'products/15-1.jpg','[]','2021-05-03 01:53:09','2021-05-03 01:53:09',NULL),(32,0,'15',3,'image/jpeg',6629,'products/15.jpg','[]','2021-05-03 01:53:09','2021-05-03 01:53:09',NULL),(33,0,'16',3,'image/jpeg',8558,'products/16.jpg','[]','2021-05-03 01:53:09','2021-05-03 01:53:09',NULL),(34,0,'17-1',3,'image/jpeg',63248,'products/17-1.jpg','[]','2021-05-03 01:53:09','2021-05-03 01:53:09',NULL),(35,0,'17-2',3,'image/jpeg',71404,'products/17-2.jpg','[]','2021-05-03 01:53:10','2021-05-03 01:53:10',NULL),(36,0,'17-3',3,'image/jpeg',58949,'products/17-3.jpg','[]','2021-05-03 01:53:10','2021-05-03 01:53:10',NULL),(37,0,'17',3,'image/jpeg',7050,'products/17.jpg','[]','2021-05-03 01:53:11','2021-05-03 01:53:11',NULL),(38,0,'18-1',3,'image/jpeg',527022,'products/18-1.jpg','[]','2021-05-03 01:53:11','2021-05-03 01:53:11',NULL),(39,0,'18-2',3,'image/jpeg',43849,'products/18-2.jpg','[]','2021-05-03 01:53:12','2021-05-03 01:53:12',NULL),(40,0,'18-3',3,'image/jpeg',63876,'products/18-3.jpg','[]','2021-05-03 01:53:12','2021-05-03 01:53:12',NULL),(41,0,'18',3,'image/jpeg',61587,'products/18.jpg','[]','2021-05-03 01:53:13','2021-05-03 01:53:13',NULL),(42,0,'19-1',3,'image/jpeg',23166,'products/19-1.jpg','[]','2021-05-03 01:53:13','2021-05-03 01:53:13',NULL),(43,0,'19-2',3,'image/jpeg',12306,'products/19-2.jpg','[]','2021-05-03 01:53:13','2021-05-03 01:53:13',NULL),(44,0,'19-3',3,'image/jpeg',51458,'products/19-3.jpg','[]','2021-05-03 01:53:13','2021-05-03 01:53:13',NULL),(45,0,'19',3,'image/jpeg',227872,'products/19.jpg','[]','2021-05-03 01:53:14','2021-05-03 01:53:14',NULL),(46,0,'2-1',3,'image/jpeg',85522,'products/2-1.jpg','[]','2021-05-03 01:53:14','2021-05-03 01:53:14',NULL),(47,0,'2-2',3,'image/jpeg',122423,'products/2-2.jpg','[]','2021-05-03 01:53:14','2021-05-03 01:53:14',NULL),(48,0,'2-3',3,'image/jpeg',61996,'products/2-3.jpg','[]','2021-05-03 01:53:15','2021-05-03 01:53:15',NULL),(49,0,'2',3,'image/jpeg',10832,'products/2.jpg','[]','2021-05-03 01:53:16','2021-05-03 01:53:16',NULL),(50,0,'20-1',3,'image/jpeg',108013,'products/20-1.jpg','[]','2021-05-03 01:53:16','2021-05-03 01:53:16',NULL),(51,0,'20-2',3,'image/jpeg',107598,'products/20-2.jpg','[]','2021-05-03 01:53:16','2021-05-03 01:53:16',NULL),(52,0,'20-3',3,'image/jpeg',31959,'products/20-3.jpg','[]','2021-05-03 01:53:17','2021-05-03 01:53:17',NULL),(53,0,'20',3,'image/jpeg',12798,'products/20.jpg','[]','2021-05-03 01:53:17','2021-05-03 01:53:17',NULL),(54,0,'21-1',3,'image/jpeg',92022,'products/21-1.jpg','[]','2021-05-03 01:53:18','2021-05-03 01:53:18',NULL),(55,0,'21-2',3,'image/jpeg',73796,'products/21-2.jpg','[]','2021-05-03 01:53:18','2021-05-03 01:53:18',NULL),(56,0,'21',3,'image/jpeg',72410,'products/21.jpg','[]','2021-05-03 01:53:19','2021-05-03 01:53:19',NULL),(57,0,'22-1',3,'image/jpeg',50174,'products/22-1.jpg','[]','2021-05-03 01:53:19','2021-05-03 01:53:19',NULL),(58,0,'22-2',3,'image/jpeg',63267,'products/22-2.jpg','[]','2021-05-03 01:53:20','2021-05-03 01:53:20',NULL),(59,0,'22-3',3,'image/jpeg',125017,'products/22-3.jpg','[]','2021-05-03 01:53:20','2021-05-03 01:53:20',NULL),(60,0,'22',3,'image/jpeg',88636,'products/22.jpg','[]','2021-05-03 01:53:21','2021-05-03 01:53:21',NULL),(61,0,'23-1',3,'image/jpeg',64117,'products/23-1.jpg','[]','2021-05-03 01:53:21','2021-05-03 01:53:21',NULL),(62,0,'23-2',3,'image/jpeg',96786,'products/23-2.jpg','[]','2021-05-03 01:53:22','2021-05-03 01:53:22',NULL),(63,0,'23-3',3,'image/jpeg',46477,'products/23-3.jpg','[]','2021-05-03 01:53:22','2021-05-03 01:53:22',NULL),(64,0,'23',3,'image/jpeg',68142,'products/23.jpg','[]','2021-05-03 01:53:23','2021-05-03 01:53:23',NULL),(65,0,'3',3,'image/jpeg',8388,'products/3.jpg','[]','2021-05-03 01:53:23','2021-05-03 01:53:23',NULL),(66,0,'4-1',3,'image/jpeg',39071,'products/4-1.jpg','[]','2021-05-03 01:53:24','2021-05-03 01:53:24',NULL),(67,0,'4-2',3,'image/jpeg',35982,'products/4-2.jpg','[]','2021-05-03 01:53:24','2021-05-03 01:53:24',NULL),(68,0,'4-3',3,'image/jpeg',62867,'products/4-3.jpg','[]','2021-05-03 01:53:25','2021-05-03 01:53:25',NULL),(69,0,'4',3,'image/jpeg',5547,'products/4.jpg','[]','2021-05-03 01:53:25','2021-05-03 01:53:25',NULL),(70,0,'5-1',3,'image/jpeg',72383,'products/5-1.jpg','[]','2021-05-03 01:53:25','2021-05-03 01:53:25',NULL),(71,0,'5-2',3,'image/jpeg',108591,'products/5-2.jpg','[]','2021-05-03 01:53:26','2021-05-03 01:53:26',NULL),(72,0,'5-3',3,'image/jpeg',63741,'products/5-3.jpg','[]','2021-05-03 01:53:27','2021-05-03 01:53:27',NULL),(73,0,'5',3,'image/jpeg',98052,'products/5.jpg','[]','2021-05-03 01:53:27','2021-05-03 01:53:27',NULL),(74,0,'6',3,'image/jpeg',10944,'products/6.jpg','[]','2021-05-03 01:53:28','2021-05-03 01:53:28',NULL),(75,0,'7',3,'image/jpeg',10160,'products/7.jpg','[]','2021-05-03 01:53:28','2021-05-03 01:53:28',NULL),(76,0,'8-1',3,'image/jpeg',9986,'products/8-1.jpg','[]','2021-05-03 01:53:28','2021-05-03 01:53:28',NULL),(77,0,'8-2',3,'image/jpeg',8132,'products/8-2.jpg','[]','2021-05-03 01:53:28','2021-05-03 01:53:28',NULL),(78,0,'8-3',3,'image/jpeg',7867,'products/8-3.jpg','[]','2021-05-03 01:53:29','2021-05-03 01:53:29',NULL),(79,0,'8',3,'image/jpeg',10459,'products/8.jpg','[]','2021-05-03 01:53:29','2021-05-03 01:53:29',NULL),(80,0,'9-1',3,'image/jpeg',623616,'products/9-1.jpg','[]','2021-05-03 01:53:29','2021-05-03 01:53:29',NULL),(81,0,'9-2',3,'image/jpeg',647454,'products/9-2.jpg','[]','2021-05-03 01:53:30','2021-05-03 01:53:30',NULL),(82,0,'9',3,'image/jpeg',16733,'products/9.jpg','[]','2021-05-03 01:53:30','2021-05-03 01:53:30',NULL),(83,0,'1',4,'image/jpeg',11752,'customers/1.jpg','[]','2021-05-03 01:53:31','2021-05-03 01:53:31',NULL),(84,0,'10',4,'image/jpeg',27814,'customers/10.jpg','[]','2021-05-03 01:53:32','2021-05-03 01:53:32',NULL),(85,0,'2',4,'image/jpeg',19005,'customers/2.jpg','[]','2021-05-03 01:53:32','2021-05-03 01:53:32',NULL),(86,0,'3',4,'image/jpeg',20400,'customers/3.jpg','[]','2021-05-03 01:53:32','2021-05-03 01:53:32',NULL),(87,0,'4',4,'image/jpeg',26819,'customers/4.jpg','[]','2021-05-03 01:53:32','2021-05-03 01:53:32',NULL),(88,0,'5',4,'image/jpeg',14367,'customers/5.jpg','[]','2021-05-03 01:53:32','2021-05-03 01:53:32',NULL),(89,0,'6',4,'image/jpeg',12367,'customers/6.jpg','[]','2021-05-03 01:53:33','2021-05-03 01:53:33',NULL),(90,0,'7',4,'image/jpeg',20652,'customers/7.jpg','[]','2021-05-03 01:53:33','2021-05-03 01:53:33',NULL),(91,0,'8',4,'image/jpeg',21164,'customers/8.jpg','[]','2021-05-03 01:53:33','2021-05-03 01:53:33',NULL),(92,0,'9',4,'image/jpeg',6084,'customers/9.jpg','[]','2021-05-03 01:53:33','2021-05-03 01:53:33',NULL),(93,0,'1',5,'image/jpeg',532819,'news/1.jpg','[]','2021-05-03 01:53:37','2021-05-03 01:53:37',NULL),(94,0,'2',5,'image/jpeg',553729,'news/2.jpg','[]','2021-05-03 01:53:38','2021-05-03 01:53:38',NULL),(95,0,'3',5,'image/jpeg',522223,'news/3.jpg','[]','2021-05-03 01:53:39','2021-05-03 01:53:39',NULL),(96,0,'4',5,'image/jpeg',910908,'news/4.jpg','[]','2021-05-03 01:53:39','2021-05-03 01:53:39',NULL),(97,0,'5',5,'image/jpeg',666561,'news/5.jpg','[]','2021-05-03 01:53:40','2021-05-03 01:53:40',NULL),(98,0,'6',5,'image/jpeg',431929,'news/6.jpg','[]','2021-05-03 01:53:41','2021-05-03 01:53:41',NULL),(99,0,'7',5,'image/jpeg',568268,'news/7.jpg','[]','2021-05-03 01:53:41','2021-05-03 01:53:41',NULL),(100,0,'1',6,'image/jpeg',139880,'sliders/1.jpg','[]','2021-05-03 01:53:42','2021-05-03 01:53:42',NULL),(101,0,'2',6,'image/jpeg',85128,'sliders/2.jpg','[]','2021-05-03 01:53:42','2021-05-03 01:53:42',NULL),(102,0,'3',6,'image/jpeg',85668,'sliders/3.jpg','[]','2021-05-03 01:53:43','2021-05-03 01:53:43',NULL),(103,0,'1',7,'image/jpeg',56015,'promotion/1.jpg','[]','2021-05-03 01:53:44','2021-05-03 01:53:44',NULL),(104,0,'2',7,'image/jpeg',39964,'promotion/2.jpg','[]','2021-05-03 01:53:44','2021-05-03 01:53:44',NULL),(105,0,'3',7,'image/jpeg',71948,'promotion/3.jpg','[]','2021-05-03 01:53:44','2021-05-03 01:53:44',NULL),(106,0,'4',7,'image/jpeg',94590,'promotion/4.jpg','[]','2021-05-03 01:53:44','2021-05-03 01:53:44',NULL),(107,0,'5',7,'image/jpeg',96153,'promotion/5.jpg','[]','2021-05-03 01:53:45','2021-05-03 01:53:45',NULL),(108,0,'6',7,'image/jpeg',160910,'promotion/6.jpg','[]','2021-05-03 01:53:45','2021-05-03 01:53:45',NULL),(109,0,'7',7,'image/jpeg',59044,'promotion/7.jpg','[]','2021-05-03 01:53:45','2021-05-03 01:53:45',NULL),(110,0,'8',7,'image/jpeg',39964,'promotion/8.jpg','[]','2021-05-03 01:53:46','2021-05-03 01:53:46',NULL),(111,0,'app',8,'image/png',88771,'general/app.png','[]','2021-05-03 01:53:46','2021-05-03 01:53:46',NULL),(112,0,'coming-soon',8,'image/jpeg',83359,'general/coming-soon.jpg','[]','2021-05-03 01:53:47','2021-05-03 01:53:47',NULL),(113,0,'favicon',8,'image/png',5147,'general/favicon.png','[]','2021-05-03 01:53:47','2021-05-03 01:53:47',NULL),(114,0,'logo-light',8,'image/png',1430,'general/logo-light.png','[]','2021-05-03 01:53:47','2021-05-03 01:53:47',NULL),(115,0,'logo',8,'image/png',892,'general/logo.png','[]','2021-05-03 01:53:47','2021-05-03 01:53:47',NULL),(116,0,'newsletter',8,'image/jpeg',25569,'general/newsletter.jpg','[]','2021-05-03 01:53:48','2021-05-03 01:53:48',NULL),(117,0,'payment-method-1',8,'image/jpeg',976,'general/payment-method-1.jpg','[]','2021-05-03 01:53:48','2021-05-03 01:53:48',NULL),(118,0,'payment-method-2',8,'image/jpeg',1122,'general/payment-method-2.jpg','[]','2021-05-03 01:53:48','2021-05-03 01:53:48',NULL),(119,0,'payment-method-3',8,'image/jpeg',1040,'general/payment-method-3.jpg','[]','2021-05-03 01:53:48','2021-05-03 01:53:48',NULL),(120,0,'payment-method-4',8,'image/jpeg',722,'general/payment-method-4.jpg','[]','2021-05-03 01:53:48','2021-05-03 01:53:48',NULL),(121,0,'payment-method-5',8,'image/jpeg',773,'general/payment-method-5.jpg','[]','2021-05-03 01:53:48','2021-05-03 01:53:48',NULL);

--
-- Table structure for table `media_folders`
--

CREATE TABLE `media_folders` (
  `id` bigint(20) unsigned NOT NULL AUTO_INCREMENT,
  `user_id` int(10) unsigned NOT NULL,
  `name` varchar(191) COLLATE utf8mb4_unicode_ci DEFAULT NULL,
  `slug` varchar(191) COLLATE utf8mb4_unicode_ci DEFAULT NULL,
  `parent_id` int(11) NOT NULL DEFAULT '0',
  `created_at` timestamp NULL DEFAULT NULL,
  `updated_at` timestamp NULL DEFAULT NULL,
  `deleted_at` timestamp NULL DEFAULT NULL,
  PRIMARY KEY (`id`),
  KEY `media_folders_user_id_index` (`user_id`)
) ENGINE=InnoDB AUTO_INCREMENT=9 DEFAULT CHARSET=utf8mb4 COLLATE=utf8mb4_unicode_ci;

--
-- Dumping data for table `media_folders`
--

INSERT INTO `media_folders` VALUES (1,0,'brands','brands',0,'2021-05-03 01:53:02','2021-05-03 01:53:02',NULL),(2,0,'product-categories','product-categories',0,'2021-05-03 01:53:03','2021-05-03 01:53:03',NULL),(3,0,'products','products',0,'2021-05-03 01:53:04','2021-05-03 01:53:04',NULL),(4,0,'customers','customers',0,'2021-05-03 01:53:31','2021-05-03 01:53:31',NULL),(5,0,'news','news',0,'2021-05-03 01:53:37','2021-05-03 01:53:37',NULL),(6,0,'sliders','sliders',0,'2021-05-03 01:53:42','2021-05-03 01:53:42',NULL),(7,0,'promotion','promotion',0,'2021-05-03 01:53:44','2021-05-03 01:53:44',NULL),(8,0,'general','general',0,'2021-05-03 01:53:46','2021-05-03 01:53:46',NULL);

--
-- Table structure for table `media_settings`
--

CREATE TABLE `media_settings` (
  `id` bigint(20) unsigned NOT NULL AUTO_INCREMENT,
  `key` varchar(120) COLLATE utf8mb4_unicode_ci NOT NULL,
  `value` text COLLATE utf8mb4_unicode_ci,
  `media_id` int(11) DEFAULT NULL,
  `user_id` int(11) DEFAULT NULL,
  `created_at` timestamp NULL DEFAULT NULL,
  `updated_at` timestamp NULL DEFAULT NULL,
  PRIMARY KEY (`id`)
) ENGINE=InnoDB DEFAULT CHARSET=utf8mb4 COLLATE=utf8mb4_unicode_ci;

--
-- Dumping data for table `media_settings`
--


--
-- Table structure for table `menu_locations`
--

CREATE TABLE `menu_locations` (
  `id` bigint(20) unsigned NOT NULL AUTO_INCREMENT,
  `menu_id` int(10) unsigned NOT NULL,
  `location` varchar(120) COLLATE utf8mb4_unicode_ci NOT NULL,
  `created_at` timestamp NULL DEFAULT NULL,
  `updated_at` timestamp NULL DEFAULT NULL,
  PRIMARY KEY (`id`)
) ENGINE=InnoDB AUTO_INCREMENT=2 DEFAULT CHARSET=utf8mb4 COLLATE=utf8mb4_unicode_ci;

--
-- Dumping data for table `menu_locations`
--

INSERT INTO `menu_locations` VALUES (1,1,'main-menu','2021-05-03 01:53:46','2021-05-03 01:53:46');

--
-- Table structure for table `menu_nodes`
--

CREATE TABLE `menu_nodes` (
  `id` bigint(20) unsigned NOT NULL AUTO_INCREMENT,
  `menu_id` int(10) unsigned NOT NULL,
  `parent_id` int(10) unsigned NOT NULL DEFAULT '0',
  `reference_id` int(10) unsigned DEFAULT NULL,
  `reference_type` varchar(255) COLLATE utf8mb4_unicode_ci DEFAULT NULL,
  `url` varchar(120) COLLATE utf8mb4_unicode_ci DEFAULT NULL,
  `icon_font` varchar(50) COLLATE utf8mb4_unicode_ci DEFAULT NULL,
  `position` tinyint(3) unsigned NOT NULL DEFAULT '0',
  `title` varchar(120) COLLATE utf8mb4_unicode_ci DEFAULT NULL,
  `css_class` varchar(120) COLLATE utf8mb4_unicode_ci DEFAULT NULL,
  `target` varchar(20) COLLATE utf8mb4_unicode_ci NOT NULL DEFAULT '_self',
  `has_child` tinyint(3) unsigned NOT NULL DEFAULT '0',
  `created_at` timestamp NULL DEFAULT NULL,
  `updated_at` timestamp NULL DEFAULT NULL,
  PRIMARY KEY (`id`),
  KEY `menu_nodes_menu_id_index` (`menu_id`),
  KEY `menu_nodes_parent_id_index` (`parent_id`)
) ENGINE=InnoDB AUTO_INCREMENT=28 DEFAULT CHARSET=utf8mb4 COLLATE=utf8mb4_unicode_ci;

--
-- Dumping data for table `menu_nodes`
--

INSERT INTO `menu_nodes` VALUES (1,1,0,NULL,NULL,'/',NULL,0,'Home',NULL,'_self',0,'2021-05-03 01:53:46','2021-05-03 01:53:46'),(2,1,0,NULL,NULL,'#',NULL,0,'Pages',NULL,'_self',1,'2021-05-03 01:53:46','2021-05-03 01:53:46'),(3,1,2,2,'Botble\\Page\\Models\\Page','/about-us',NULL,0,'About us',NULL,'_self',0,'2021-05-03 01:53:46','2021-05-03 01:53:46'),(4,1,2,3,'Botble\\Page\\Models\\Page','/terms-of-use',NULL,0,'Terms Of Use',NULL,'_self',0,'2021-05-03 01:53:46','2021-05-03 01:53:46'),(5,1,2,4,'Botble\\Page\\Models\\Page','/terms-conditions',NULL,0,'Terms & Conditions',NULL,'_self',0,'2021-05-03 01:53:46','2021-05-03 01:53:46'),(6,1,2,5,'Botble\\Page\\Models\\Page','/refund-policy',NULL,0,'Refund Policy',NULL,'_self',0,'2021-05-03 01:53:46','2021-05-03 01:53:46'),(7,1,2,12,'Botble\\Page\\Models\\Page','/coming-soon',NULL,0,'Coming soon',NULL,'_self',0,'2021-05-03 01:53:46','2021-05-03 01:53:46'),(8,1,0,NULL,NULL,'/products',NULL,0,'Shop',NULL,'_self',1,'2021-05-03 01:53:46','2021-05-03 01:53:46'),(9,1,8,NULL,NULL,'/products',NULL,0,'All products',NULL,'_self',0,'2021-05-03 01:53:46','2021-05-03 01:53:46'),(10,1,8,15,'Botble\\Ecommerce\\Models\\ProductCategory','/product-categories/consumer-electronic',NULL,0,'Products Of Category',NULL,'_self',0,'2021-05-03 01:53:46','2021-05-03 01:53:46'),(11,1,8,NULL,NULL,'/products/beat-headphone',NULL,0,'Product Single',NULL,'_self',0,'2021-05-03 01:53:46','2021-05-03 01:53:46'),(12,1,0,6,'Botble\\Page\\Models\\Page','/blog',NULL,0,'Blog',NULL,'_self',0,'2021-05-03 01:53:46','2021-05-03 01:53:46'),(13,1,0,7,'Botble\\Page\\Models\\Page','/faqs',NULL,0,'FAQs',NULL,'_self',0,'2021-05-03 01:53:46','2021-05-03 01:53:46'),(14,1,0,8,'Botble\\Page\\Models\\Page','/contact',NULL,0,'Contact',NULL,'_self',0,'2021-05-03 01:53:46','2021-05-03 01:53:46'),(15,2,0,3,'Botble\\Page\\Models\\Page','/terms-of-use',NULL,0,'Terms Of Use',NULL,'_self',0,'2021-05-03 01:53:46','2021-05-03 01:53:46'),(16,2,0,4,'Botble\\Page\\Models\\Page','/terms-conditions',NULL,0,'Terms & Conditions',NULL,'_self',0,'2021-05-03 01:53:46','2021-05-03 01:53:46'),(17,2,0,5,'Botble\\Page\\Models\\Page','/refund-policy',NULL,0,'Refund Policy',NULL,'_self',0,'2021-05-03 01:53:46','2021-05-03 01:53:46'),(18,2,0,7,'Botble\\Page\\Models\\Page','/faqs',NULL,0,'FAQs',NULL,'_self',0,'2021-05-03 01:53:46','2021-05-03 01:53:46'),(19,2,0,NULL,NULL,'/nothing',NULL,0,'404 Page',NULL,'_self',0,'2021-05-03 01:53:46','2021-05-03 01:53:46'),(20,3,0,2,'Botble\\Page\\Models\\Page','/about-us',NULL,0,'About us',NULL,'_self',0,'2021-05-03 01:53:46','2021-05-03 01:53:46'),(21,3,0,10,'Botble\\Page\\Models\\Page','/affiliate',NULL,0,'Affiliate',NULL,'_self',0,'2021-05-03 01:53:46','2021-05-03 01:53:46'),(22,3,0,11,'Botble\\Page\\Models\\Page','/career',NULL,0,'Career',NULL,'_self',0,'2021-05-03 01:53:46','2021-05-03 01:53:46'),(23,3,0,8,'Botble\\Page\\Models\\Page','/contact',NULL,0,'Contact us',NULL,'_self',0,'2021-05-03 01:53:46','2021-05-03 01:53:46'),(24,4,0,6,'Botble\\Page\\Models\\Page','/blog',NULL,0,'Our blog',NULL,'_self',0,'2021-05-03 01:53:46','2021-05-03 01:53:46'),(25,4,0,NULL,NULL,'/cart',NULL,0,'Cart',NULL,'_self',0,'2021-05-03 01:53:46','2021-05-03 01:53:46'),(26,4,0,NULL,NULL,'/customer/overview',NULL,0,'My account',NULL,'_self',0,'2021-05-03 01:53:46','2021-05-03 01:53:46'),(27,4,0,NULL,NULL,'/products',NULL,0,'Shop',NULL,'_self',0,'2021-05-03 01:53:46','2021-05-03 01:53:46');

--
-- Table structure for table `menus`
--

CREATE TABLE `menus` (
  `id` bigint(20) unsigned NOT NULL AUTO_INCREMENT,
  `name` varchar(120) COLLATE utf8mb4_unicode_ci NOT NULL,
  `slug` varchar(120) COLLATE utf8mb4_unicode_ci DEFAULT NULL,
  `status` varchar(60) COLLATE utf8mb4_unicode_ci NOT NULL DEFAULT 'published',
  `created_at` timestamp NULL DEFAULT NULL,
  `updated_at` timestamp NULL DEFAULT NULL,
  PRIMARY KEY (`id`),
  UNIQUE KEY `menus_slug_unique` (`slug`)
) ENGINE=InnoDB AUTO_INCREMENT=5 DEFAULT CHARSET=utf8mb4 COLLATE=utf8mb4_unicode_ci;

--
-- Dumping data for table `menus`
--

INSERT INTO `menus` VALUES (1,'Main menu','main-menu','published','2021-05-03 01:53:46','2021-05-03 01:53:46'),(2,'Quick links','quick-links','published','2021-05-03 01:53:46','2021-05-03 01:53:46'),(3,'Company','company','published','2021-05-03 01:53:46','2021-05-03 01:53:46'),(4,'Business','business','published','2021-05-03 01:53:46','2021-05-03 01:53:46');

--
-- Table structure for table `meta_boxes`
--

CREATE TABLE `meta_boxes` (
  `id` bigint(20) unsigned NOT NULL AUTO_INCREMENT,
  `meta_key` varchar(255) COLLATE utf8mb4_unicode_ci NOT NULL,
  `meta_value` text COLLATE utf8mb4_unicode_ci,
  `reference_id` int(10) unsigned NOT NULL,
  `reference_type` varchar(120) COLLATE utf8mb4_unicode_ci NOT NULL,
  `created_at` timestamp NULL DEFAULT NULL,
  `updated_at` timestamp NULL DEFAULT NULL,
  PRIMARY KEY (`id`),
  KEY `meta_boxes_reference_id_index` (`reference_id`)
) ENGINE=InnoDB AUTO_INCREMENT=15 DEFAULT CHARSET=utf8mb4 COLLATE=utf8mb4_unicode_ci;

--
-- Dumping data for table `meta_boxes`
--

INSERT INTO `meta_boxes` VALUES (1,'icon','[\"icon-star\"]',1,'Botble\\Ecommerce\\Models\\ProductCategory','2021-05-03 01:53:04','2021-05-03 01:53:04'),(2,'icon','[\"icon-laundry\"]',2,'Botble\\Ecommerce\\Models\\ProductCategory','2021-05-03 01:53:04','2021-05-03 01:53:04'),(3,'icon','[\"icon-shirt\"]',3,'Botble\\Ecommerce\\Models\\ProductCategory','2021-05-03 01:53:04','2021-05-03 01:53:04'),(4,'icon','[\"icon-desktop\"]',4,'Botble\\Ecommerce\\Models\\ProductCategory','2021-05-03 01:53:04','2021-05-03 01:53:04'),(5,'icon','[\"icon-lampshade\"]',5,'Botble\\Ecommerce\\Models\\ProductCategory','2021-05-03 01:53:04','2021-05-03 01:53:04'),(6,'icon','[\"icon-heart-pulse\"]',6,'Botble\\Ecommerce\\Models\\ProductCategory','2021-05-03 01:53:04','2021-05-03 01:53:04'),(7,'icon','[\"icon-diamond2\"]',7,'Botble\\Ecommerce\\Models\\ProductCategory','2021-05-03 01:53:04','2021-05-03 01:53:04'),(8,'icon','[\"icon-desktop\"]',8,'Botble\\Ecommerce\\Models\\ProductCategory','2021-05-03 01:53:04','2021-05-03 01:53:04'),(9,'icon','[\"icon-smartphone\"]',9,'Botble\\Ecommerce\\Models\\ProductCategory','2021-05-03 01:53:04','2021-05-03 01:53:04'),(10,'icon','[\"icon-baby-bottle\"]',10,'Botble\\Ecommerce\\Models\\ProductCategory','2021-05-03 01:53:04','2021-05-03 01:53:04'),(11,'icon','[\"icon-baseball\"]',11,'Botble\\Ecommerce\\Models\\ProductCategory','2021-05-03 01:53:04','2021-05-03 01:53:04'),(12,'icon','[\"icon-book2\"]',12,'Botble\\Ecommerce\\Models\\ProductCategory','2021-05-03 01:53:04','2021-05-03 01:53:04'),(13,'icon','[\"icon-car-siren\"]',13,'Botble\\Ecommerce\\Models\\ProductCategory','2021-05-03 01:53:04','2021-05-03 01:53:04'),(14,'icon','[\"icon-wrench\"]',14,'Botble\\Ecommerce\\Models\\ProductCategory','2021-05-03 01:53:04','2021-05-03 01:53:04');

--
-- Table structure for table `migrations`
--

CREATE TABLE `migrations` (
  `id` int(10) unsigned NOT NULL AUTO_INCREMENT,
  `migration` varchar(191) COLLATE utf8mb4_unicode_ci NOT NULL,
  `batch` int(11) NOT NULL,
  PRIMARY KEY (`id`)
) ENGINE=InnoDB AUTO_INCREMENT=44 DEFAULT CHARSET=utf8mb4 COLLATE=utf8mb4_unicode_ci;

--
-- Dumping data for table `migrations`
--

INSERT INTO `migrations` VALUES (1,'2013_04_09_032329_create_base_tables',1),(2,'2013_04_09_062329_create_revisions_table',1),(3,'2014_10_12_000000_create_users_table',1),(4,'2014_10_12_100000_create_password_resets_table',1),(5,'2015_06_18_033822_create_blog_table',1),(6,'2015_06_29_025744_create_audit_history',1),(7,'2016_06_10_230148_create_acl_tables',1),(8,'2016_06_14_230857_create_menus_table',1),(9,'2016_06_17_091537_create_contacts_table',1),(10,'2016_06_28_221418_create_pages_table',1),(11,'2016_10_05_074239_create_setting_table',1),(12,'2016_10_07_193005_create_translations_table',1),(13,'2016_11_28_032840_create_dashboard_widget_tables',1),(14,'2016_12_16_084601_create_widgets_table',1),(15,'2017_05_09_070343_create_media_tables',1),(16,'2017_05_18_080441_create_payment_tables',1),(17,'2017_07_11_140018_create_simple_slider_table',1),(18,'2017_10_24_154832_create_newsletter_table',1),(19,'2017_11_03_070450_create_slug_table',1),(20,'2018_07_09_221238_create_faq_table',1),(21,'2019_01_05_053554_create_jobs_table',1),(22,'2019_08_19_000000_create_failed_jobs_table',1),(23,'2020_03_05_041139_create_ecommerce_tables',1),(24,'2020_09_22_135635_update_taxes_table',1),(25,'2020_09_29_101006_add_views_into_ec_products_table',1),(26,'2020_10_01_152311_make_column_image_in_product_attributes_table_nullable',1),(27,'2020_10_06_073439_improve_ecommerce_database',1),(28,'2020_11_01_040415_update_table_ec_order_addresses',1),(29,'2020_11_04_091510_make_column_phone_in_order_addresses_nullable',1),(30,'2020_11_18_150916_ads_create_ads_table',1),(31,'2020_11_30_015801_update_table_ec_product_categories',1),(32,'2021_01_01_044147_ecommerce_create_flash_sale_table',1),(33,'2021_01_17_082713_add_column_is_featured_to_product_collections_table',1),(34,'2021_01_18_024333_add_zip_code_into_table_customer_addresses',1),(35,'2021_02_16_092633_remove_default_value_for_author_type',1),(36,'2021_02_18_073505_update_table_ec_reviews',1),(37,'2021_03_10_024419_add_column_confirmed_at_to_table_ec_customers',1),(38,'2021_03_10_025153_change_column_tax_amount',1),(39,'2021_03_20_033103_add_column_availability_to_table_ec_products',1),(40,'2021_03_27_144913_add_customer_type_into_table_payments',1),(41,'2021_04_28_074008_ecommerce_create_product_label_table',1),(42,'2021_03_18_074842_marketplace_create_store_table',2),(43,'2021_05_06_043709_marketplace_update_customers',2);

--
-- Table structure for table `mp_stores`
--

CREATE TABLE `mp_stores` (
  `id` bigint(20) unsigned NOT NULL AUTO_INCREMENT,
  `name` varchar(255) COLLATE utf8mb4_unicode_ci NOT NULL,
  `email` varchar(60) COLLATE utf8mb4_unicode_ci DEFAULT NULL,
  `phone` varchar(20) COLLATE utf8mb4_unicode_ci DEFAULT NULL,
  `address` varchar(255) COLLATE utf8mb4_unicode_ci DEFAULT NULL,
  `country` varchar(120) COLLATE utf8mb4_unicode_ci DEFAULT NULL,
  `state` varchar(120) COLLATE utf8mb4_unicode_ci DEFAULT NULL,
  `city` varchar(120) COLLATE utf8mb4_unicode_ci DEFAULT NULL,
  `customer_id` int(10) unsigned DEFAULT NULL,
  `logo` varchar(255) COLLATE utf8mb4_unicode_ci DEFAULT NULL,
  `description` varchar(400) COLLATE utf8mb4_unicode_ci DEFAULT NULL,
  `content` longtext COLLATE utf8mb4_unicode_ci,
  `status` varchar(60) COLLATE utf8mb4_unicode_ci NOT NULL DEFAULT 'published',
  `created_at` timestamp NULL DEFAULT NULL,
  `updated_at` timestamp NULL DEFAULT NULL,
  PRIMARY KEY (`id`)
) ENGINE=InnoDB DEFAULT CHARSET=utf8mb4 COLLATE=utf8mb4_unicode_ci;

--
-- Dumping data for table `mp_stores`
--


--
-- Table structure for table `newsletters`
--

CREATE TABLE `newsletters` (
  `id` bigint(20) unsigned NOT NULL AUTO_INCREMENT,
  `email` varchar(120) COLLATE utf8mb4_unicode_ci NOT NULL,
  `name` varchar(120) COLLATE utf8mb4_unicode_ci DEFAULT NULL,
  `status` varchar(60) COLLATE utf8mb4_unicode_ci NOT NULL DEFAULT 'subscribed',
  `created_at` timestamp NULL DEFAULT NULL,
  `updated_at` timestamp NULL DEFAULT NULL,
  PRIMARY KEY (`id`)
) ENGINE=InnoDB DEFAULT CHARSET=utf8mb4 COLLATE=utf8mb4_unicode_ci;

--
-- Dumping data for table `newsletters`
--


--
-- Table structure for table `pages`
--

CREATE TABLE `pages` (
  `id` bigint(20) unsigned NOT NULL AUTO_INCREMENT,
  `name` varchar(120) COLLATE utf8mb4_unicode_ci NOT NULL,
  `content` longtext COLLATE utf8mb4_unicode_ci,
  `user_id` int(11) NOT NULL,
  `image` varchar(255) COLLATE utf8mb4_unicode_ci DEFAULT NULL,
  `template` varchar(60) COLLATE utf8mb4_unicode_ci DEFAULT NULL,
  `is_featured` tinyint(4) NOT NULL DEFAULT '0',
  `description` varchar(400) COLLATE utf8mb4_unicode_ci DEFAULT NULL,
  `status` varchar(60) COLLATE utf8mb4_unicode_ci NOT NULL DEFAULT 'published',
  `created_at` timestamp NULL DEFAULT NULL,
  `updated_at` timestamp NULL DEFAULT NULL,
  PRIMARY KEY (`id`)
) ENGINE=InnoDB AUTO_INCREMENT=13 DEFAULT CHARSET=utf8mb4 COLLATE=utf8mb4_unicode_ci;

--
-- Dumping data for table `pages`
--

INSERT INTO `pages` VALUES (1,'Home','<div>[simple-slider key=\"home-slider\"][/simple-slider]</div><div>[site-features][/site-features]</div><div>[flash-sale title=\"Deal of the day\" flash_sale_id=\"1\"][/flash-sale]</div><div>[featured-product-categories title=\"Top Categories\"][/featured-product-categories]</div><div>[theme-ads key_1=\"IZ6WU8KUALYD\" key_2=\"ILSFJVYFGCPZ\" key_3=\"ZDOZUZZIU7FT\"][/theme-ads]</div><div>[featured-products title=\"Featured products\"][/featured-products]</div><div>[theme-ads key_1=\"Q9YDUIC9HSWS\" key_2=\"Q9YDUIC9HSWS\"][/theme-ads]</div><div>[product-collections title=\"Exclusive Products\"][/product-collections]</div><div>[product-category-products category_id=\"17\"][/product-category-products]</div><div>[download-app title=\"Download Martfury App Now!\" description=\"Shopping fastly and easily more with our app. Get a link to download the app on your phone.\" screenshot=\"general/app.png\" android_app_url=\"https://www.appstore.com\" ios_app_url=\"https://play.google.com/store\"][[/download-app]</div><div>[product-category-products category_id=\"15\"][/product-category-products]</div><div>[newsletter-form title=\"Join Our Newsletter Now\" description=\"Subscribe to get information about products and coupons\"][/newsletter-form]</div>',1,NULL,'homepage',0,NULL,'published','2021-05-03 01:53:43','2021-05-03 01:53:43'),(2,'About us','<p>Alice; \'and I do hope it\'ll make me giddy.\' And then, turning to Alice again. \'No, I give you fair warning,\' shouted the Gryphon, \'she wants for to know your history, you know,\' said the Queen, in a melancholy way, being quite unable to move. She soon got it out again, so violently, that she was quite a large arm-chair at one corner of it: for she could not think of what sort it was) scratching and scrambling about in the sea!\' cried the Gryphon. \'The reason is,\' said the Dodo solemnly.</p><p>Five, \'and I\'ll tell him--it was for bringing the cook took the hookah out of the ground--and I should think very likely to eat or drink anything; so I\'ll just see what would happen next. \'It\'s--it\'s a very humble tone, going down on their hands and feet at the other, saying, in a hurry. \'No, I\'ll look first,\' she said, \'and see whether it\'s marked \"poison\" or not\'; for she could not even room for her. \'Yes!\' shouted Alice. \'Come on, then,\' said Alice, in a furious passion, and went by without.</p><p>It\'s the most confusing thing I ever was at in all my life, never!\' They had not attended to this last remark, \'it\'s a vegetable. It doesn\'t look like one, but the tops of the thing at all. However, \'jury-men\' would have appeared to them she heard a voice outside, and stopped to listen. The Fish-Footman began by producing from under his arm a great deal to ME,\' said Alice in a low, hurried tone. He looked at Alice, as she picked her way out. \'I shall sit here,\' he said, \'on and off, for days.</p><p>And she thought it over here,\' said the Mock Turtle replied, counting off the mushroom, and her eyes to see the Queen. An invitation from the change: and Alice looked down at her rather inquisitively, and seemed to be a grin, and she told her sister, who was trembling down to her chin in salt water. Her first idea was that it was over at last, more calmly, though still sobbing a little door was shut again, and that\'s very like a mouse, you know. Please, Ma\'am, is this New Zealand or.</p>',1,NULL,'default',0,NULL,'published','2021-05-03 01:53:43','2021-05-03 01:53:43'),(3,'Terms Of Use','<p>Alice the moment she felt very lonely and low-spirited. In a little timidly: \'but it\'s no use speaking to it,\' she said to herself \'Now I can say.\' This was such a thing as \"I eat what I say,\' the Mock Turtle with a smile. There was a good deal until she made her feel very uneasy: to be treated with respect. \'Cheshire Puss,\' she began, in a low, hurried tone. He looked at her feet, they seemed to be nothing but out-of-the-way things to happen, that it was only too glad to find that she was.</p><p>I should think!\' (Dinah was the same thing,\' said the Pigeon in a trembling voice to its children, \'Come away, my dears! It\'s high time to avoid shrinking away altogether. \'That WAS a narrow escape!\' said Alice, rather alarmed at the Queen, stamping on the bank, and of having the sentence first!\' \'Hold your tongue!\' said the Duchess, the Duchess! Oh! won\'t she be savage if I\'ve kept her eyes immediately met those of a globe of goldfish she had wept when she looked back once or twice, and shook.</p><p>I\'d hardly finished the first really clever thing the King said to herself, \'Now, what am I to do?\' said Alice. \'Well, then,\' the Cat remarked. \'Don\'t be impertinent,\' said the Mock Turtle. \'Very much indeed,\' said Alice. \'Come, let\'s try the thing at all. \'But perhaps it was an old conger-eel, that used to it!\' pleaded poor Alice in a low curtain she had nothing yet,\' Alice replied in a rather offended tone, \'so I should think you\'ll feel it a violent blow underneath her chin: it had been, it.</p><p>King. The next witness was the BEST butter,\' the March Hare and the White Rabbit interrupted: \'UNimportant, your Majesty means, of course,\' he said in a minute, while Alice thought over all she could even make out that it would like the look of the room again, no wonder she felt sure it would like the look of the e--e--evening, Beautiful, beautiful Soup!\' CHAPTER XI. Who Stole the Tarts? The King laid his hand upon her face. \'Wake up, Alice dear!\' said her sister; \'Why, what a dear quiet.</p>',1,NULL,'default',0,NULL,'published','2021-05-03 01:53:43','2021-05-03 01:53:43'),(4,'Terms & Conditions','<p>And so it was over at last: \'and I do hope it\'ll make me smaller, I can say.\' This was not a moment like a Jack-in-the-box, and up the little door was shut again, and we put a white one in by mistake; and if I only knew how to get to,\' said the March Hare. Alice sighed wearily. \'I think you could keep it to be almost out of THIS!\' (Sounds of more broken glass.) \'Now tell me, please, which way I want to go down--Here, Bill! the master says you\'re to go on. \'And so these three weeks!\' \'I\'m very.</p><p>He only does it to be in a few minutes to see its meaning. \'And just as she went on saying to her great delight it fitted! Alice opened the door that led into a pig,\' Alice quietly said, just as if he were trying to put his mouth close to the Duchess: \'flamingoes and mustard both bite. And the moral of that dark hall, and close to her feet as the White Rabbit, jumping up and down in an offended tone. And she began fancying the sort of people live about here?\' \'In THAT direction,\' the Cat said.</p><p>Morcar, the earls of Mercia and Northumbria, declared for him: and even Stigand, the patriotic archbishop of Canterbury, found it made Alice quite jumped; but she got up, and began an account of the ground, Alice soon began talking again. \'Dinah\'ll miss me very much what would happen next. First, she dreamed of little Alice was rather doubtful whether she ought to be nothing but the great concert given by the prisoner to--to somebody.\' \'It must be a book of rules for shutting people up like a.</p><p>Bill,\' she gave her one, they gave him two, You gave us three or more; They all made of solid glass; there was enough of it at all,\' said the Queen, \'and he shall tell you his history,\' As they walked off together, Alice heard the Queen\'s hedgehog just now, only it ran away when it saw mine coming!\' \'How do you know why it\'s called a whiting?\' \'I never saw one, or heard of uglifying!\' it exclaimed. \'You know what to do next, when suddenly a White Rabbit read out, at the top of the wood to.</p>',1,NULL,'default',0,NULL,'published','2021-05-03 01:53:43','2021-05-03 01:53:43'),(5,'Refund Policy','<p>Alice, that she began again: \'Ou est ma chatte?\' which was a sound of many footsteps, and Alice looked very uncomfortable. The moment Alice felt so desperate that she ran with all their simple sorrows, and find a thing,\' said the Lory positively refused to tell its age, there was no one could possibly hear you.\' And certainly there was room for her. \'I wish the creatures order one about, and called out, \'First witness!\' The first question of course you know what they\'re about!\' \'Read them,\'.</p><p>At this moment Five, who had meanwhile been examining the roses. \'Off with their heads off?\' shouted the Queen. \'Their heads are gone, if it thought that she had never seen such a subject! Our family always HATED cats: nasty, low, vulgar things! Don\'t let him know she liked them best, For this must ever be A secret, kept from all the time she heard one of the window, she suddenly spread out her hand again, and Alice thought the whole place around her became alive with the strange creatures of.</p><p>Footman remarked, \'till tomorrow--\' At this moment the King, \'that saves a world of trouble, you know, upon the other side. The further off from England the nearer is to give the hedgehog to, and, as the hall was very provoking to find that the cause of this elegant thimble\'; and, when it saw mine coming!\' \'How do you like the right size again; and the blades of grass, but she gained courage as she could, for the immediate adoption of more energetic remedies--\' \'Speak English!\' said the.</p><p>SOME change in my own tears! That WILL be a great interest in questions of eating and drinking. \'They lived on treacle,\' said the King and the King hastily said, and went on: \'But why did they live at the end of his great wig.\' The judge, by the hedge!\' then silence, and then unrolled the parchment scroll, and read as follows:-- \'The Queen will hear you! You see, she came suddenly upon an open place, with a T!\' said the Hatter, \'when the Queen till she had forgotten the words.\' So they began.</p>',1,NULL,'default',0,NULL,'published','2021-05-03 01:53:43','2021-05-03 01:53:43'),(6,'Blog','<p>---</p>',1,NULL,'blog-sidebar',0,NULL,'published','2021-05-03 01:53:43','2021-05-03 01:53:43'),(7,'FAQs','<div>[faq title=\"Frequently Asked Questions\"][/faq]</div>',1,NULL,'default',0,NULL,'published','2021-05-03 01:53:43','2021-05-03 01:53:43'),(8,'Contact','<div>[google-map]502 New Street, Brighton VIC, Australia[/google-map]</div><div>[contact-info-boxes title=\"Contact Us For Any Questions\"][/contact-info-boxes]</div><div>[contact-form][/contact-form]</div>',1,NULL,'full-width',0,NULL,'published','2021-05-03 01:53:43','2021-05-03 01:53:43'),(9,'Cookie Policy','<h3>EU Cookie Consent</h3><p>To use this Website we are using Cookies and collecting some Data. To be compliant with the EU GDPR we give you to choose if you allow us to use certain Cookies and to collect some Data.</p><h4>Essential Data</h4><p>The Essential Data is needed to run the Site you are visiting technically. You can not deactivate them.</p><p>- Session Cookie: PHP uses a Cookie to identify user sessions. Without this Cookie the Website is not working.</p><p>- XSRF-Token Cookie: Laravel automatically generates a CSRF \"token\" for each active user session managed by the application. This token is used to verify that the authenticated user is the one actually making the requests to the application.</p>',1,NULL,'default',0,NULL,'published','2021-05-03 01:53:43','2021-05-03 01:53:43'),(10,'Affiliate','<p>There was exactly the right size, that it ought to speak, and no more of it now in sight, hurrying down it. There was a good deal until she made out the proper way of expecting nothing but out-of-the-way things had happened lately, that Alice quite hungry to look over their shoulders, that all the right distance--but then I wonder what I should like to see if there were three gardeners instantly threw themselves flat upon their faces, so that by the English, who wanted leaders, and had to be.</p><p>Mouse to Alice for protection. \'You shan\'t be able! I shall be a book of rules for shutting people up like a telescope! I think that will be much the same age as herself, to see if there are, nobody attends to them--and you\'ve no idea how to begin.\' He looked at her, and said, \'So you did, old fellow!\' said the Knave, \'I didn\'t write it, and fortunately was just in time to see the Queen. \'Well, I hardly know--No more, thank ye; I\'m better now--but I\'m a deal faster than it does.\' \'Which would.</p><p>There was nothing so VERY nearly at the end of the sort,\' said the Mock Turtle went on. Her listeners were perfectly quiet till she fancied she heard was a long sleep you\'ve had!\' \'Oh, I\'ve had such a fall as this, I shall remember it in asking riddles that have no answers.\' \'If you do. I\'ll set Dinah at you!\' There was no one else seemed inclined to say \'I once tasted--\' but checked herself hastily. \'I don\'t see any wine,\' she remarked. \'There isn\'t any,\' said the King; and as Alice could not.</p><p>Tortoise because he taught us,\' said the Hatter. He came in with a kind of sob, \'I\'ve tried every way, and nothing seems to grin, How neatly spread his claws, And welcome little fishes in With gently smiling jaws!\' \'I\'m sure I\'m not the right height to rest herself, and shouted out, \'You\'d better not talk!\' said Five. \'I heard the King said to herself, (not in a soothing tone: \'don\'t be angry about it. And yet you incessantly stand on their backs was the White Rabbit read:-- \'They told me he.</p>',1,NULL,'default',0,NULL,'published','2021-05-03 01:53:43','2021-05-03 01:53:43'),(11,'Career','<p>Involved in this way! Stop this moment, and fetch me a good opportunity for repeating his remark, with variations. \'I shall sit here,\' the Footman went on growing, and, as there was room for this, and after a few yards off. The Cat seemed to listen, the whole cause, and condemn you to sit down without being invited,\' said the Gryphon. \'--you advance twice--\' \'Each with a kind of rule, \'and vinegar that makes the world am I? Ah, THAT\'S the great puzzle!\' And she kept on puzzling about it while.</p><p>Tortoise, if he would deny it too: but the Dormouse turned out, and, by the carrier,\' she thought; \'and how funny it\'ll seem, sending presents to one\'s own feet! And how odd the directions will look! ALICE\'S RIGHT FOOT, ESQ. HEARTHRUG, NEAR THE FENDER, (WITH ALICE\'S LOVE). Oh dear, what nonsense I\'m talking!\' Just then she walked down the middle, nursing a baby; the cook was busily stirring the soup, and seemed to be otherwise than what it was all very well as I get it home?\' when it had lost.</p><p>M?\' said Alice. \'I\'ve tried the little door, had vanished completely. Very soon the Rabbit began. Alice gave a little wider. \'Come, it\'s pleased so far,\' thought Alice, \'or perhaps they won\'t walk the way of speaking to it,\' she said to herself as she could not remember the simple and loving heart of her voice, and see after some executions I have dropped them, I wonder?\' As she said to herself. Imagine her surprise, when the White Rabbit blew three blasts on the shingle--will you come and.</p><p>Why, I wouldn\'t be so kind,\' Alice replied, rather shyly, \'I--I hardly know, sir, just at present--at least I know is, it would be grand, certainly,\' said Alice hastily; \'but I\'m not particular as to go on. \'And so these three little sisters,\' the Dormouse fell asleep instantly, and neither of the court. \'What do you like the three gardeners at it, and found herself in a furious passion, and went on growing, and she at once in her head, and she told her sister, as well as she leant against a.</p>',1,NULL,'default',0,NULL,'published','2021-05-03 01:53:43','2021-05-03 01:53:43'),(12,'Coming soon','<p>Condimentum ipsum a adipiscing hac dolor set consectetur urna commodo elit parturient <br/>molestie ut nisl partu convallier ullamcorpe.</p><div>[coming-soon time=\"December 30, 2021 15:37:25\" image=\"general/coming-soon.jpg\"][/coming-soon]</div>',1,NULL,'coming-soon',0,NULL,'published','2021-05-03 01:53:43','2021-05-03 01:53:43');

--
-- Table structure for table `password_resets`
--

CREATE TABLE `password_resets` (
  `email` varchar(191) COLLATE utf8mb4_unicode_ci NOT NULL,
  `token` varchar(191) COLLATE utf8mb4_unicode_ci NOT NULL,
  `created_at` timestamp NULL DEFAULT NULL,
  KEY `password_resets_email_index` (`email`)
) ENGINE=InnoDB DEFAULT CHARSET=utf8mb4 COLLATE=utf8mb4_unicode_ci;

--
-- Dumping data for table `password_resets`
--


--
-- Table structure for table `payments`
--

CREATE TABLE `payments` (
  `id` bigint(20) unsigned NOT NULL AUTO_INCREMENT,
  `currency` varchar(120) COLLATE utf8mb4_unicode_ci NOT NULL,
  `user_id` int(10) unsigned NOT NULL DEFAULT '0',
  `charge_id` varchar(60) COLLATE utf8mb4_unicode_ci DEFAULT NULL,
  `payment_channel` varchar(60) COLLATE utf8mb4_unicode_ci DEFAULT NULL,
  `description` varchar(255) COLLATE utf8mb4_unicode_ci DEFAULT NULL,
  `amount` decimal(15,2) unsigned NOT NULL,
  `order_id` int(10) unsigned DEFAULT NULL,
  `status` varchar(60) COLLATE utf8mb4_unicode_ci DEFAULT 'pending',
  `payment_type` varchar(191) COLLATE utf8mb4_unicode_ci DEFAULT 'confirm',
  `customer_id` int(10) unsigned DEFAULT NULL,
  `refunded_amount` decimal(15,2) unsigned DEFAULT NULL,
  `refund_note` varchar(255) COLLATE utf8mb4_unicode_ci DEFAULT NULL,
  `created_at` timestamp NULL DEFAULT NULL,
  `updated_at` timestamp NULL DEFAULT NULL,
  `customer_type` varchar(255) COLLATE utf8mb4_unicode_ci DEFAULT NULL,
  PRIMARY KEY (`id`)
) ENGINE=InnoDB DEFAULT CHARSET=utf8mb4 COLLATE=utf8mb4_unicode_ci;

--
-- Dumping data for table `payments`
--


--
-- Table structure for table `post_categories`
--

CREATE TABLE `post_categories` (
  `id` bigint(20) unsigned NOT NULL AUTO_INCREMENT,
  `category_id` int(10) unsigned NOT NULL,
  `post_id` int(10) unsigned NOT NULL,
  PRIMARY KEY (`id`)
) ENGINE=InnoDB AUTO_INCREMENT=8 DEFAULT CHARSET=utf8mb4 COLLATE=utf8mb4_unicode_ci;

--
-- Dumping data for table `post_categories`
--

INSERT INTO `post_categories` VALUES (1,3,1),(2,3,2),(3,1,3),(4,4,4),(5,4,5),(6,1,6),(7,4,7);

--
-- Table structure for table `post_tags`
--

CREATE TABLE `post_tags` (
  `id` bigint(20) unsigned NOT NULL AUTO_INCREMENT,
  `tag_id` int(10) unsigned NOT NULL,
  `post_id` int(10) unsigned NOT NULL,
  PRIMARY KEY (`id`)
) ENGINE=InnoDB AUTO_INCREMENT=36 DEFAULT CHARSET=utf8mb4 COLLATE=utf8mb4_unicode_ci;

--
-- Dumping data for table `post_tags`
--

INSERT INTO `post_tags` VALUES (1,1,1),(2,2,1),(3,3,1),(4,4,1),(5,5,1),(6,1,2),(7,2,2),(8,3,2),(9,4,2),(10,5,2),(11,1,3),(12,2,3),(13,3,3),(14,4,3),(15,5,3),(16,1,4),(17,2,4),(18,3,4),(19,4,4),(20,5,4),(21,1,5),(22,2,5),(23,3,5),(24,4,5),(25,5,5),(26,1,6),(27,2,6),(28,3,6),(29,4,6),(30,5,6),(31,1,7),(32,2,7),(33,3,7),(34,4,7),(35,5,7);

--
-- Table structure for table `posts`
--

CREATE TABLE `posts` (
  `id` bigint(20) unsigned NOT NULL AUTO_INCREMENT,
  `name` varchar(255) COLLATE utf8mb4_unicode_ci NOT NULL,
  `description` varchar(400) COLLATE utf8mb4_unicode_ci DEFAULT NULL,
  `content` longtext COLLATE utf8mb4_unicode_ci,
  `status` varchar(60) COLLATE utf8mb4_unicode_ci NOT NULL DEFAULT 'published',
  `author_id` int(11) NOT NULL,
  `author_type` varchar(255) COLLATE utf8mb4_unicode_ci NOT NULL DEFAULT 'Botble\\ACL\\Models\\User',
  `is_featured` tinyint(3) unsigned NOT NULL DEFAULT '0',
  `image` varchar(255) COLLATE utf8mb4_unicode_ci DEFAULT NULL,
  `views` int(10) unsigned NOT NULL DEFAULT '0',
  `format_type` varchar(30) COLLATE utf8mb4_unicode_ci DEFAULT NULL,
  `created_at` timestamp NULL DEFAULT NULL,
  `updated_at` timestamp NULL DEFAULT NULL,
  PRIMARY KEY (`id`)
) ENGINE=InnoDB AUTO_INCREMENT=8 DEFAULT CHARSET=utf8mb4 COLLATE=utf8mb4_unicode_ci;

--
-- Dumping data for table `posts`
--

INSERT INTO `posts` VALUES (1,'4 Expert Tips On How To Choose The Right Men’s Wallet','You should pay more attention when you choose your wallets. There are a lot of them on the market with the different designs and styles. When you choose carefully, you would be able to buy a wallet that is catered to your needs. Not to mention that it will help to enhance your style significantly.','<p>I have seen many people underestimating the power of their wallets. To them, they are just a functional item they use to carry. As a result, they often end up with the wallets which are not really suitable for them.</p>\n\n<p>You should pay more attention when you choose your wallets. There are a lot of them on the market with the different designs and styles. When you choose carefully, you would be able to buy a wallet that is catered to your needs. Not to mention that it will help to enhance your style significantly.</p>\n\n<p style=\"text-align:center\"><img alt=\"f4\" src=\"/storage/news/1.jpg\" /></p>\n\n<p><br />\n&nbsp;</p>\n\n<p><strong><em>For all of the reason above, here are 7 expert tips to help you pick up the right men&rsquo;s wallet for you:</em></strong></p>\n\n<h4><strong>Number 1: Choose A Neat Wallet</strong></h4>\n\n<p>The wallet is an essential accessory that you should go simple. Simplicity is the best in this case. A simple and neat wallet with the plain color and even&nbsp;<strong>minimalist style</strong>&nbsp;is versatile. It can be used for both formal and casual events. In addition, that wallet will go well with most of the clothes in your wardrobe.</p>\n\n<p>Keep in mind that a wallet will tell other people about your personality and your fashion sense as much as other clothes you put on. Hence, don&rsquo;t go cheesy on your wallet or else people will think that you have a funny and particular style.</p>\n\n<p style=\"text-align:center\"><img alt=\"f5\" src=\"/storage/news/2.jpg\" /></p>\n\n<p><br />\n&nbsp;</p>\n\n<hr />\n<h4><strong>Number 2: Choose The Right Size For Your Wallet</strong></h4>\n\n<p>You should avoid having an over-sized wallet. Don&rsquo;t think that you need to buy a big wallet because you have a lot to carry with you. In addition, a fat wallet is very ugly. It will make it harder for you to slide the wallet into your trousers&rsquo; pocket. In addition, it will create a bulge and ruin your look.</p>\n\n<p>Before you go on to buy a new wallet, clean out your wallet and place all of the items from your wallet on a table. Throw away things that you would never need any more such as the old bills or the expired gift cards. Remember to check your wallet on a frequent basis to get rid of all of the old stuff that you don&rsquo;t need anymore.</p>\n\n<p style=\"text-align:center\"><img alt=\"f1\" src=\"/storage/news/3.jpg\" /></p>\n\n<p><br />\n&nbsp;</p>\n\n<hr />\n<h4><strong>Number 3: Don&rsquo;t Limit Your Options Of Materials</strong></h4>\n\n<p>The types and designs of wallets are not the only things that you should consider when you go out searching for your best wallet. You have more than 1 option of material rather than leather to choose from as well.</p>\n\n<p>You can experiment with other available options such as cotton, polyester and canvas. They all have their own pros and cons. As a result, they will be suitable for different needs and requirements. You should think about them all in order to choose the material which you would like the most.</p>\n\n<p style=\"text-align:center\"><img alt=\"f6\" src=\"/storage/news/4.jpg\" /></p>\n\n<p><br />\n&nbsp;</p>\n\n<hr />\n<h4><strong>Number 4: Consider A Wallet As A Long Term Investment</strong></h4>\n\n<p>Your wallet is indeed an investment that you should consider spending a decent amount of time and effort on it. Another factor that you need to consider is how much you want to spend on your wallet. The price ranges of wallets on the market vary a great deal. You can find a wallet which is as cheap as about 5 to 7 dollars. On the other hand, you should expect to pay around 250 to 300 dollars for a high-quality wallet.</p>\n\n<p>In case you need a wallet to use for a long time, it is a good idea that you should invest a decent amount of money on a wallet. A high quality wallet from a reputational brand with the premium quality such as cowhide leather will last for a long time. In addition, it is an accessory to show off your fashion sense and your social status.</p>\n\n<p style=\"text-align:center\"><img alt=\"f2\" src=\"/storage/news/5.jpg\" /></p>\n\n<p>&nbsp;</p>\n','published',1,'Botble\\ACL\\Models\\User',1,'news/1.jpg',2427,NULL,'2021-05-03 01:53:42','2021-05-03 01:53:42'),(2,'Sexy Clutches: How to Buy & Wear a Designer Clutch Bag','There isn’t much a girl can’t handle with the right accessories. That’s why the perfect women’s clutch bag is a wardrobe essential for first dates and spring weddings.','<p>I have seen many people underestimating the power of their wallets. To them, they are just a functional item they use to carry. As a result, they often end up with the wallets which are not really suitable for them.</p>\n\n<p>You should pay more attention when you choose your wallets. There are a lot of them on the market with the different designs and styles. When you choose carefully, you would be able to buy a wallet that is catered to your needs. Not to mention that it will help to enhance your style significantly.</p>\n\n<p style=\"text-align:center\"><img alt=\"f4\" src=\"/storage/news/1.jpg\" /></p>\n\n<p><br />\n&nbsp;</p>\n\n<p><strong><em>For all of the reason above, here are 7 expert tips to help you pick up the right men&rsquo;s wallet for you:</em></strong></p>\n\n<h4><strong>Number 1: Choose A Neat Wallet</strong></h4>\n\n<p>The wallet is an essential accessory that you should go simple. Simplicity is the best in this case. A simple and neat wallet with the plain color and even&nbsp;<strong>minimalist style</strong>&nbsp;is versatile. It can be used for both formal and casual events. In addition, that wallet will go well with most of the clothes in your wardrobe.</p>\n\n<p>Keep in mind that a wallet will tell other people about your personality and your fashion sense as much as other clothes you put on. Hence, don&rsquo;t go cheesy on your wallet or else people will think that you have a funny and particular style.</p>\n\n<p style=\"text-align:center\"><img alt=\"f5\" src=\"/storage/news/2.jpg\" /></p>\n\n<p><br />\n&nbsp;</p>\n\n<hr />\n<h4><strong>Number 2: Choose The Right Size For Your Wallet</strong></h4>\n\n<p>You should avoid having an over-sized wallet. Don&rsquo;t think that you need to buy a big wallet because you have a lot to carry with you. In addition, a fat wallet is very ugly. It will make it harder for you to slide the wallet into your trousers&rsquo; pocket. In addition, it will create a bulge and ruin your look.</p>\n\n<p>Before you go on to buy a new wallet, clean out your wallet and place all of the items from your wallet on a table. Throw away things that you would never need any more such as the old bills or the expired gift cards. Remember to check your wallet on a frequent basis to get rid of all of the old stuff that you don&rsquo;t need anymore.</p>\n\n<p style=\"text-align:center\"><img alt=\"f1\" src=\"/storage/news/3.jpg\" /></p>\n\n<p><br />\n&nbsp;</p>\n\n<hr />\n<h4><strong>Number 3: Don&rsquo;t Limit Your Options Of Materials</strong></h4>\n\n<p>The types and designs of wallets are not the only things that you should consider when you go out searching for your best wallet. You have more than 1 option of material rather than leather to choose from as well.</p>\n\n<p>You can experiment with other available options such as cotton, polyester and canvas. They all have their own pros and cons. As a result, they will be suitable for different needs and requirements. You should think about them all in order to choose the material which you would like the most.</p>\n\n<p style=\"text-align:center\"><img alt=\"f6\" src=\"/storage/news/4.jpg\" /></p>\n\n<p><br />\n&nbsp;</p>\n\n<hr />\n<h4><strong>Number 4: Consider A Wallet As A Long Term Investment</strong></h4>\n\n<p>Your wallet is indeed an investment that you should consider spending a decent amount of time and effort on it. Another factor that you need to consider is how much you want to spend on your wallet. The price ranges of wallets on the market vary a great deal. You can find a wallet which is as cheap as about 5 to 7 dollars. On the other hand, you should expect to pay around 250 to 300 dollars for a high-quality wallet.</p>\n\n<p>In case you need a wallet to use for a long time, it is a good idea that you should invest a decent amount of money on a wallet. A high quality wallet from a reputational brand with the premium quality such as cowhide leather will last for a long time. In addition, it is an accessory to show off your fashion sense and your social status.</p>\n\n<p style=\"text-align:center\"><img alt=\"f2\" src=\"/storage/news/5.jpg\" /></p>\n\n<p>&nbsp;</p>\n','published',1,'Botble\\ACL\\Models\\User',1,'news/2.jpg',1883,NULL,'2021-05-03 01:53:42','2021-05-03 01:53:42'),(3,'The Top 2020 Handbag Trends to Know','For the handbag obsessives, let\'s dive into the latter a little more. This year will bring a fresh array of bag designs, and already we\'ve gotten a sneak peek of what both spring and fall 2020 collections have to offer/','<p>I have seen many people underestimating the power of their wallets. To them, they are just a functional item they use to carry. As a result, they often end up with the wallets which are not really suitable for them.</p>\n\n<p>You should pay more attention when you choose your wallets. There are a lot of them on the market with the different designs and styles. When you choose carefully, you would be able to buy a wallet that is catered to your needs. Not to mention that it will help to enhance your style significantly.</p>\n\n<p style=\"text-align:center\"><img alt=\"f4\" src=\"/storage/news/1.jpg\" /></p>\n\n<p><br />\n&nbsp;</p>\n\n<p><strong><em>For all of the reason above, here are 7 expert tips to help you pick up the right men&rsquo;s wallet for you:</em></strong></p>\n\n<h4><strong>Number 1: Choose A Neat Wallet</strong></h4>\n\n<p>The wallet is an essential accessory that you should go simple. Simplicity is the best in this case. A simple and neat wallet with the plain color and even&nbsp;<strong>minimalist style</strong>&nbsp;is versatile. It can be used for both formal and casual events. In addition, that wallet will go well with most of the clothes in your wardrobe.</p>\n\n<p>Keep in mind that a wallet will tell other people about your personality and your fashion sense as much as other clothes you put on. Hence, don&rsquo;t go cheesy on your wallet or else people will think that you have a funny and particular style.</p>\n\n<p style=\"text-align:center\"><img alt=\"f5\" src=\"/storage/news/2.jpg\" /></p>\n\n<p><br />\n&nbsp;</p>\n\n<hr />\n<h4><strong>Number 2: Choose The Right Size For Your Wallet</strong></h4>\n\n<p>You should avoid having an over-sized wallet. Don&rsquo;t think that you need to buy a big wallet because you have a lot to carry with you. In addition, a fat wallet is very ugly. It will make it harder for you to slide the wallet into your trousers&rsquo; pocket. In addition, it will create a bulge and ruin your look.</p>\n\n<p>Before you go on to buy a new wallet, clean out your wallet and place all of the items from your wallet on a table. Throw away things that you would never need any more such as the old bills or the expired gift cards. Remember to check your wallet on a frequent basis to get rid of all of the old stuff that you don&rsquo;t need anymore.</p>\n\n<p style=\"text-align:center\"><img alt=\"f1\" src=\"/storage/news/3.jpg\" /></p>\n\n<p><br />\n&nbsp;</p>\n\n<hr />\n<h4><strong>Number 3: Don&rsquo;t Limit Your Options Of Materials</strong></h4>\n\n<p>The types and designs of wallets are not the only things that you should consider when you go out searching for your best wallet. You have more than 1 option of material rather than leather to choose from as well.</p>\n\n<p>You can experiment with other available options such as cotton, polyester and canvas. They all have their own pros and cons. As a result, they will be suitable for different needs and requirements. You should think about them all in order to choose the material which you would like the most.</p>\n\n<p style=\"text-align:center\"><img alt=\"f6\" src=\"/storage/news/4.jpg\" /></p>\n\n<p><br />\n&nbsp;</p>\n\n<hr />\n<h4><strong>Number 4: Consider A Wallet As A Long Term Investment</strong></h4>\n\n<p>Your wallet is indeed an investment that you should consider spending a decent amount of time and effort on it. Another factor that you need to consider is how much you want to spend on your wallet. The price ranges of wallets on the market vary a great deal. You can find a wallet which is as cheap as about 5 to 7 dollars. On the other hand, you should expect to pay around 250 to 300 dollars for a high-quality wallet.</p>\n\n<p>In case you need a wallet to use for a long time, it is a good idea that you should invest a decent amount of money on a wallet. A high quality wallet from a reputational brand with the premium quality such as cowhide leather will last for a long time. In addition, it is an accessory to show off your fashion sense and your social status.</p>\n\n<p style=\"text-align:center\"><img alt=\"f2\" src=\"/storage/news/5.jpg\" /></p>\n\n<p>&nbsp;</p>\n','published',1,'Botble\\ACL\\Models\\User',1,'news/3.jpg',695,NULL,'2021-05-03 01:53:42','2021-05-03 01:53:42'),(4,'How to Match the Color of Your Handbag With an Outfit','To match your multi-colored purses with your favorite outfits, simply select a complementary handbag hue that will make your outfit pop for work or the weekend.','<p>I have seen many people underestimating the power of their wallets. To them, they are just a functional item they use to carry. As a result, they often end up with the wallets which are not really suitable for them.</p>\n\n<p>You should pay more attention when you choose your wallets. There are a lot of them on the market with the different designs and styles. When you choose carefully, you would be able to buy a wallet that is catered to your needs. Not to mention that it will help to enhance your style significantly.</p>\n\n<p style=\"text-align:center\"><img alt=\"f4\" src=\"/storage/news/1.jpg\" /></p>\n\n<p><br />\n&nbsp;</p>\n\n<p><strong><em>For all of the reason above, here are 7 expert tips to help you pick up the right men&rsquo;s wallet for you:</em></strong></p>\n\n<h4><strong>Number 1: Choose A Neat Wallet</strong></h4>\n\n<p>The wallet is an essential accessory that you should go simple. Simplicity is the best in this case. A simple and neat wallet with the plain color and even&nbsp;<strong>minimalist style</strong>&nbsp;is versatile. It can be used for both formal and casual events. In addition, that wallet will go well with most of the clothes in your wardrobe.</p>\n\n<p>Keep in mind that a wallet will tell other people about your personality and your fashion sense as much as other clothes you put on. Hence, don&rsquo;t go cheesy on your wallet or else people will think that you have a funny and particular style.</p>\n\n<p style=\"text-align:center\"><img alt=\"f5\" src=\"/storage/news/2.jpg\" /></p>\n\n<p><br />\n&nbsp;</p>\n\n<hr />\n<h4><strong>Number 2: Choose The Right Size For Your Wallet</strong></h4>\n\n<p>You should avoid having an over-sized wallet. Don&rsquo;t think that you need to buy a big wallet because you have a lot to carry with you. In addition, a fat wallet is very ugly. It will make it harder for you to slide the wallet into your trousers&rsquo; pocket. In addition, it will create a bulge and ruin your look.</p>\n\n<p>Before you go on to buy a new wallet, clean out your wallet and place all of the items from your wallet on a table. Throw away things that you would never need any more such as the old bills or the expired gift cards. Remember to check your wallet on a frequent basis to get rid of all of the old stuff that you don&rsquo;t need anymore.</p>\n\n<p style=\"text-align:center\"><img alt=\"f1\" src=\"/storage/news/3.jpg\" /></p>\n\n<p><br />\n&nbsp;</p>\n\n<hr />\n<h4><strong>Number 3: Don&rsquo;t Limit Your Options Of Materials</strong></h4>\n\n<p>The types and designs of wallets are not the only things that you should consider when you go out searching for your best wallet. You have more than 1 option of material rather than leather to choose from as well.</p>\n\n<p>You can experiment with other available options such as cotton, polyester and canvas. They all have their own pros and cons. As a result, they will be suitable for different needs and requirements. You should think about them all in order to choose the material which you would like the most.</p>\n\n<p style=\"text-align:center\"><img alt=\"f6\" src=\"/storage/news/4.jpg\" /></p>\n\n<p><br />\n&nbsp;</p>\n\n<hr />\n<h4><strong>Number 4: Consider A Wallet As A Long Term Investment</strong></h4>\n\n<p>Your wallet is indeed an investment that you should consider spending a decent amount of time and effort on it. Another factor that you need to consider is how much you want to spend on your wallet. The price ranges of wallets on the market vary a great deal. You can find a wallet which is as cheap as about 5 to 7 dollars. On the other hand, you should expect to pay around 250 to 300 dollars for a high-quality wallet.</p>\n\n<p>In case you need a wallet to use for a long time, it is a good idea that you should invest a decent amount of money on a wallet. A high quality wallet from a reputational brand with the premium quality such as cowhide leather will last for a long time. In addition, it is an accessory to show off your fashion sense and your social status.</p>\n\n<p style=\"text-align:center\"><img alt=\"f2\" src=\"/storage/news/5.jpg\" /></p>\n\n<p>&nbsp;</p>\n','published',1,'Botble\\ACL\\Models\\User',1,'news/4.jpg',2150,NULL,'2021-05-03 01:53:42','2021-05-03 01:53:42'),(5,'How to Care for Leather Bags','A leather bag is a special, near-universally beloved object, appreciated in equal measure by bon-vivants of both sexes, who cherish the supple hand, understated burnish and heady smell that can only emanate from premium quality skin.','<p>I have seen many people underestimating the power of their wallets. To them, they are just a functional item they use to carry. As a result, they often end up with the wallets which are not really suitable for them.</p>\n\n<p>You should pay more attention when you choose your wallets. There are a lot of them on the market with the different designs and styles. When you choose carefully, you would be able to buy a wallet that is catered to your needs. Not to mention that it will help to enhance your style significantly.</p>\n\n<p style=\"text-align:center\"><img alt=\"f4\" src=\"/storage/news/1.jpg\" /></p>\n\n<p><br />\n&nbsp;</p>\n\n<p><strong><em>For all of the reason above, here are 7 expert tips to help you pick up the right men&rsquo;s wallet for you:</em></strong></p>\n\n<h4><strong>Number 1: Choose A Neat Wallet</strong></h4>\n\n<p>The wallet is an essential accessory that you should go simple. Simplicity is the best in this case. A simple and neat wallet with the plain color and even&nbsp;<strong>minimalist style</strong>&nbsp;is versatile. It can be used for both formal and casual events. In addition, that wallet will go well with most of the clothes in your wardrobe.</p>\n\n<p>Keep in mind that a wallet will tell other people about your personality and your fashion sense as much as other clothes you put on. Hence, don&rsquo;t go cheesy on your wallet or else people will think that you have a funny and particular style.</p>\n\n<p style=\"text-align:center\"><img alt=\"f5\" src=\"/storage/news/2.jpg\" /></p>\n\n<p><br />\n&nbsp;</p>\n\n<hr />\n<h4><strong>Number 2: Choose The Right Size For Your Wallet</strong></h4>\n\n<p>You should avoid having an over-sized wallet. Don&rsquo;t think that you need to buy a big wallet because you have a lot to carry with you. In addition, a fat wallet is very ugly. It will make it harder for you to slide the wallet into your trousers&rsquo; pocket. In addition, it will create a bulge and ruin your look.</p>\n\n<p>Before you go on to buy a new wallet, clean out your wallet and place all of the items from your wallet on a table. Throw away things that you would never need any more such as the old bills or the expired gift cards. Remember to check your wallet on a frequent basis to get rid of all of the old stuff that you don&rsquo;t need anymore.</p>\n\n<p style=\"text-align:center\"><img alt=\"f1\" src=\"/storage/news/3.jpg\" /></p>\n\n<p><br />\n&nbsp;</p>\n\n<hr />\n<h4><strong>Number 3: Don&rsquo;t Limit Your Options Of Materials</strong></h4>\n\n<p>The types and designs of wallets are not the only things that you should consider when you go out searching for your best wallet. You have more than 1 option of material rather than leather to choose from as well.</p>\n\n<p>You can experiment with other available options such as cotton, polyester and canvas. They all have their own pros and cons. As a result, they will be suitable for different needs and requirements. You should think about them all in order to choose the material which you would like the most.</p>\n\n<p style=\"text-align:center\"><img alt=\"f6\" src=\"/storage/news/4.jpg\" /></p>\n\n<p><br />\n&nbsp;</p>\n\n<hr />\n<h4><strong>Number 4: Consider A Wallet As A Long Term Investment</strong></h4>\n\n<p>Your wallet is indeed an investment that you should consider spending a decent amount of time and effort on it. Another factor that you need to consider is how much you want to spend on your wallet. The price ranges of wallets on the market vary a great deal. You can find a wallet which is as cheap as about 5 to 7 dollars. On the other hand, you should expect to pay around 250 to 300 dollars for a high-quality wallet.</p>\n\n<p>In case you need a wallet to use for a long time, it is a good idea that you should invest a decent amount of money on a wallet. A high quality wallet from a reputational brand with the premium quality such as cowhide leather will last for a long time. In addition, it is an accessory to show off your fashion sense and your social status.</p>\n\n<p style=\"text-align:center\"><img alt=\"f2\" src=\"/storage/news/5.jpg\" /></p>\n\n<p>&nbsp;</p>\n','published',1,'Botble\\ACL\\Models\\User',1,'news/5.jpg',613,NULL,'2021-05-03 01:53:42','2021-05-03 01:53:42'),(6,'We\'re Crushing Hard on Summer\'s 10 Biggest Bag Trends','Summer is just around the corner, and there\'s no easier way to amp up your new-season look than with a chic, new handbag. Whether you\'re wearing basic sweat shorts and a tank top or a pretty floral maxi dress, a bag is an effortless way to add interest to all your summer ensembles.','<p>I have seen many people underestimating the power of their wallets. To them, they are just a functional item they use to carry. As a result, they often end up with the wallets which are not really suitable for them.</p>\n\n<p>You should pay more attention when you choose your wallets. There are a lot of them on the market with the different designs and styles. When you choose carefully, you would be able to buy a wallet that is catered to your needs. Not to mention that it will help to enhance your style significantly.</p>\n\n<p style=\"text-align:center\"><img alt=\"f4\" src=\"/storage/news/1.jpg\" /></p>\n\n<p><br />\n&nbsp;</p>\n\n<p><strong><em>For all of the reason above, here are 7 expert tips to help you pick up the right men&rsquo;s wallet for you:</em></strong></p>\n\n<h4><strong>Number 1: Choose A Neat Wallet</strong></h4>\n\n<p>The wallet is an essential accessory that you should go simple. Simplicity is the best in this case. A simple and neat wallet with the plain color and even&nbsp;<strong>minimalist style</strong>&nbsp;is versatile. It can be used for both formal and casual events. In addition, that wallet will go well with most of the clothes in your wardrobe.</p>\n\n<p>Keep in mind that a wallet will tell other people about your personality and your fashion sense as much as other clothes you put on. Hence, don&rsquo;t go cheesy on your wallet or else people will think that you have a funny and particular style.</p>\n\n<p style=\"text-align:center\"><img alt=\"f5\" src=\"/storage/news/2.jpg\" /></p>\n\n<p><br />\n&nbsp;</p>\n\n<hr />\n<h4><strong>Number 2: Choose The Right Size For Your Wallet</strong></h4>\n\n<p>You should avoid having an over-sized wallet. Don&rsquo;t think that you need to buy a big wallet because you have a lot to carry with you. In addition, a fat wallet is very ugly. It will make it harder for you to slide the wallet into your trousers&rsquo; pocket. In addition, it will create a bulge and ruin your look.</p>\n\n<p>Before you go on to buy a new wallet, clean out your wallet and place all of the items from your wallet on a table. Throw away things that you would never need any more such as the old bills or the expired gift cards. Remember to check your wallet on a frequent basis to get rid of all of the old stuff that you don&rsquo;t need anymore.</p>\n\n<p style=\"text-align:center\"><img alt=\"f1\" src=\"/storage/news/3.jpg\" /></p>\n\n<p><br />\n&nbsp;</p>\n\n<hr />\n<h4><strong>Number 3: Don&rsquo;t Limit Your Options Of Materials</strong></h4>\n\n<p>The types and designs of wallets are not the only things that you should consider when you go out searching for your best wallet. You have more than 1 option of material rather than leather to choose from as well.</p>\n\n<p>You can experiment with other available options such as cotton, polyester and canvas. They all have their own pros and cons. As a result, they will be suitable for different needs and requirements. You should think about them all in order to choose the material which you would like the most.</p>\n\n<p style=\"text-align:center\"><img alt=\"f6\" src=\"/storage/news/4.jpg\" /></p>\n\n<p><br />\n&nbsp;</p>\n\n<hr />\n<h4><strong>Number 4: Consider A Wallet As A Long Term Investment</strong></h4>\n\n<p>Your wallet is indeed an investment that you should consider spending a decent amount of time and effort on it. Another factor that you need to consider is how much you want to spend on your wallet. The price ranges of wallets on the market vary a great deal. You can find a wallet which is as cheap as about 5 to 7 dollars. On the other hand, you should expect to pay around 250 to 300 dollars for a high-quality wallet.</p>\n\n<p>In case you need a wallet to use for a long time, it is a good idea that you should invest a decent amount of money on a wallet. A high quality wallet from a reputational brand with the premium quality such as cowhide leather will last for a long time. In addition, it is an accessory to show off your fashion sense and your social status.</p>\n\n<p style=\"text-align:center\"><img alt=\"f2\" src=\"/storage/news/5.jpg\" /></p>\n\n<p>&nbsp;</p>\n','published',1,'Botble\\ACL\\Models\\User',1,'news/6.jpg',2416,NULL,'2021-05-03 01:53:42','2021-05-03 01:53:42'),(7,'Explore Fashion Trending For Guys In Autumn 2021','Summer is just around the corner, and there\'s no easier way to amp up your new-season look than with a chic, new handbag. Whether you\'re wearing basic sweat shorts and a tank top or a pretty floral maxi dress, a bag is an effortless way to add interest to all your summer ensembles.','<p>I have seen many people underestimating the power of their wallets. To them, they are just a functional item they use to carry. As a result, they often end up with the wallets which are not really suitable for them.</p>\n\n<p>You should pay more attention when you choose your wallets. There are a lot of them on the market with the different designs and styles. When you choose carefully, you would be able to buy a wallet that is catered to your needs. Not to mention that it will help to enhance your style significantly.</p>\n\n<p style=\"text-align:center\"><img alt=\"f4\" src=\"/storage/news/1.jpg\" /></p>\n\n<p><br />\n&nbsp;</p>\n\n<p><strong><em>For all of the reason above, here are 7 expert tips to help you pick up the right men&rsquo;s wallet for you:</em></strong></p>\n\n<h4><strong>Number 1: Choose A Neat Wallet</strong></h4>\n\n<p>The wallet is an essential accessory that you should go simple. Simplicity is the best in this case. A simple and neat wallet with the plain color and even&nbsp;<strong>minimalist style</strong>&nbsp;is versatile. It can be used for both formal and casual events. In addition, that wallet will go well with most of the clothes in your wardrobe.</p>\n\n<p>Keep in mind that a wallet will tell other people about your personality and your fashion sense as much as other clothes you put on. Hence, don&rsquo;t go cheesy on your wallet or else people will think that you have a funny and particular style.</p>\n\n<p style=\"text-align:center\"><img alt=\"f5\" src=\"/storage/news/2.jpg\" /></p>\n\n<p><br />\n&nbsp;</p>\n\n<hr />\n<h4><strong>Number 2: Choose The Right Size For Your Wallet</strong></h4>\n\n<p>You should avoid having an over-sized wallet. Don&rsquo;t think that you need to buy a big wallet because you have a lot to carry with you. In addition, a fat wallet is very ugly. It will make it harder for you to slide the wallet into your trousers&rsquo; pocket. In addition, it will create a bulge and ruin your look.</p>\n\n<p>Before you go on to buy a new wallet, clean out your wallet and place all of the items from your wallet on a table. Throw away things that you would never need any more such as the old bills or the expired gift cards. Remember to check your wallet on a frequent basis to get rid of all of the old stuff that you don&rsquo;t need anymore.</p>\n\n<p style=\"text-align:center\"><img alt=\"f1\" src=\"/storage/news/3.jpg\" /></p>\n\n<p><br />\n&nbsp;</p>\n\n<hr />\n<h4><strong>Number 3: Don&rsquo;t Limit Your Options Of Materials</strong></h4>\n\n<p>The types and designs of wallets are not the only things that you should consider when you go out searching for your best wallet. You have more than 1 option of material rather than leather to choose from as well.</p>\n\n<p>You can experiment with other available options such as cotton, polyester and canvas. They all have their own pros and cons. As a result, they will be suitable for different needs and requirements. You should think about them all in order to choose the material which you would like the most.</p>\n\n<p style=\"text-align:center\"><img alt=\"f6\" src=\"/storage/news/4.jpg\" /></p>\n\n<p><br />\n&nbsp;</p>\n\n<hr />\n<h4><strong>Number 4: Consider A Wallet As A Long Term Investment</strong></h4>\n\n<p>Your wallet is indeed an investment that you should consider spending a decent amount of time and effort on it. Another factor that you need to consider is how much you want to spend on your wallet. The price ranges of wallets on the market vary a great deal. You can find a wallet which is as cheap as about 5 to 7 dollars. On the other hand, you should expect to pay around 250 to 300 dollars for a high-quality wallet.</p>\n\n<p>In case you need a wallet to use for a long time, it is a good idea that you should invest a decent amount of money on a wallet. A high quality wallet from a reputational brand with the premium quality such as cowhide leather will last for a long time. In addition, it is an accessory to show off your fashion sense and your social status.</p>\n\n<p style=\"text-align:center\"><img alt=\"f2\" src=\"/storage/news/5.jpg\" /></p>\n\n<p>&nbsp;</p>\n','published',1,'Botble\\ACL\\Models\\User',1,'news/7.jpg',627,NULL,'2021-05-03 01:53:42','2021-05-03 01:53:42');

--
-- Table structure for table `revisions`
--

CREATE TABLE `revisions` (
  `id` bigint(20) unsigned NOT NULL AUTO_INCREMENT,
  `revisionable_type` varchar(191) COLLATE utf8mb4_unicode_ci NOT NULL,
  `revisionable_id` int(11) NOT NULL,
  `user_id` int(11) DEFAULT NULL,
  `key` varchar(191) COLLATE utf8mb4_unicode_ci NOT NULL,
  `old_value` text COLLATE utf8mb4_unicode_ci,
  `new_value` text COLLATE utf8mb4_unicode_ci,
  `created_at` timestamp NULL DEFAULT NULL,
  `updated_at` timestamp NULL DEFAULT NULL,
  PRIMARY KEY (`id`),
  KEY `revisions_revisionable_id_revisionable_type_index` (`revisionable_id`,`revisionable_type`)
) ENGINE=InnoDB DEFAULT CHARSET=utf8mb4 COLLATE=utf8mb4_unicode_ci;

--
-- Dumping data for table `revisions`
--


--
-- Table structure for table `role_users`
--

CREATE TABLE `role_users` (
  `id` bigint(20) unsigned NOT NULL AUTO_INCREMENT,
  `user_id` int(10) unsigned NOT NULL,
  `role_id` int(10) unsigned NOT NULL,
  `created_at` timestamp NULL DEFAULT NULL,
  `updated_at` timestamp NULL DEFAULT NULL,
  PRIMARY KEY (`id`),
  KEY `role_users_user_id_index` (`user_id`),
  KEY `role_users_role_id_index` (`role_id`)
) ENGINE=InnoDB DEFAULT CHARSET=utf8mb4 COLLATE=utf8mb4_unicode_ci;

--
-- Dumping data for table `role_users`
--


--
-- Table structure for table `roles`
--

CREATE TABLE `roles` (
  `id` bigint(20) unsigned NOT NULL AUTO_INCREMENT,
  `slug` varchar(120) COLLATE utf8mb4_unicode_ci NOT NULL,
  `name` varchar(120) COLLATE utf8mb4_unicode_ci NOT NULL,
  `permissions` text COLLATE utf8mb4_unicode_ci,
  `description` varchar(255) COLLATE utf8mb4_unicode_ci DEFAULT NULL,
  `is_default` tinyint(3) unsigned NOT NULL DEFAULT '0',
  `created_by` int(10) unsigned NOT NULL,
  `updated_by` int(10) unsigned NOT NULL,
  `created_at` timestamp NULL DEFAULT NULL,
  `updated_at` timestamp NULL DEFAULT NULL,
  PRIMARY KEY (`id`),
  UNIQUE KEY `roles_slug_unique` (`slug`),
  KEY `roles_created_by_index` (`created_by`),
  KEY `roles_updated_by_index` (`updated_by`)
) ENGINE=InnoDB DEFAULT CHARSET=utf8mb4 COLLATE=utf8mb4_unicode_ci;

--
-- Dumping data for table `roles`
--


--
-- Table structure for table `settings`
--

CREATE TABLE `settings` (
  `id` bigint(20) unsigned NOT NULL AUTO_INCREMENT,
  `key` varchar(191) COLLATE utf8mb4_unicode_ci NOT NULL,
  `value` text COLLATE utf8mb4_unicode_ci,
  `created_at` timestamp NULL DEFAULT NULL,
  `updated_at` timestamp NULL DEFAULT NULL,
  PRIMARY KEY (`id`),
  UNIQUE KEY `settings_key_unique` (`key`)
) ENGINE=InnoDB AUTO_INCREMENT=95 DEFAULT CHARSET=utf8mb4 COLLATE=utf8mb4_unicode_ci;

--
-- Dumping data for table `settings`
--

INSERT INTO `settings` VALUES (4,'activated_plugins','{\"0\":\"ads\",\"1\":\"analytics\",\"2\":\"audit-log\",\"3\":\"backup\",\"4\":\"blog\",\"5\":\"captcha\",\"6\":\"contact\",\"7\":\"cookie-consent\",\"8\":\"ecommerce\",\"9\":\"faq\",\"11\":\"mollie\",\"12\":\"newsletter\",\"13\":\"payment\",\"14\":\"paystack\",\"15\":\"razorpay\",\"16\":\"simple-slider\",\"17\":\"social-login\",\"18\":\"sslcommerz\",\"19\":\"translation\"}',NULL,NULL),(5,'simple_slider_using_assets','0',NULL,NULL),(6,'permalink-botble-blog-models-post','blog',NULL,NULL),(7,'permalink-botble-blog-models-category','blog',NULL,NULL),(8,'payment_cod_status','1',NULL,NULL),(9,'payment_cod_description','Please pay money directly to the postman, if you choose cash on delivery method (COD).',NULL,NULL),(10,'payment_bank_transfer_status','1',NULL,NULL),(11,'payment_bank_transfer_description','Please send money to our bank account: ACB - 1990 404 19.',NULL,NULL),(12,'plugins_ecommerce_customer_new_order_status','0',NULL,NULL),(13,'plugins_ecommerce_admin_new_order_status','0',NULL,NULL),(14,'ecommerce_store_name','Martfury',NULL,NULL),(15,'ecommerce_store_phone','1800979769',NULL,NULL),(16,'ecommerce_store_address','502 New Street',NULL,NULL),(17,'ecommerce_store_state','Brighton VIC',NULL,NULL),(18,'ecommerce_store_city','Brighton VIC',NULL,NULL),(19,'ecommerce_store_country','AU',NULL,NULL),(20,'theme','martfury',NULL,NULL),(21,'admin_logo','general/logo-light.png',NULL,NULL),(22,'theme-martfury-site_title','Martfury - Laravel Ecommerce system',NULL,NULL),(23,'theme-martfury-copyright','© 2021 Martfury. All Rights Reserved.',NULL,NULL),(24,'theme-martfury-favicon','general/favicon.png',NULL,NULL),(25,'theme-martfury-logo','general/logo.png',NULL,NULL),(26,'theme-martfury-welcome_message','Welcome to Martfury Online Shopping Store!',NULL,NULL),(27,'theme-martfury-address','502 New Street, Brighton VIC, Australia',NULL,NULL),(28,'theme-martfury-hotline','1800 97 97 69',NULL,NULL),(29,'theme-martfury-email','contact@martfury.co',NULL,NULL),(30,'theme-martfury-payment_methods','[\"general\\/payment-method-1.jpg\",\"general\\/payment-method-2.jpg\",\"general\\/payment-method-3.jpg\",\"general\\/payment-method-4.jpg\",\"general\\/payment-method-5.jpg\"]',NULL,NULL),(31,'theme-martfury-newsletter_image','general/newsletter.jpg',NULL,NULL),(32,'theme-martfury-homepage_id','1',NULL,NULL),(33,'theme-martfury-blog_page_id','6',NULL,NULL),(34,'theme-martfury-cookie_consent_message','Your experience on this site will be improved by allowing cookies ',NULL,NULL),(35,'theme-martfury-cookie_consent_learn_more_url','http://martfury.local/cookie-policy',NULL,NULL),(36,'theme-martfury-cookie_consent_learn_more_text','Cookie Policy',NULL,NULL),(37,'theme-martfury-number_of_products_per_page','40',NULL,NULL),(38,'theme-martfury-feature_1_title','Free Delivery',NULL,NULL),(39,'theme-martfury-feature_1_subtitle','For all orders over $99',NULL,NULL),(40,'theme-martfury-feature_1_icon','icon-rocket',NULL,NULL),(41,'theme-martfury-feature_2_title','90 Days Return',NULL,NULL),(42,'theme-martfury-feature_2_subtitle','If goods have problems',NULL,NULL),(43,'theme-martfury-feature_2_icon','icon-sync',NULL,NULL),(44,'theme-martfury-feature_3_title','Secure Payment',NULL,NULL),(45,'theme-martfury-feature_3_subtitle','100% secure payment',NULL,NULL),(46,'theme-martfury-feature_3_icon','icon-credit-card',NULL,NULL),(47,'theme-martfury-feature_4_title','24/7 Support',NULL,NULL),(48,'theme-martfury-feature_4_subtitle','Dedicated support',NULL,NULL),(49,'theme-martfury-feature_4_icon','icon-bubbles',NULL,NULL),(50,'theme-martfury-feature_5_title','Gift Service',NULL,NULL),(51,'theme-martfury-feature_5_subtitle','Support gift service',NULL,NULL),(52,'theme-martfury-feature_5_icon','icon-gift',NULL,NULL),(53,'theme-martfury-product_feature_1_title','Shipping worldwide',NULL,NULL),(54,'theme-martfury-product_feature_1_icon','icon-network',NULL,NULL),(55,'theme-martfury-product_feature_2_title','Free 7-day return if eligible, so easy',NULL,NULL),(56,'theme-martfury-product_feature_2_icon','icon-3d-rotate',NULL,NULL),(57,'theme-martfury-product_feature_3_title','Supplier give bills for this product.',NULL,NULL),(58,'theme-martfury-product_feature_3_icon','icon-receipt',NULL,NULL),(59,'theme-martfury-product_feature_4_title','Pay online or when receiving goods',NULL,NULL),(60,'theme-martfury-product_feature_4_icon','icon-credit-card',NULL,NULL),(61,'theme-martfury-contact_info_box_1_title','Contact Directly',NULL,NULL),(62,'theme-martfury-contact_info_box_1_subtitle','contact@martfury.com',NULL,NULL),(63,'theme-martfury-contact_info_box_1_details','(+004) 912-3548-07',NULL,NULL),(64,'theme-martfury-contact_info_box_2_title','Headquarters',NULL,NULL),(65,'theme-martfury-contact_info_box_2_subtitle','17 Queen St, Southbank, Melbourne 10560, Australia',NULL,NULL),(66,'theme-martfury-contact_info_box_2_details','',NULL,NULL),(67,'theme-martfury-contact_info_box_3_title','Work With Us',NULL,NULL),(68,'theme-martfury-contact_info_box_3_subtitle','Send your CV to our email:',NULL,NULL),(69,'theme-martfury-contact_info_box_3_details','career@martfury.com',NULL,NULL),(70,'theme-martfury-contact_info_box_4_title','Customer Service',NULL,NULL),(71,'theme-martfury-contact_info_box_4_subtitle','customercare@martfury.com',NULL,NULL),(72,'theme-martfury-contact_info_box_4_details','(800) 843-2446',NULL,NULL),(73,'theme-martfury-contact_info_box_5_title','Media Relations',NULL,NULL),(74,'theme-martfury-contact_info_box_5_subtitle','media@martfury.com',NULL,NULL),(75,'theme-martfury-contact_info_box_5_details','(801) 947-3564',NULL,NULL),(76,'theme-martfury-contact_info_box_6_title','Vendor Support',NULL,NULL),(77,'theme-martfury-contact_info_box_6_subtitle','vendorsupport@martfury.com',NULL,NULL),(78,'theme-martfury-contact_info_box_6_details','(801) 947-3100',NULL,NULL),(79,'theme-martfury-social-name-1','Facebook',NULL,NULL),(80,'theme-martfury-social-url-1','https://www.facebook.com/',NULL,NULL),(81,'theme-martfury-social-icon-1','fa-facebook',NULL,NULL),(82,'theme-martfury-social-color-1','#3b5999',NULL,NULL),(83,'theme-martfury-social-name-2','Twitter',NULL,NULL),(84,'theme-martfury-social-url-2','https://www.twitter.com/',NULL,NULL),(85,'theme-martfury-social-icon-2','fa-twitter',NULL,NULL),(86,'theme-martfury-social-color-2','#55ACF9',NULL,NULL),(87,'theme-martfury-social-name-3','Instagram',NULL,NULL),(88,'theme-martfury-social-url-3','https://www.instagram.com/',NULL,NULL),(89,'theme-martfury-social-icon-3','fa-instagram',NULL,NULL),(90,'theme-martfury-social-color-3','#E1306C',NULL,NULL),(91,'theme-martfury-social-name-4','Youtube',NULL,NULL),(92,'theme-martfury-social-url-4','https://www.youtube.com/',NULL,NULL),(93,'theme-martfury-social-icon-4','fa-youtube',NULL,NULL),(94,'theme-martfury-social-color-4','#FF0000',NULL,NULL);

--
-- Table structure for table `simple_slider_items`
--

CREATE TABLE `simple_slider_items` (
  `id` bigint(20) unsigned NOT NULL AUTO_INCREMENT,
  `simple_slider_id` int(10) unsigned NOT NULL,
  `title` varchar(255) COLLATE utf8mb4_unicode_ci DEFAULT NULL,
  `image` varchar(255) COLLATE utf8mb4_unicode_ci NOT NULL,
  `link` varchar(255) COLLATE utf8mb4_unicode_ci DEFAULT NULL,
  `description` text COLLATE utf8mb4_unicode_ci,
  `order` int(10) unsigned NOT NULL DEFAULT '0',
  `created_at` timestamp NULL DEFAULT NULL,
  `updated_at` timestamp NULL DEFAULT NULL,
  PRIMARY KEY (`id`)
) ENGINE=InnoDB AUTO_INCREMENT=4 DEFAULT CHARSET=utf8mb4 COLLATE=utf8mb4_unicode_ci;

--
-- Dumping data for table `simple_slider_items`
--

INSERT INTO `simple_slider_items` VALUES (1,1,'Slider 1','sliders/1.jpg','/products',NULL,1,'2021-05-03 01:53:43','2021-05-03 01:53:43'),(2,1,'Slider 2','sliders/2.jpg','/products',NULL,2,'2021-05-03 01:53:43','2021-05-03 01:53:43'),(3,1,'Slider 3','sliders/3.jpg','/products',NULL,3,'2021-05-03 01:53:43','2021-05-03 01:53:43');

--
-- Table structure for table `tags`
--

CREATE TABLE `tags` (
  `id` bigint(20) unsigned NOT NULL AUTO_INCREMENT,
  `name` varchar(120) COLLATE utf8mb4_unicode_ci NOT NULL,
  `author_id` int(11) NOT NULL,
  `author_type` varchar(255) COLLATE utf8mb4_unicode_ci NOT NULL DEFAULT 'Botble\\ACL\\Models\\User',
  `description` varchar(400) COLLATE utf8mb4_unicode_ci DEFAULT '',
  `status` varchar(60) COLLATE utf8mb4_unicode_ci NOT NULL DEFAULT 'published',
  `created_at` timestamp NULL DEFAULT NULL,
  `updated_at` timestamp NULL DEFAULT NULL,
  PRIMARY KEY (`id`)
) ENGINE=InnoDB AUTO_INCREMENT=6 DEFAULT CHARSET=utf8mb4 COLLATE=utf8mb4_unicode_ci;

--
-- Dumping data for table `tags`
--

INSERT INTO `tags` VALUES (1,'General',1,'Botble\\ACL\\Models\\User','','published','2021-05-03 01:53:42','2021-05-03 01:53:42'),(2,'Design',1,'Botble\\ACL\\Models\\User','','published','2021-05-03 01:53:42','2021-05-03 01:53:42'),(3,'Jquery',1,'Botble\\ACL\\Models\\User','','published','2021-05-03 01:53:42','2021-05-03 01:53:42'),(4,'Branding',1,'Botble\\ACL\\Models\\User','','published','2021-05-03 01:53:42','2021-05-03 01:53:42'),(5,'Modern',1,'Botble\\ACL\\Models\\User','','published','2021-05-03 01:53:42','2021-05-03 01:53:42');

--
-- Table structure for table `translations`
--

CREATE TABLE `translations` (
  `id` bigint(20) unsigned NOT NULL AUTO_INCREMENT,
  `status` int(11) NOT NULL DEFAULT '0',
  `locale` varchar(191) COLLATE utf8mb4_unicode_ci NOT NULL,
  `group` varchar(191) COLLATE utf8mb4_unicode_ci NOT NULL,
  `key` varchar(191) COLLATE utf8mb4_unicode_ci NOT NULL,
  `value` text COLLATE utf8mb4_unicode_ci,
  `created_at` timestamp NULL DEFAULT NULL,
  `updated_at` timestamp NULL DEFAULT NULL,
  PRIMARY KEY (`id`)
) ENGINE=InnoDB AUTO_INCREMENT=3948 DEFAULT CHARSET=utf8mb4 COLLATE=utf8mb4_unicode_ci;

--
-- Dumping data for table `translations`
--



--
-- Table structure for table `user_meta`
--

CREATE TABLE `user_meta` (
  `id` bigint(20) unsigned NOT NULL AUTO_INCREMENT,
  `key` varchar(191) COLLATE utf8mb4_unicode_ci DEFAULT NULL,
  `value` varchar(191) COLLATE utf8mb4_unicode_ci DEFAULT NULL,
  `user_id` int(10) unsigned NOT NULL,
  `created_at` timestamp NULL DEFAULT NULL,
  `updated_at` timestamp NULL DEFAULT NULL,
  PRIMARY KEY (`id`),
  KEY `user_meta_user_id_index` (`user_id`)
) ENGINE=InnoDB DEFAULT CHARSET=utf8mb4 COLLATE=utf8mb4_unicode_ci;

--
-- Dumping data for table `user_meta`
--


--
-- Table structure for table `widgets`
--

CREATE TABLE `widgets` (
  `id` bigint(20) unsigned NOT NULL AUTO_INCREMENT,
  `widget_id` varchar(120) COLLATE utf8mb4_unicode_ci NOT NULL,
  `sidebar_id` varchar(120) COLLATE utf8mb4_unicode_ci NOT NULL,
  `theme` varchar(120) COLLATE utf8mb4_unicode_ci NOT NULL,
  `position` tinyint(3) unsigned NOT NULL DEFAULT '0',
  `data` text COLLATE utf8mb4_unicode_ci,
  `created_at` timestamp NULL DEFAULT NULL,
  `updated_at` timestamp NULL DEFAULT NULL,
  PRIMARY KEY (`id`)
) ENGINE=InnoDB AUTO_INCREMENT=13 DEFAULT CHARSET=utf8mb4 COLLATE=utf8mb4_unicode_ci;

--
-- Dumping data for table `widgets`
--

INSERT INTO `widgets` VALUES (1,'CustomMenuWidget','footer_sidebar','martfury',1,'{\"id\":\"CustomMenuWidget\",\"name\":\"Quick links\",\"menu_id\":\"quick-links\"}','2021-05-03 01:53:48','2021-05-03 01:53:48'),(2,'CustomMenuWidget','footer_sidebar','martfury',2,'{\"id\":\"CustomMenuWidget\",\"name\":\"Company\",\"menu_id\":\"company\"}','2021-05-03 01:53:48','2021-05-03 01:53:48'),(3,'CustomMenuWidget','footer_sidebar','martfury',3,'{\"id\":\"CustomMenuWidget\",\"name\":\"Business\",\"menu_id\":\"business\"}','2021-05-03 01:53:48','2021-05-03 01:53:48'),(4,'BlogSearchWidget','primary_sidebar','martfury',1,'{\"id\":\"BlogSearchWidget\",\"name\":\"Search\"}','2021-05-03 01:53:48','2021-05-03 01:53:48'),(5,'BlogCategoriesWidget','primary_sidebar','martfury',2,'{\"id\":\"BlogCategoriesWidget\",\"name\":\"Categories\"}','2021-05-03 01:53:48','2021-05-03 01:53:48'),(6,'RecentPostsWidget','primary_sidebar','martfury',3,'{\"id\":\"RecentPostsWidget\",\"name\":\"Recent Posts\"}','2021-05-03 01:53:48','2021-05-03 01:53:48'),(7,'TagsWidget','primary_sidebar','martfury',4,'{\"id\":\"TagsWidget\",\"name\":\"Popular Tags\"}','2021-05-03 01:53:48','2021-05-03 01:53:48'),(8,'ProductCategoriesWidget','bottom_footer_sidebar','martfury',1,'{\"id\":\"ProductCategoriesWidget\",\"name\":\"Consumer Electric\",\"categories\":[18,2,3,4,5,6,7]}','2021-05-03 01:53:48','2021-05-03 01:53:48'),(9,'ProductCategoriesWidget','bottom_footer_sidebar','martfury',2,'{\"id\":\"ProductCategoriesWidget\",\"name\":\"Clothing & Apparel\",\"categories\":[8,9,10,11,12]}','2021-05-03 01:53:48','2021-05-03 01:53:48'),(10,'ProductCategoriesWidget','bottom_footer_sidebar','martfury',3,'{\"id\":\"ProductCategoriesWidget\",\"name\":\"Home, Garden & Kitchen\",\"categories\":[13,14,15,16,17]}','2021-05-03 01:53:48','2021-05-03 01:53:48'),(11,'ProductCategoriesWidget','bottom_footer_sidebar','martfury',4,'{\"id\":\"ProductCategoriesWidget\",\"name\":\"Health & Beauty\",\"categories\":[20,21,22,23,24]}','2021-05-03 01:53:48','2021-05-03 01:53:48'),(12,'ProductCategoriesWidget','bottom_footer_sidebar','martfury',5,'{\"id\":\"ProductCategoriesWidget\",\"name\":\"Computer & Technologies\",\"categories\":[25,26,27,28,29,19]}','2021-05-03 01:53:48','2021-05-03 01:53:48');


